{"id":8702,"date":"2022-07-19T14:55:35","date_gmt":"2022-07-19T12:55:35","guid":{"rendered":"https:\/\/projectes.xtec.cat\/digital\/?page_id=8702"},"modified":"2025-10-04T10:47:01","modified_gmt":"2025-10-04T08:47:01","slug":"portals-de-recursos","status":"publish","type":"page","link":"https:\/\/projectes.xtec.cat\/digital\/portals-de-recursos\/","title":{"rendered":"Portals de recursos"},"content":{"rendered":"\n<div class=\"wp-block-columns alignwide is-layout-flex wp-container-core-columns-is-layout-1 wp-block-columns-is-layout-flex\">\n<div class=\"wp-block-column caixa is-layout-flow wp-block-column-is-layout-flow\">\n<h2 class=\"wp-block-heading\">XTEC<\/h2>\n\n\n\n<figure class=\"wp-block-image alignleft size-large\"><a href=\"https:\/\/projectes.xtec.cat\/digital\/wp-content\/uploads\/usu2317\/2022\/07\/xtec2.png\"><img loading=\"lazy\" decoding=\"async\" width=\"72\" height=\"63\" src=\"https:\/\/projectes.xtec.cat\/digital\/wp-content\/uploads\/usu2317\/2022\/07\/xtec2.png\" alt=\"\" class=\"wp-image-8775\"\/><\/a><\/figure>\n\n\n\n<p><a href=\"https:\/\/xtec.gencat.cat\/ca\/inici\" data-type=\"URL\" data-id=\"https:\/\/xtec.gencat.cat\/ca\/inici\" target=\"_blank\" rel=\"noreferrer noopener\"><strong>XTEC<\/strong><\/a> \u00e9s el portal de refer\u00e8ncia pels docents de Catalunya amb not\u00edcies, agenda d&#8217;esdeveniments i recursos amb un enfocament pedag\u00f2gic.<\/p>\n\n\n\n<p class=\"digital-item\"><a href=\"https:\/\/xtec.gencat.cat\/ca\/at_usuari\/lamevaxtec\/\">La meva XTEC<\/a><br>Correu XTEC i serveis associats <\/p>\n\n\n\n<p class=\"digital-item\"><a href=\"https:\/\/www.youtube.com\/channel\/UCLsDWVSYhjFYweT-LFbIbwA\/\">Centres en l\u00ednia<\/a><br>Canal de Youtube<\/p>\n<\/div>\n\n\n\n<div class=\"wp-block-column caixa-link is-layout-flow wp-block-column-is-layout-flow\" id=\"https:\/\/www.edu365.cat\/\">\n<h2 class=\"wp-block-heading\">Edu365<\/h2>\n\n\n\n<figure class=\"wp-block-image alignleft size-large is-resized\"><a href=\"https:\/\/projectes.xtec.cat\/digital\/wp-content\/uploads\/usu2317\/2022\/07\/edu_logo-e1658064339765.png\"><img loading=\"lazy\" decoding=\"async\" width=\"106\" height=\"80\" src=\"https:\/\/projectes.xtec.cat\/digital\/wp-content\/uploads\/usu2317\/2022\/07\/edu_logo-e1658064339765.png\" alt=\"\" class=\"wp-image-8479\" style=\"width:80px;height:60px\"\/><\/a><\/figure>\n\n\n\n<p style=\"font-size:15px\">Molt popular als centres educatius, especialment d&#8217;infantil i prim\u00e0ria, Edu365 proposa de recursos digitals, webs i interactius  seleccionats per la seva qualitat, vincle amb l&#8217;actualitat o relaci\u00f3 amb dates assenyalades (Nadal, Castanyada, Sant Jordi, etc). Tamb\u00e9 es publiquen c\u00e0psules en format v\u00eddeo i jocs interactius de producci\u00f3 pr\u00f2pia. <\/p>\n<\/div>\n\n\n\n<div class=\"wp-block-column caixa-link is-layout-flow wp-block-column-is-layout-flow\" id=\"https:\/\/alexandria.xtec.cat\/\">\n<h2 class=\"wp-block-heading\">Alexandria<\/h2>\n\n\n\n<figure class=\"wp-block-image alignleft size-large is-resized\"><a href=\"https:\/\/projectes.xtec.cat\/digital\/wp-content\/uploads\/usu2317\/2022\/07\/ICONO_ALEXANDRIA-1.png\"><img loading=\"lazy\" decoding=\"async\" width=\"395\" height=\"366\" src=\"https:\/\/projectes.xtec.cat\/digital\/wp-content\/uploads\/usu2317\/2022\/07\/ICONO_ALEXANDRIA-1.png\" alt=\"\" class=\"wp-image-8767\" style=\"width:70px;height:70px\" srcset=\"https:\/\/projectes.xtec.cat\/digital\/wp-content\/uploads\/usu2317\/2022\/07\/ICONO_ALEXANDRIA-1.png 395w, https:\/\/projectes.xtec.cat\/digital\/wp-content\/uploads\/usu2317\/2022\/07\/ICONO_ALEXANDRIA-1-300x278.png 300w\" sizes=\"auto, (max-width: 395px) 100vw, 395px\" \/><\/a><\/figure>\n\n\n\n<p class=\"has-text-align-left\">Alexandria \u00e9s una gran biblioteca de recursos educatius digitals creats i seleccionats per docents de diverses \u00e0rees i nivells educatius, organitzats en aules virtuals que es poden traslladar directament a l&#8217;espai Moodle del vostre centre per adaptar-les i comen\u00e7ar a utilitzar-les amb els alumnes.<\/p>\n<\/div>\n<\/div>\n\n\n\n<div style=\"height:8px\" aria-hidden=\"true\" class=\"wp-block-spacer\"><\/div>\n\n\n\n<div class=\"wp-block-columns alignwide is-layout-flex wp-container-core-columns-is-layout-2 wp-block-columns-is-layout-flex\">\n<div class=\"wp-block-column caixa-link is-layout-flow wp-block-column-is-layout-flow\" id=\"https:\/\/toolbox.mobileworldcapital.com\/\">\n<h2 class=\"wp-block-heading\">Toolbox<\/h2>\n\n\n\n<figure class=\"wp-block-image alignleft size-large is-resized\"><a href=\"https:\/\/projectes.xtec.cat\/digital\/wp-content\/uploads\/usu2317\/2022\/07\/toolbox-1.png\"><img loading=\"lazy\" decoding=\"async\" width=\"110\" height=\"79\" src=\"https:\/\/projectes.xtec.cat\/digital\/wp-content\/uploads\/usu2317\/2022\/07\/toolbox-1.png\" alt=\"\" class=\"wp-image-8773\" style=\"width:83px;height:59px\"\/><\/a><\/figure>\n\n\n\n<p>Repositori d&#8217;Apps educatives validades per docents. Inclou experi\u00e8ncies did\u00e0ctiques a l&#8217;aula.<\/p>\n<\/div>\n\n\n\n<div class=\"wp-block-column caixa-link is-layout-flow wp-block-column-is-layout-flow\" style=\"flex-basis:31.5%\" id=\"https:\/\/clic.xtec.cat\/repo\/\">\n<h2 class=\"wp-block-heading\">JClic<\/h2>\n\n\n\n<figure class=\"wp-block-image alignleft size-large is-resized\"><img loading=\"lazy\" decoding=\"async\" width=\"69\" height=\"74\" src=\"https:\/\/projectes.xtec.cat\/digital\/wp-content\/uploads\/usu2317\/2022\/07\/jclic.png\" alt=\"\" class=\"wp-image-8753\" style=\"width:69px;height:74px\"\/><\/figure>\n\n\n\n<p>El JClic \u00e9s un entorn per a la creaci\u00f3, realitzaci\u00f3 i avaluaci\u00f3 d&#8217;activitats educatives multim\u00e8dia. \u00c9s una aplicaci\u00f3 de programari lliure basada en est\u00e0ndards oberts que funciona en diversos entorns operatius: Linux, Mac, Android i Windows.<\/p>\n<\/div>\n\n\n\n<div class=\"wp-block-column caixa-link is-layout-flow wp-block-column-is-layout-flow\" id=\"https:\/\/merli.xtec.cat\/merli\/cerca\/directoriInicial.jsp\">\n<h2 class=\"wp-block-heading\" id=\"https:\/\/projectes.xtec.cat\/exelearning\">Merl\u00ed<\/h2>\n\n\n\n<figure class=\"wp-block-image alignleft size-large is-resized\"><a href=\"https:\/\/projectes.xtec.cat\/digital\/wp-content\/uploads\/usu2317\/2022\/07\/merli.png\"><img loading=\"lazy\" decoding=\"async\" width=\"40\" height=\"33\" src=\"https:\/\/projectes.xtec.cat\/digital\/wp-content\/uploads\/usu2317\/2022\/07\/merli.png\" alt=\"\" class=\"wp-image-9020\" style=\"width:52px;height:43px\"\/><\/a><\/figure>\n\n\n\n<p>Cat\u00e0leg de recursos educatius digitals desenvolupat pel Departament d&#8217;Ensenyament amb l&#8217;objectiu de proporcionar a la comunitat educativa un entorn de catalogaci\u00f3, indexaci\u00f3 i cerca de materials did\u00e0ctics.<\/p>\n<\/div>\n<\/div>\n\n\n\n<div style=\"height:12px\" aria-hidden=\"true\" class=\"wp-block-spacer\"><\/div>\n\n\n\n<div class=\"wp-block-columns alignwide is-layout-flex wp-container-core-columns-is-layout-3 wp-block-columns-is-layout-flex\">\n<div class=\"wp-block-column caixa-link is-layout-flow wp-block-column-is-layout-flow\" id=\"https:\/\/apliense.xtec.cat\/arc\/\">\n<h2 class=\"wp-block-heading\">ARC<\/h2>\n\n\n\n<figure class=\"wp-block-image alignleft size-large is-resized\"><a href=\"https:\/\/projectes.xtec.cat\/digital\/wp-content\/uploads\/usu2317\/2022\/07\/arc_web.png\"><img loading=\"lazy\" decoding=\"async\" width=\"111\" height=\"53\" src=\"https:\/\/projectes.xtec.cat\/digital\/wp-content\/uploads\/usu2317\/2022\/07\/arc_web.png\" alt=\"\" class=\"wp-image-9022\" style=\"width:83px;height:40px\"\/><\/a><\/figure>\n\n\n\n<p>L\u2019ARC \u00e9s un espai al servei dels mestres i del professorat per compartir propostes docents de qualitat associades a les compet\u00e8ncies b\u00e0siques i al curr\u00edculum.<\/p>\n<\/div>\n\n\n\n<div class=\"wp-block-column caixa-link is-layout-flow wp-block-column-is-layout-flow\" style=\"flex-basis:31.5%\" id=\"https:\/\/projectes.xtec.cat\/exelearning\">\n<h2 class=\"wp-block-heading\">Exelearning<\/h2>\n\n\n\n<figure class=\"wp-block-image alignleft size-large is-resized\"><img loading=\"lazy\" decoding=\"async\" width=\"100\" height=\"90\" src=\"https:\/\/projectes.xtec.cat\/digital\/wp-content\/uploads\/usu2317\/2022\/07\/exelearning_155.png\" alt=\"logo exelearning\" class=\"wp-image-8751\" style=\"width:88px;height:79px\"\/><\/figure>\n\n\n\n<p>Editor de recursos educatius interactius gratu\u00eft i de codi obert. Els recursos creats amb ExeLearning poden exportar-se en diferents formats: IMS, SCORM\u2026 i tamb\u00e9 com a p\u00e0gines web navegables.<\/p>\n<\/div>\n\n\n\n<div class=\"wp-block-column caixa-link is-layout-flow wp-block-column-is-layout-flow\" id=\"https:\/\/sinapsi.xtec.cat\/ca\/\">\n<h2 class=\"wp-block-heading\">Sinapsi<\/h2>\n\n\n\n<p>Indexador de tots els articles que es publiquen en els webs dels centres educatius que utilitzen tecnologia Nodes o WordPress. <\/p>\n<\/div>\n<\/div>\n\n\n\n<div style=\"height:50px\" aria-hidden=\"true\" class=\"wp-block-spacer\"><\/div>\n\n\n\n<h3 class=\"wp-block-heading alignwide\">M\u00e9s portals<\/h3>\n\n\n\n<div class=\"wp-block-columns alignwide is-layout-flex wp-container-core-columns-is-layout-4 wp-block-columns-is-layout-flex\">\n<div class=\"wp-block-column is-layout-flow wp-block-column-is-layout-flow\">\n<p class=\"digital-item has-normal-font-size\"><strong><a href=\"https:\/\/educacio.gencat.cat\/ca\/inici\/\" data-type=\"URL\" data-id=\"https:\/\/educacio.gencat.cat\/ca\/inici\/\">Gencat Educaci\u00f3<\/a><\/strong><br>A difer\u00e8ncia d&#8217;XTEC, aquest portal se centra en el funcionament del Departament d&#8217;Educaci\u00f3 i dels centres (calendari escolar, borsa de treball, convocat\u00f2ries, etc.)<\/p>\n\n\n\n<p class=\"digital-item\"><strong><a rel=\"noreferrer noopener\" href=\"https:\/\/atriportal.gencat.cat\/\" data-type=\"URL\" data-id=\"https:\/\/atriportal.gencat.cat\/\" target=\"_blank\">ATRI<\/a><\/strong><br>Portal per a la gesti\u00f3 laboral de tots els empleats\/ades de la Generalitat de Catalunya, incloses els docents. Amb ATRI podeu consultar la n\u00f2mina, les taules retributives, canviar les dades banc\u00e0ries, tramitar dietes, etc.<\/p>\n<\/div>\n\n\n\n<div class=\"wp-block-column is-layout-flow wp-block-column-is-layout-flow\">\n<p class=\"digital-item has-normal-font-size\"><a rel=\"noreferrer noopener\" href=\"https:\/\/inici.espai.educacio.gencat.cat\/\" data-type=\"URL\" data-id=\"https:\/\/inici.espai.educacio.gencat.cat\/\" target=\"_blank\"><strong>Portal de centre<\/strong><\/a><br>Informaci\u00f3 de gesti\u00f3, de car\u00e0cter administratiu relacionada amb els centres educatius i el col\u00b7lectiu docent. <\/p>\n\n\n\n<p class=\"digital-item\"><a rel=\"noreferrer noopener\" href=\"https:\/\/repositori.educacio.gencat.cat\/\" target=\"_blank\" data-type=\"URL\" data-id=\"https:\/\/repositori.educacio.gencat.cat\/\"><strong>RDE (Repositori digital d&#8217;Educaci\u00f3)<\/strong><\/a><br>Eina que preserva, difon i garanteix l\u2019acc\u00e9s obert a les publicacions que s\u00f3n fruit del treball de la instituci\u00f3, per conservar-ne el coneixement i la mem\u00f2ria corporativa.<\/p>\n<\/div>\n<\/div>\n\n\n\n<div style=\"height:50px\" aria-hidden=\"true\" class=\"wp-block-spacer\"><\/div>\n","protected":false},"excerpt":{"rendered":"<p>XTEC XTEC \u00e9s el portal de refer\u00e8ncia pels docents de Catalunya amb not\u00edcies, agenda d&#8217;esdeveniments i recursos amb un enfocament pedag\u00f2gic. La meva XTECCorreu XTEC i serveis associats Centres en l\u00edniaCanal de Youtube Edu365 Molt popular als centres educatius, especialment d&#8217;infantil i prim\u00e0ria, Edu365 proposa de recursos digitals, webs i interactius seleccionats per la seva [&hellip;]<\/p>\n","protected":false},"author":2,"featured_media":0,"parent":0,"menu_order":0,"comment_status":"closed","ping_status":"closed","template":"","meta":{"site-sidebar-layout":"no-sidebar","site-content-layout":"page-builder","ast-site-content-layout":"full-width-container","site-content-style":"unboxed","site-sidebar-style":"unboxed","ast-global-header-display":"","ast-banner-title-visibility":"","ast-main-header-display":"","ast-hfb-above-header-display":"","ast-hfb-below-header-display":"","ast-hfb-mobile-header-display":"","site-post-title":"","ast-breadcrumbs-content":"","ast-featured-img":"","footer-sml-layout":"","theme-transparent-header-meta":"default","adv-header-id-meta":"","stick-header-meta":"default","header-above-stick-meta":"","header-main-stick-meta":"","header-below-stick-meta":"","astra-migrate-meta-layouts":"set","ast-page-background-enabled":"default","ast-page-background-meta":{"desktop":{"background-color":"var(--ast-global-color-4)","background-image":"","background-repeat":"repeat","background-position":"center center","background-size":"auto","background-attachment":"scroll","background-type":"","background-media":"","overlay-type":"","overlay-color":"","overlay-opacity":"","overlay-gradient":""},"tablet":{"background-color":"","background-image":"","background-repeat":"repeat","background-position":"center center","background-size":"auto","background-attachment":"scroll","background-type":"","background-media":"","overlay-type":"","overlay-color":"","overlay-opacity":"","overlay-gradient":""},"mobile":{"background-color":"","background-image":"","background-repeat":"repeat","background-position":"center center","background-size":"auto","background-attachment":"scroll","background-type":"","background-media":"","overlay-type":"","overlay-color":"","overlay-opacity":"","overlay-gradient":""}},"ast-content-background-meta":{"desktop":{"background-color":"var(--ast-global-color-5)","background-image":"","background-repeat":"repeat","background-position":"center center","background-size":"auto","background-attachment":"scroll","background-type":"","background-media":"","overlay-type":"","overlay-color":"","overlay-opacity":"","overlay-gradient":""},"tablet":{"background-color":"var(--ast-global-color-5)","background-image":"","background-repeat":"repeat","background-position":"center center","background-size":"auto","background-attachment":"scroll","background-type":"","background-media":"","overlay-type":"","overlay-color":"","overlay-opacity":"","overlay-gradient":""},"mobile":{"background-color":"var(--ast-global-color-5)","background-image":"","background-repeat":"repeat","background-position":"center center","background-size":"auto","background-attachment":"scroll","background-type":"","background-media":"","overlay-type":"","overlay-color":"","overlay-opacity":"","overlay-gradient":""}},"footnotes":""},"class_list":["post-8702","page","type-page","status-publish","hentry"],"post_mailing_queue_ids":[],"_links":{"self":[{"href":"https:\/\/projectes.xtec.cat\/digital\/wp-json\/wp\/v2\/pages\/8702","targetHints":{"allow":["GET"]}}],"collection":[{"href":"https:\/\/projectes.xtec.cat\/digital\/wp-json\/wp\/v2\/pages"}],"about":[{"href":"https:\/\/projectes.xtec.cat\/digital\/wp-json\/wp\/v2\/types\/page"}],"author":[{"embeddable":true,"href":"https:\/\/projectes.xtec.cat\/digital\/wp-json\/wp\/v2\/users\/2"}],"replies":[{"embeddable":true,"href":"https:\/\/projectes.xtec.cat\/digital\/wp-json\/wp\/v2\/comments?post=8702"}],"version-history":[{"count":6,"href":"https:\/\/projectes.xtec.cat\/digital\/wp-json\/wp\/v2\/pages\/8702\/revisions"}],"predecessor-version":[{"id":37669,"href":"https:\/\/projectes.xtec.cat\/digital\/wp-json\/wp\/v2\/pages\/8702\/revisions\/37669"}],"wp:attachment":[{"href":"https:\/\/projectes.xtec.cat\/digital\/wp-json\/wp\/v2\/media?parent=8702"}],"curies":[{"name":"wp","href":"https:\/\/api.w.org\/{rel}","templated":true}]}}