{"id":8706,"date":"2022-07-19T14:58:52","date_gmt":"2022-07-19T12:58:52","guid":{"rendered":"https:\/\/projectes.xtec.cat\/digital\/?page_id=8706"},"modified":"2025-11-29T16:21:18","modified_gmt":"2025-11-29T15:21:18","slug":"serveis-digitals","status":"publish","type":"page","link":"https:\/\/projectes.xtec.cat\/digital\/serveis-digitals\/","title":{"rendered":"Serveis digitals"},"content":{"rendered":"\n<div class=\"wp-block-getwid-section alignfull alignfull\"><div class=\"wp-block-getwid-section__wrapper\"><div class=\"wp-block-getwid-section__inner-wrapper\"><div class=\"wp-block-getwid-section__background-holder\"><div class=\"wp-block-getwid-section__background\"><\/div><div class=\"wp-block-getwid-section__foreground\"><\/div><\/div><div class=\"wp-block-getwid-section__content\"><div class=\"wp-block-getwid-section__inner-content\">\n<div class=\"wp-block-columns alignwide is-layout-flex wp-container-core-columns-is-layout-1 wp-block-columns-is-layout-flex\">\n<div class=\"wp-block-column is-layout-flow wp-block-column-is-layout-flow\">\n<p>Podem distingir <strong>dos grups de serveis digitals<\/strong> oferts pel Departament d&#8217;Educaci\u00f3 i Formaci\u00f3 Professional: els destinats al funcionament dels <strong>centres<\/strong> (on diferents docents i altres actors intervenen) i els serveis digitals d&#8217;\u00fas <strong>personal<\/strong> pels docents.<\/p>\n<\/div>\n<\/div>\n<\/div><\/div><\/div><\/div><\/div>\n\n\n\n<div style=\"height:20px\" aria-hidden=\"true\" class=\"wp-block-spacer\"><\/div>\n\n\n\n<div class=\"wp-block-getwid-section alignfull alignfull\"><div class=\"wp-block-getwid-section__wrapper\"><div class=\"wp-block-getwid-section__inner-wrapper\"><div class=\"wp-block-getwid-section__background-holder\"><div class=\"wp-block-getwid-section__background\"><\/div><div class=\"wp-block-getwid-section__foreground\"><\/div><\/div><div class=\"wp-block-getwid-section__content\"><div class=\"wp-block-getwid-section__inner-content\">\n<h2 class=\"wp-block-heading\">Serveis digitals de centre<\/h2>\n\n\n\n<div class=\"wp-block-columns alignwide is-layout-flex wp-container-core-columns-is-layout-6 wp-block-columns-is-layout-flex\">\n<div class=\"wp-block-column is-layout-flow wp-block-column-is-layout-flow\">\n<h3 class=\"wp-block-heading\">Aula virtual<\/h3>\n\n\n\n<div class=\"wp-block-columns is-layout-flex wp-container-core-columns-is-layout-2 wp-block-columns-is-layout-flex\">\n<div class=\"wp-block-column caixa-link is-layout-flow wp-block-column-is-layout-flow\" id=\"https:\/\/educaciodigital.cat\/moodle\/moodle\/\">\n<figure class=\"wp-block-image alignleft size-large is-resized\"><img loading=\"lazy\" decoding=\"async\" width=\"395\" height=\"366\" src=\"https:\/\/projectes.xtec.cat\/digital\/wp-content\/uploads\/usu2317\/2022\/07\/ICONO_ALEXANDRIA-1.png\" alt=\"\" class=\"wp-image-8767\" style=\"aspect-ratio:1.0792349726775956;width:88px;height:auto\" srcset=\"https:\/\/projectes.xtec.cat\/digital\/wp-content\/uploads\/usu2317\/2022\/07\/ICONO_ALEXANDRIA-1.png 395w, https:\/\/projectes.xtec.cat\/digital\/wp-content\/uploads\/usu2317\/2022\/07\/ICONO_ALEXANDRIA-1-300x278.png 300w\" sizes=\"auto, (max-width: 395px) 100vw, 395px\" \/><\/figure>\n\n\n\n<p style=\"font-size:15px\"><strong>\u00c0gora-Moodle<\/strong> \u00e9s l&#8217;entorn virtual d&#8217;aprenentatge, basat en&nbsp;el programari lliure Moodle, proposat pel Departament d&#8217;Educaci\u00f3. Alta disponibilitat i c\u00f2pies de seguretat autom\u00e0tiques que descarreguen al centre del manteniment i securitzaci\u00f3 de la plataforma.  <\/p>\n\n\n\n<p style=\"font-size:15px\">Soluci\u00f3 adoptada per m\u00e9s de <strong>2.400<\/strong> centres educatius a Catalunya. <\/p>\n<\/div>\n<\/div>\n\n\n\n<div class=\"wp-block-columns is-layout-flex wp-container-core-columns-is-layout-3 wp-block-columns-is-layout-flex\">\n<div class=\"wp-block-column caixa-link is-layout-flow wp-block-column-is-layout-flow\" id=\"https:\/\/alexandria.xtec.cat\/\">\n<p style=\"font-size:15px\"><strong>Alexandria<\/strong><br>Repositori de cursos Moodle creats per docents<\/p>\n<\/div>\n<\/div>\n<\/div>\n\n\n\n<div class=\"wp-block-column is-layout-flow wp-block-column-is-layout-flow\">\n<h3 class=\"wp-block-heading\">Web de centre<\/h3>\n\n\n\n<div class=\"wp-block-columns is-layout-flex wp-container-core-columns-is-layout-4 wp-block-columns-is-layout-flex\">\n<div class=\"wp-block-column caixa-link is-layout-flow wp-block-column-is-layout-flow\" id=\"https:\/\/projectes.xtec.cat\/digital\/serveis-digitals\/nodes\/\">\n<figure class=\"wp-block-image alignleft size-large is-resized\"><img loading=\"lazy\" decoding=\"async\" width=\"240\" height=\"240\" src=\"https:\/\/projectes.xtec.cat\/digital\/wp-content\/uploads\/usu2317\/2022\/07\/nodes.png\" alt=\"\" class=\"wp-image-8425\" style=\"aspect-ratio:1;width:91px;height:auto\" srcset=\"https:\/\/projectes.xtec.cat\/digital\/wp-content\/uploads\/usu2317\/2022\/07\/nodes.png 240w, https:\/\/projectes.xtec.cat\/digital\/wp-content\/uploads\/usu2317\/2022\/07\/nodes-150x150.png 150w\" sizes=\"auto, (max-width: 240px) 100vw, 240px\" \/><\/figure>\n\n\n\n<p style=\"font-size:15px\"><strong>Nodes<\/strong> \u00e9s la plataforma, basada en&nbsp;el programari lliure WordPress, que permet als centres educatius implementar la seva web. Amb un disseny corporatiu i extensions ajustades a les necessitats dels centres.  <\/p>\n\n\n\n<p style=\"font-size:15px\">Soluci\u00f3 adoptada per m\u00e9s de <strong>2.500<\/strong> centres educatius a Catalunya.<\/p>\n<\/div>\n<\/div>\n\n\n\n<div class=\"wp-block-columns is-layout-flex wp-container-core-columns-is-layout-5 wp-block-columns-is-layout-flex\">\n<div class=\"wp-block-column caixa-link is-layout-flow wp-block-column-is-layout-flow\" id=\"https:\/\/sinapsi.xtec.cat\/\">\n<p style=\"font-size:15px\"><strong>Sinapsi<\/strong><br>Cercador de not\u00edcies en els Nodes dels centres<\/p>\n<\/div>\n<\/div>\n<\/div>\n\n\n\n<div class=\"wp-block-column caixa-link is-layout-flow wp-block-column-is-layout-flow\" style=\"flex-basis:25%\" id=\"http:\/\/projectes.xtec.cat\/linkat\">\n<h3 class=\"wp-block-heading\">Linkat<\/h3>\n\n\n\n<figure class=\"wp-block-image alignleft size-large is-resized\"><img loading=\"lazy\" decoding=\"async\" width=\"200\" height=\"200\" src=\"https:\/\/projectes.xtec.cat\/digital\/wp-content\/uploads\/usu2317\/2022\/07\/linux-v1.png\" alt=\"\" class=\"wp-image-8757\" style=\"aspect-ratio:1;width:111px;height:auto\" srcset=\"https:\/\/projectes.xtec.cat\/digital\/wp-content\/uploads\/usu2317\/2022\/07\/linux-v1.png 200w, https:\/\/projectes.xtec.cat\/digital\/wp-content\/uploads\/usu2317\/2022\/07\/linux-v1-150x150.png 150w\" sizes=\"auto, (max-width: 200px) 100vw, 200px\" \/><\/figure>\n\n\n\n<p style=\"font-size:15px\">Distribuci\u00f3 educativa de programari lliure GNU\/Linux que permet als centres educatius tenir acc\u00e9s de forma legal, gratu\u00efta, en catal\u00e0 i amb suport t\u00e8cnic professional, a un conjunt molt ampli d&#8217;aplicacions: educatives, d&#8217;ofim\u00e0tica, d&#8217;Internet, multim\u00e8dia\u2026 <\/p>\n<\/div>\n<\/div>\n\n\n\n<div style=\"height:30px\" aria-hidden=\"true\" class=\"wp-block-spacer\"><\/div>\n\n\n\n<h2 class=\"wp-block-heading alignwide\">Ordinadors del Pla d&#8217;Educaci\u00f3<\/h2>\n\n\n\n<p>En aquest apartat podeu veure les aplicacions que permeten gestionar els equips desplegats en el Pla d\u2019educaci\u00f3 digital i altres serveis relacionats: <\/p>\n\n\n\n<div class=\"wp-block-columns alignwide is-layout-flex wp-container-core-columns-is-layout-9 wp-block-columns-is-layout-flex\">\n<div class=\"wp-block-column is-layout-flow wp-block-column-is-layout-flow\" style=\"flex-basis:60%\"><div class=\"h5p-iframe-wrapper\"><iframe id=\"h5p-iframe-1\" class=\"h5p-iframe\" data-content-id=\"1\" style=\"height:1px\" src=\"about:blank\" frameBorder=\"0\" scrolling=\"no\" title=\"Ecosistema d&#039;aplicacions associades a PEDC\"><\/iframe><\/div>\n<\/div>\n\n\n\n<div class=\"wp-block-column is-layout-flow wp-block-column-is-layout-flow\">\n<div class=\"wp-block-columns is-layout-flex wp-container-core-columns-is-layout-7 wp-block-columns-is-layout-flex\">\n<div class=\"wp-block-column caixa-link is-layout-flow wp-block-column-is-layout-flow\" id=\"https:\/\/projectes.xtec.cat\/digital\/serveis-digitals\/indic\/\">\n<h3 class=\"wp-block-heading\">INDIC<\/h3>\n\n\n\n<p style=\"font-size:16px\">Inventari digital de centre pels equips del PEDC i panells digitals.<\/p>\n<\/div>\n\n\n\n<div class=\"wp-block-column caixa-link is-layout-flow wp-block-column-is-layout-flow\" id=\"https:\/\/aplicacions.gestioeducativa.gencat.cat\/pls\/apex\/f?p=idi\">\n<h3 class=\"wp-block-heading\">IDI<\/h3>\n\n\n\n<p style=\"font-size:16px\">Gesti\u00f3 d\u2019identitats digitals i credencials d\u2019acc\u00e9s als dispositius.<\/p>\n<\/div>\n<\/div>\n\n\n\n<div class=\"wp-block-columns is-layout-flex wp-container-core-columns-is-layout-8 wp-block-columns-is-layout-flex\">\n<div class=\"wp-block-column caixa-link is-layout-flow wp-block-column-is-layout-flow\" id=\"https:\/\/projectes.xtec.cat\/digital\/serveis-digitals\/intune\/\">\n<h3 class=\"wp-block-heading\">Intune<\/h3>\n\n\n\n<p style=\"font-size:16px\">Gesti\u00f3 centralitzada dels equips Windows (BitLocker, restabliment, etc)<\/p>\n<\/div>\n\n\n\n<div class=\"wp-block-column caixa-link is-layout-flow wp-block-column-is-layout-flow\" id=\"https:\/\/projectes.xtec.cat\/digital\/serveis-digitals\/portal-us-monitoratge-equips-pedc\/\">\n<h3 class=\"wp-block-heading\">Portal d&#8217;\u00fas<\/h3>\n\n\n\n<p style=\"font-size:16px\">Web que permet monitoritzar l&#8217;\u00fas dels equips del PEDC<\/p>\n<\/div>\n<\/div>\n<\/div>\n<\/div>\n\n\n\n<div style=\"height:40px\" aria-hidden=\"true\" class=\"wp-block-spacer\"><\/div>\n\n\n\n<h3 class=\"wp-block-heading alignwide\">Altres serveis digitals de centre<\/h3>\n\n\n\n<div class=\"wp-block-columns alignwide is-layout-flex wp-container-core-columns-is-layout-10 wp-block-columns-is-layout-flex\">\n<div class=\"wp-block-column is-layout-flow wp-block-column-is-layout-flow\">\n<p class=\"digital-item kb\" style=\"font-size:15px\"><a href=\"https:\/\/atomgencat.onbmc.com\/\" data-type=\"URL\" data-id=\"http:\/\/pautic.gencat.cat\/\" target=\"_blank\" rel=\"noreferrer noopener\">Portal ATOM (Pautic, Remedy)<\/a><br>Aplicaci\u00f3 corporativa que permet notificar incid\u00e8ncies i fer peticions relacionades amb el maquinari, els serveis digitals i les infraestructures de connectivitat dels centres.<\/p>\n\n\n\n<p class=\"digital-item\" style=\"font-size:15px\"><a href=\"https:\/\/projectes.xtec.cat\/digital\/equipaments-i-infraestructures\/infraestructures\/#monitoratge\" data-type=\"URL\" data-id=\"https:\/\/xtec.gencat.cat\/ca\/at_usuari\/suport\/serveis-comunicacions\/\" target=\"_blank\" rel=\"noreferrer noopener\">Portal d\u2019autogesti\u00f3 de continguts<\/a><br>Permet filtrar les p\u00e0gines webs i serveis (jocs, xarxes socials, etc) accessibles des del centre educatiu<\/p>\n<\/div>\n\n\n\n<div class=\"wp-block-column is-layout-flow wp-block-column-is-layout-flow\">\n<p class=\"digital-item kb\" style=\"font-size:15px\"><a href=\"https:\/\/espai.educacio.gencat.cat\/Personal\/Gestio-personal-centre\/GUAC-Aplicacio-usuaris\/Pagines\/default.aspx\" data-type=\"URL\" data-id=\"https:\/\/espai.educacio.gencat.cat\/Personal\/Gestio-personal-centre\/GUAC-Aplicacio-usuaris\/Pagines\/default.aspx\" target=\"_blank\" rel=\"noreferrer noopener\"><strong>Permisos (GUAC<\/strong>)<\/a><br>Aplicaci\u00f3 corporativa per gestionar els permisos d\u2019acc\u00e9s a les aplicacions corporatives.<\/p>\n<\/div>\n<\/div>\n\n\n\n<div style=\"height:50px\" aria-hidden=\"true\" class=\"wp-block-spacer\"><\/div>\n<\/div><\/div><\/div><\/div><\/div>\n\n\n\n<div class=\"wp-block-getwid-section alignfull alignfull\"><div class=\"wp-block-getwid-section__wrapper\"><div class=\"wp-block-getwid-section__inner-wrapper\"><div class=\"wp-block-getwid-section__background-holder\"><div class=\"wp-block-getwid-section__background has-background has-ast-global-color-4-background-color\"><\/div><div class=\"wp-block-getwid-section__foreground\"><\/div><\/div><div class=\"wp-block-getwid-section__content\"><div class=\"wp-block-getwid-section__inner-content\">\n<div style=\"height:30px\" aria-hidden=\"true\" class=\"wp-block-spacer\"><\/div>\n\n\n\n<h2 class=\"wp-block-heading\">Serveis digitals personals<\/h2>\n\n\n\n<div class=\"wp-block-columns alignwide is-layout-flex wp-container-core-columns-is-layout-11 wp-block-columns-is-layout-flex\">\n<div class=\"wp-block-column caixa-link kb is-layout-flow wp-block-column-is-layout-flow\" id=\"https:\/\/projectes.xtec.cat\/digital\/serveis-digitals\/la-meva-xtec\/\">\n<h3 class=\"wp-block-heading\">La meva XTEC<\/h3>\n\n\n\n<figure class=\"wp-block-image alignright size-large is-resized\"><img loading=\"lazy\" decoding=\"async\" width=\"569\" height=\"287\" src=\"https:\/\/projectes.xtec.cat\/digital\/wp-content\/uploads\/usu2317\/2023\/06\/google-workspace.png\" alt=\"google workspace logo\" class=\"wp-image-17022\" style=\"aspect-ratio:1.9825783972125435;width:155px;height:auto\" srcset=\"https:\/\/projectes.xtec.cat\/digital\/wp-content\/uploads\/usu2317\/2023\/06\/google-workspace.png 569w, https:\/\/projectes.xtec.cat\/digital\/wp-content\/uploads\/usu2317\/2023\/06\/google-workspace-300x151.png 300w\" sizes=\"auto, (max-width: 569px) 100vw, 569px\" \/><\/figure>\n\n\n\n<p>Compte Google pels docents amb domini XTEC  que inclou correu electr\u00f2nic, espai de disc al n\u00favol (Drive) i eines ofim\u00e0tiques online (Docs, Presentacions, Fulls de c\u00e0lcul, etc). <\/p>\n<\/div>\n\n\n\n<div class=\"wp-block-column caixa-link is-layout-flow wp-block-column-is-layout-flow\" id=\"https:\/\/projectes.xtec.cat\/digital\/serveis-digitals\/microsoft-365\/\">\n<h3 class=\"wp-block-heading\">Microsoft 365<\/h3>\n\n\n\n<figure class=\"wp-block-image alignright size-large is-resized is-style-default\"><img loading=\"lazy\" decoding=\"async\" width=\"139\" height=\"135\" src=\"https:\/\/projectes.xtec.cat\/digital\/wp-content\/uploads\/usu2317\/2023\/10\/microsoft365.png\" alt=\"\" class=\"wp-image-19123\" style=\"aspect-ratio:1.0296296296296297;width:95px;height:auto\"\/><\/figure>\n\n\n\n<p>Suite ofim\u00e0tica (Word, Excel, PowerPoint, Visio, OneDrive i m\u00e9s) en el n\u00favol. <\/p>\n<\/div>\n\n\n\n<div class=\"wp-block-column caixa-link kb is-layout-flow wp-block-column-is-layout-flow\" id=\"https:\/\/comunitat.edigital.cat\">\n<h3 class=\"wp-block-heading\">Nus<\/h3>\n\n\n\n<figure class=\"wp-block-image alignright size-large is-resized\"><img loading=\"lazy\" decoding=\"async\" width=\"625\" height=\"625\" src=\"https:\/\/projectes.xtec.cat\/digital\/wp-content\/uploads\/usu2317\/2022\/07\/39E7541167B08B0C.png\" alt=\"\" class=\"wp-image-8481\" style=\"aspect-ratio:1;width:84px;height:auto\" srcset=\"https:\/\/projectes.xtec.cat\/digital\/wp-content\/uploads\/usu2317\/2022\/07\/39E7541167B08B0C.png 625w, https:\/\/projectes.xtec.cat\/digital\/wp-content\/uploads\/usu2317\/2022\/07\/39E7541167B08B0C-300x300.png 300w, https:\/\/projectes.xtec.cat\/digital\/wp-content\/uploads\/usu2317\/2022\/07\/39E7541167B08B0C-150x150.png 150w\" sizes=\"auto, (max-width: 625px) 100vw, 625px\" \/><\/figure>\n\n\n\n<p>Xarxa docent on compartir experi\u00e8ncies i solucions relacionades amb la pr\u00e0ctica docent. S\u2019organitza en diferents categories tem\u00e0tiques amb grups d\u2019usuaris associats. Ja som m\u00e9s de <strong>9.000<\/strong> docents.<\/p>\n<\/div>\n<\/div>\n\n\n\n<div style=\"height:30px\" aria-hidden=\"true\" class=\"wp-block-spacer\"><\/div>\n\n\n\n<div class=\"wp-block-columns alignwide is-layout-flex wp-container-core-columns-is-layout-12 wp-block-columns-is-layout-flex\">\n<div class=\"wp-block-column caixa-link is-layout-flow wp-block-column-is-layout-flow\" style=\"flex-basis:32%\" id=\"https:\/\/blocs.xtec.cat\/\">\n<h3 class=\"wp-block-heading\">XTECBlocs<\/h3>\n\n\n\n<figure class=\"wp-block-image alignleft size-large is-resized is-style-default\"><a href=\"https:\/\/projectes.xtec.cat\/digital\/wp-content\/uploads\/usu2317\/2022\/09\/blocs_xtec.jpg\"><img loading=\"lazy\" decoding=\"async\" width=\"294\" height=\"183\" src=\"https:\/\/projectes.xtec.cat\/digital\/wp-content\/uploads\/usu2317\/2022\/09\/blocs_xtec.jpg\" alt=\"\" class=\"wp-image-9913\" style=\"width:86px;height:54px\"\/><\/a><\/figure>\n\n\n\n<p><strong>P<\/strong>lataforma basada en <strong>WordPress<\/strong> que permet als centres i docents crear webs de projectes, mat\u00e8ries o dossiers personals.<\/p>\n<\/div>\n\n\n\n<div class=\"wp-block-column caixa-link is-layout-flow wp-block-column-is-layout-flow\" style=\"flex-basis:32%\" id=\"https:\/\/dossier.xtec.cat\/\">\n<h3 class=\"wp-block-heading\">Dossier docent<\/h3>\n\n\n\n<figure class=\"wp-block-image alignleft size-large is-resized\"><a href=\"https:\/\/projectes.xtec.cat\/digital\/wp-content\/uploads\/usu2317\/2023\/06\/parse-from-clipboard.png\"><img loading=\"lazy\" decoding=\"async\" width=\"300\" height=\"300\" src=\"https:\/\/projectes.xtec.cat\/digital\/wp-content\/uploads\/usu2317\/2023\/06\/parse-from-clipboard.png\" alt=\"perfil\" class=\"wp-image-17019\" style=\"width:91px;height:91px\" srcset=\"https:\/\/projectes.xtec.cat\/digital\/wp-content\/uploads\/usu2317\/2023\/06\/parse-from-clipboard.png 300w, https:\/\/projectes.xtec.cat\/digital\/wp-content\/uploads\/usu2317\/2023\/06\/parse-from-clipboard-150x150.png 150w\" sizes=\"auto, (max-width: 300px) 100vw, 300px\" \/><\/a><\/figure>\n\n\n\n<p>Servei que proporciona un espai on crear el teu dossier personal docent.<\/p>\n<\/div>\n<\/div>\n\n\n\n<div style=\"height:15px\" aria-hidden=\"true\" class=\"wp-block-spacer\"><\/div>\n\n\n\n<div style=\"height:30px\" aria-hidden=\"true\" class=\"wp-block-spacer\"><\/div>\n\n\n\n<h3 class=\"wp-block-heading alignwide\">Altres serveis digitals personals<\/h3>\n\n\n\n<div class=\"wp-block-columns alignwide is-layout-flex wp-container-core-columns-is-layout-13 wp-block-columns-is-layout-flex\">\n<div class=\"wp-block-column is-layout-flow wp-block-column-is-layout-flow\">\n<p class=\"digital-item kb\" style=\"font-size:15px\"><a rel=\"noreferrer noopener\" href=\"https:\/\/idp4-gicar.gencat.cat\/siteminderagent\/forms\/autogestio_2016\/autogestio2016.fcc?TYPE=33554433&amp;REALMOID=06-8a2ab989-aee4-4d13-9c50-8905158cd004&amp;GUID=&amp;SMAUTHREASON=0&amp;METHOD=POST&amp;SMAGENTNAME=-SM-UCCDClq4dURG%2bG8T4io79IxvB%2b2QuJxnhZbvuF5aWSvIqeTo5svpw1G3Ov%2b3rmvX&amp;TARGET=-SM-https%3a%2f%2fidp4--gicar%2egencat%2ecat%2fautogestio%2fprotegit%2finiCaptcha%2ejsp\" data-type=\"URL\" data-id=\"https:\/\/idp4-gicar.gencat.cat\/siteminderagent\/forms\/autogestio_2016\/autogestio2016.fcc?TYPE=33554433&amp;REALMOID=06-8a2ab989-aee4-4d13-9c50-8905158cd004&amp;GUID=&amp;SMAUTHREASON=0&amp;METHOD=POST&amp;SMAGENTNAME=-SM-UCCDClq4dURG%2bG8T4io79IxvB%2b2QuJxnhZbvuF5aWSvIqeTo5svpw1G3Ov%2b3rmvX&amp;TARGET=-SM-https%3a%2f%2fidp4--gicar%2egencat%2ecat%2fautogestio%2fprotegit%2finiCaptcha%2ejsp\" target=\"_blank\"><strong>GICAR<\/strong><\/a><br>Sistema d\u2019identificaci\u00f3 corporativa de la Generalitat de Catalunya. \u00c9s un sistema d\u2019identificaci\u00f3 que permet Single Sign On (una vegada autenticat en un servei corporatiu, pots accedir a la resta de serveis sense haver de tornar-te a autenticar). L\u2019usuari \u00e9s el DNI i la contrasenya cal canviar-la cada 6 mesos.<\/p>\n<\/div>\n\n\n\n<div class=\"wp-block-column is-layout-flow wp-block-column-is-layout-flow\">\n<p class=\"digital-item\" style=\"font-size:15px\"><\/p>\n<\/div>\n<\/div>\n\n\n\n<div style=\"height:74px\" aria-hidden=\"true\" class=\"wp-block-spacer\"><\/div>\n<\/div><\/div><\/div><\/div><\/div>\n","protected":false},"excerpt":{"rendered":"","protected":false},"author":1,"featured_media":0,"parent":0,"menu_order":0,"comment_status":"closed","ping_status":"closed","template":"","meta":{"site-sidebar-layout":"no-sidebar","site-content-layout":"page-builder","ast-site-content-layout":"default","site-content-style":"unboxed","site-sidebar-style":"unboxed","ast-global-header-display":"","ast-banner-title-visibility":"","ast-main-header-display":"","ast-hfb-above-header-display":"","ast-hfb-below-header-display":"","ast-hfb-mobile-header-display":"","site-post-title":"","ast-breadcrumbs-content":"","ast-featured-img":"","footer-sml-layout":"","theme-transparent-header-meta":"default","adv-header-id-meta":"","stick-header-meta":"default","header-above-stick-meta":"","header-main-stick-meta":"","header-below-stick-meta":"","astra-migrate-meta-layouts":"set","ast-page-background-enabled":"default","ast-page-background-meta":{"desktop":{"background-color":"var(--ast-global-color-4)","background-image":"","background-repeat":"repeat","background-position":"center center","background-size":"auto","background-attachment":"scroll","background-type":"","background-media":"","overlay-type":"","overlay-color":"","overlay-opacity":"","overlay-gradient":""},"tablet":{"background-color":"","background-image":"","background-repeat":"repeat","background-position":"center center","background-size":"auto","background-attachment":"scroll","background-type":"","background-media":"","overlay-type":"","overlay-color":"","overlay-opacity":"","overlay-gradient":""},"mobile":{"background-color":"","background-image":"","background-repeat":"repeat","background-position":"center center","background-size":"auto","background-attachment":"scroll","background-type":"","background-media":"","overlay-type":"","overlay-color":"","overlay-opacity":"","overlay-gradient":""}},"ast-content-background-meta":{"desktop":{"background-color":"var(--ast-global-color-5)","background-image":"","background-repeat":"repeat","background-position":"center center","background-size":"auto","background-attachment":"scroll","background-type":"","background-media":"","overlay-type":"","overlay-color":"","overlay-opacity":"","overlay-gradient":""},"tablet":{"background-color":"var(--ast-global-color-5)","background-image":"","background-repeat":"repeat","background-position":"center center","background-size":"auto","background-attachment":"scroll","background-type":"","background-media":"","overlay-type":"","overlay-color":"","overlay-opacity":"","overlay-gradient":""},"mobile":{"background-color":"var(--ast-global-color-5)","background-image":"","background-repeat":"repeat","background-position":"center center","background-size":"auto","background-attachment":"scroll","background-type":"","background-media":"","overlay-type":"","overlay-color":"","overlay-opacity":"","overlay-gradient":""}},"footnotes":""},"class_list":["post-8706","page","type-page","status-publish","hentry"],"post_mailing_queue_ids":[],"_links":{"self":[{"href":"https:\/\/projectes.xtec.cat\/digital\/wp-json\/wp\/v2\/pages\/8706","targetHints":{"allow":["GET"]}}],"collection":[{"href":"https:\/\/projectes.xtec.cat\/digital\/wp-json\/wp\/v2\/pages"}],"about":[{"href":"https:\/\/projectes.xtec.cat\/digital\/wp-json\/wp\/v2\/types\/page"}],"author":[{"embeddable":true,"href":"https:\/\/projectes.xtec.cat\/digital\/wp-json\/wp\/v2\/users\/1"}],"replies":[{"embeddable":true,"href":"https:\/\/projectes.xtec.cat\/digital\/wp-json\/wp\/v2\/comments?post=8706"}],"version-history":[{"count":6,"href":"https:\/\/projectes.xtec.cat\/digital\/wp-json\/wp\/v2\/pages\/8706\/revisions"}],"predecessor-version":[{"id":38075,"href":"https:\/\/projectes.xtec.cat\/digital\/wp-json\/wp\/v2\/pages\/8706\/revisions\/38075"}],"wp:attachment":[{"href":"https:\/\/projectes.xtec.cat\/digital\/wp-json\/wp\/v2\/media?parent=8706"}],"curies":[{"name":"wp","href":"https:\/\/api.w.org\/{rel}","templated":true}]}}