{"id":8708,"date":"2022-07-19T15:00:06","date_gmt":"2022-07-19T13:00:06","guid":{"rendered":"https:\/\/projectes.xtec.cat\/digital\/?page_id=8708"},"modified":"2025-11-10T11:56:46","modified_gmt":"2025-11-10T10:56:46","slug":"formacio-docent","status":"publish","type":"page","link":"https:\/\/projectes.xtec.cat\/digital\/formacio-docent\/","title":{"rendered":"Formaci\u00f3 docent"},"content":{"rendered":"\n<div class=\"wp-block-columns alignwide is-layout-flex wp-container-core-columns-is-layout-3 wp-block-columns-is-layout-flex\">\n<div class=\"wp-block-column is-layout-flow wp-block-column-is-layout-flow\">\n<div class=\"wp-block-columns is-layout-flex wp-container-core-columns-is-layout-1 wp-block-columns-is-layout-flex\">\n<div class=\"wp-block-column is-layout-flow wp-block-column-is-layout-flow\">\n<h2 class=\"wp-block-heading has-large-font-size\">Odissea<\/h2>\n\n\n\n<figure class=\"wp-block-image alignleft size-large is-resized\"><a href=\"https:\/\/projectes.xtec.cat\/digital\/wp-content\/uploads\/usu2317\/2022\/09\/ICONO_ODISSEA.png\"><img loading=\"lazy\" decoding=\"async\" width=\"759\" height=\"708\" src=\"https:\/\/projectes.xtec.cat\/digital\/wp-content\/uploads\/usu2317\/2022\/09\/ICONO_ODISSEA.png\" alt=\"odissea logo\" class=\"wp-image-9761\" style=\"width:85px;height:auto\" srcset=\"https:\/\/projectes.xtec.cat\/digital\/wp-content\/uploads\/usu2317\/2022\/09\/ICONO_ODISSEA.png 759w, https:\/\/projectes.xtec.cat\/digital\/wp-content\/uploads\/usu2317\/2022\/09\/ICONO_ODISSEA-300x280.png 300w\" sizes=\"auto, (max-width: 759px) 100vw, 759px\" \/><\/a><\/figure>\n\n\n\n<p>La plataforma <a rel=\"noreferrer noopener\" href=\"https:\/\/odissea.xtec.cat\/\" data-type=\"URL\" data-id=\"https:\/\/odissea.xtec.cat\/\" target=\"_blank\"><strong>Odissea<\/strong><\/a> \u00e9s l&#8217;aula virtual pels docents de Catalunya. Disposa d&#8217;un apartat espec\u00edfic en <a href=\"https:\/\/odissea.xtec.cat\/course\/index.php?categoryid=41\">formaci\u00f3 digital<\/a>.<\/p>\n\n\n\n<div class=\"inherit-container-width wp-block-group alignfull box-border-left is-layout-constrained wp-block-group-is-layout-constrained\">\n<p><strong><a href=\"https:\/\/xtec.gencat.cat\/ca\/formacio\/formaciogeneralprofessorat\/cultura-digital\/formacio-certificable\/\" target=\"_blank\" rel=\"noreferrer noopener\">Certificaci\u00f3<\/a><\/strong><br>Diferents modalitats de formaci\u00f3 amb acompanyament (tutoritzaci\u00f3, seguiment, etc.).<\/p>\n\n\n\n<p><a href=\"https:\/\/xtec.gencat.cat\/ca\/formacio\/formaciogeneralprofessorat\/cultura-digital\/formacio-en-linia-per-acreditar-CDD\/\" target=\"_blank\" rel=\"noreferrer noopener\"><strong>Acreditaci\u00f3 de la compet\u00e8ncia digital docent<\/strong><br><\/a>Cursos d&#8217;acreditaci\u00f3 de la Compet\u00e8ncia digital docent. Consulteu cadascun dels nivells d&#8217;acreditaci\u00f3.<\/p>\n\n\n\n<p><strong><a href=\"https:\/\/odissea.xtec.cat\/course\/index.php?categoryid=13603\" data-type=\"URL\" data-id=\"https:\/\/odissea.xtec.cat\/course\/index.php?categoryid=13603\" target=\"_blank\" rel=\"noreferrer noopener\">Formaci\u00f3 oberta<\/a><\/strong><br>Autoformaci\u00f3 sense acompanyament. Diferents formats i durades (Aules, c\u00e0psules, tallers, etc.).<\/p>\n<\/div>\n<\/div>\n<\/div>\n<\/div>\n\n\n\n<div class=\"wp-block-column is-layout-flow wp-block-column-is-layout-flow\">\n<div class=\"wp-block-columns is-layout-flex wp-container-core-columns-is-layout-2 wp-block-columns-is-layout-flex\">\n<div class=\"wp-block-column is-layout-flow wp-block-column-is-layout-flow\">\n<h2 class=\"wp-block-heading has-large-font-size\">XTCD<\/h2>\n\n\n\n<figure class=\"wp-block-image alignleft size-large is-resized\"><a href=\"https:\/\/projectes.xtec.cat\/digital\/wp-content\/uploads\/usu2317\/2022\/07\/nomes_logo_coral.png\"><img loading=\"lazy\" decoding=\"async\" width=\"223\" height=\"207\" src=\"https:\/\/projectes.xtec.cat\/digital\/wp-content\/uploads\/usu2317\/2022\/07\/nomes_logo_coral.png\" alt=\"xtcd\" class=\"wp-image-8956\" style=\"width:94px;height:auto\"\/><\/a><\/figure>\n\n\n\n<p>La <strong><a href=\"https:\/\/projectes.xtec.cat\/digital\/formacio-docent\/xtcd\/\" data-type=\"link\" data-id=\"https:\/\/projectes.xtec.cat\/digital\/formacio-docent\/xtcd\/subxarxa-de-la-coordinacio-digital-de-centre-cdc\/\">Xarxa Territorial de Cultura Digital<\/a><\/strong> \u00e9s un conjunt h\u00edbrid d&#8217;activitats formatives on cada sessi\u00f3 inclou <strong>seminaris web<\/strong>, <strong>seminaris territorials <\/strong>(impartits en els CRP) i debats virtuals mitjan\u00e7ant la plataforma <strong>Nus<\/strong>. <br>La XTCD es divideix en 2 subxarxes:<\/p>\n\n\n\n<div class=\"inherit-container-width wp-block-group alignfull box-border-left is-layout-constrained wp-block-group-is-layout-constrained\">\n<p><strong><a href=\"https:\/\/projectes.xtec.cat\/digital\/formacio-docent\/xtcd\/subxarxa-de-la-comissio-digital-comd\/\" data-type=\"link\" data-id=\"https:\/\/projectes.xtec.cat\/digital\/formacio-docent\/xtcd\/subxarxa-de-la-comissio-digital-comd\/\">COMD<\/a><\/strong>: Comissi\u00f3 digital de centre, destinada a les comissions digitals.<\/p>\n\n\n\n<p><strong><a href=\"https:\/\/projectes.xtec.cat\/digital\/formacio-docent\/xtcd\/subxarxa-de-la-coordinacio-digital-de-centre-cdc\/\">COOR<\/a><\/strong>: Coordinaci\u00f3 digital de centre, destinada als coordinadors i coordinadores digitals de centre.<\/p>\n<\/div>\n<\/div>\n<\/div>\n<\/div>\n<\/div>\n\n\n\n<div style=\"height:65px\" aria-hidden=\"true\" class=\"wp-block-spacer\"><\/div>\n\n\n\n<div class=\"wp-block-columns alignwide is-layout-flex wp-container-core-columns-is-layout-4 wp-block-columns-is-layout-flex\">\n<div class=\"wp-block-column is-layout-flow wp-block-column-is-layout-flow\">\n<h2 class=\"wp-block-heading\">Ateneu<\/h2>\n\n\n\n<figure class=\"wp-block-image alignleft size-large is-resized\"><a href=\"https:\/\/projectes.xtec.cat\/digital\/wp-content\/uploads\/usu2317\/2022\/12\/book-reading.png\"><img loading=\"lazy\" decoding=\"async\" width=\"200\" height=\"200\" src=\"https:\/\/projectes.xtec.cat\/digital\/wp-content\/uploads\/usu2317\/2022\/12\/book-reading.png\" alt=\"\" class=\"wp-image-10553\" style=\"width:77px;height:77px\" srcset=\"https:\/\/projectes.xtec.cat\/digital\/wp-content\/uploads\/usu2317\/2022\/12\/book-reading.png 200w, https:\/\/projectes.xtec.cat\/digital\/wp-content\/uploads\/usu2317\/2022\/12\/book-reading-150x150.png 150w\" sizes=\"auto, (max-width: 200px) 100vw, 200px\" \/><\/a><\/figure>\n\n\n\n<p>Biblioteca de materials d&#8217;autoformaci\u00f3 pel professorat amb un bon nombre de materials de tem\u00e0tica <strong>digital,<\/strong> especialment a l&#8217;apartat <strong>Internivells<\/strong>.<\/p>\n\n\n\n<div style=\"height:50px\" aria-hidden=\"true\" class=\"wp-block-spacer\"><\/div>\n\n\n\n<div class=\"wp-block-buttons is-horizontal is-content-justification-center is-layout-flex wp-container-core-buttons-is-layout-1 wp-block-buttons-is-layout-flex\">\n<div class=\"wp-block-button is-style-outline btn-nodes is-style-outline--1\"><a class=\"wp-block-button__link has-ast-global-color-7-color has-ast-global-color-6-background-color has-text-color has-background wp-element-button\" href=\"http:\/\/ateneu.xtec.cat\" target=\"_blank\" rel=\"noreferrer noopener\">Anar a Ateneu<\/a><\/div>\n<\/div>\n<\/div>\n\n\n\n<div class=\"wp-block-column is-layout-flow wp-block-column-is-layout-flow\">\n<h2 class=\"wp-block-heading\">Jornades<\/h2>\n\n\n\n<figure class=\"wp-block-image alignleft size-large is-resized\"><a href=\"https:\/\/projectes.xtec.cat\/digital\/wp-content\/uploads\/usu2317\/2022\/12\/external-webinar-online-education-yogi-aprelliyanto-detailed-outline-yogi-aprelliyanto.png\"><img loading=\"lazy\" decoding=\"async\" width=\"300\" height=\"300\" src=\"https:\/\/projectes.xtec.cat\/digital\/wp-content\/uploads\/usu2317\/2022\/12\/external-webinar-online-education-yogi-aprelliyanto-detailed-outline-yogi-aprelliyanto.png\" alt=\"\" class=\"wp-image-10555\" style=\"width:77px;height:77px\" srcset=\"https:\/\/projectes.xtec.cat\/digital\/wp-content\/uploads\/usu2317\/2022\/12\/external-webinar-online-education-yogi-aprelliyanto-detailed-outline-yogi-aprelliyanto.png 300w, https:\/\/projectes.xtec.cat\/digital\/wp-content\/uploads\/usu2317\/2022\/12\/external-webinar-online-education-yogi-aprelliyanto-detailed-outline-yogi-aprelliyanto-150x150.png 150w\" sizes=\"auto, (max-width: 300px) 100vw, 300px\" \/><\/a><\/figure>\n\n\n\n<p id=\"block-1094cddf-2425-4e74-998c-50119cbbef4c\">Jornades en l\u00ednia i presencials vinculades als diferents projectes digitals. <\/p>\n\n\n\n<div style=\"height:23px\" aria-hidden=\"true\" class=\"wp-block-spacer\"><\/div>\n\n\n\n<div class=\"inherit-container-width wp-block-group alignfull box-border-left is-layout-constrained wp-block-group-is-layout-constrained\">\n<p><a href=\"https:\/\/projectes.xtec.cat\/pensament-computacional\/formacio-robotica\/jornades\/\" target=\"_blank\" rel=\"noreferrer noopener\">Programa<br><\/a>Programaci\u00f3 i rob\u00f2tica.<\/p>\n\n\n\n<p><a href=\"https:\/\/www.microbitlivebarcelona.org\/\">Micro:bit live<\/a><br>Plaques programables i rob\u00f2tica.<\/p>\n\n\n\n<p><a href=\"https:\/\/projectes.xtec.cat\/programacioirobotica\/portada\/jornada-online-scratch-mschools-student-awards-2022\/\">MSchools Scratch Online Challenge<\/a><br>Sessi\u00f3 l\u00fadica telem\u00e0tica amb reptes de programaci\u00f3 amb Scratch. <\/p>\n\n\n\n<p><a href=\"https:\/\/blocs.xtec.cat\/tacremat\/\">TACREMAT (2019)<\/a><br>Tallers de creaci\u00f3 de materials digitals.<\/p>\n<\/div>\n\n\n\n<div style=\"height:20px\" aria-hidden=\"true\" class=\"wp-block-spacer\"><\/div>\n\n\n\n<div class=\"wp-block-buttons is-horizontal is-content-justification-center is-layout-flex wp-container-core-buttons-is-layout-2 wp-block-buttons-is-layout-flex\">\n<div class=\"wp-block-button is-style-outline btn-nodes is-style-outline--2\" id=\"btn-nodes\"><a class=\"wp-block-button__link has-ast-global-color-7-color has-ast-global-color-6-background-color has-text-color has-background wp-element-button\" href=\"https:\/\/xtec.gencat.cat\/ca\/formacio\/formaciogeneralprofessorat\/cultura-digital\/webinars\/\" target=\"_blank\" rel=\"noreferrer noopener\">M\u00e9s jornades<\/a><\/div>\n<\/div>\n<\/div>\n\n\n\n<div class=\"wp-block-column is-layout-flow wp-block-column-is-layout-flow\">\n<h2 class=\"wp-block-heading\">Pla de Formaci\u00f3 de Zona<\/h2>\n\n\n\n<figure class=\"wp-block-image alignleft size-large is-resized\"><a href=\"https:\/\/projectes.xtec.cat\/digital\/wp-content\/uploads\/usu2317\/2022\/07\/PFZ.png\"><img loading=\"lazy\" decoding=\"async\" width=\"400\" height=\"330\" src=\"https:\/\/projectes.xtec.cat\/digital\/wp-content\/uploads\/usu2317\/2022\/07\/PFZ.png\" alt=\"\" class=\"wp-image-8933\" style=\"width:103px;height:85px\" srcset=\"https:\/\/projectes.xtec.cat\/digital\/wp-content\/uploads\/usu2317\/2022\/07\/PFZ.png 400w, https:\/\/projectes.xtec.cat\/digital\/wp-content\/uploads\/usu2317\/2022\/07\/PFZ-300x248.png 300w\" sizes=\"auto, (max-width: 400px) 100vw, 400px\" \/><\/a><\/figure>\n\n\n\n<p>Dins del Pla de Formaci\u00f3 de Zona (PFZ) podeu trobar activitats formatives amb un fort component digital. Les activitats s\u00f3n organitzades pels Serveis Educatius de Zona, per les diferents unitats del Departament d&#8217;Ensenyament i les institucions col\u00b7laboradores, especialment els Instituts de Ci\u00e8ncies de l&#8217;Educaci\u00f3 de les universitats catalanes. Podeu trobar activitats presencials, h\u00edbrides o en l\u00ednia. <\/p>\n\n\n\n<div style=\"height:31px\" aria-hidden=\"true\" class=\"wp-block-spacer\"><\/div>\n\n\n\n<div class=\"wp-block-buttons is-horizontal is-content-justification-center is-layout-flex wp-container-core-buttons-is-layout-3 wp-block-buttons-is-layout-flex\">\n<div class=\"wp-block-button is-style-outline btn-nodes is-style-outline--3\"><a class=\"wp-block-button__link has-ast-global-color-7-color has-ast-global-color-6-background-color has-text-color has-background wp-element-button\" href=\"https:\/\/xtec.gencat.cat\/ca\/formacio\/info-general\/plans-formacio-zona\/\" target=\"_blank\" rel=\"noreferrer noopener\">M\u00e9s informaci\u00f3<\/a><\/div>\n\n\n\n<div class=\"wp-block-button is-style-outline btn-nodes is-style-outline--4\"><a class=\"wp-block-button__link has-ast-global-color-7-color has-ast-global-color-6-background-color has-text-color has-background wp-element-button\" href=\"https:\/\/xtec.gencat.cat\/ca\/formacio\/info-general\/oferta-formativa\/\" target=\"_blank\" rel=\"noreferrer noopener\">Oferta formativa<\/a><\/div>\n<\/div>\n<\/div>\n<\/div>\n\n\n\n<div style=\"height:98px\" aria-hidden=\"true\" class=\"wp-block-spacer\"><\/div>\n","protected":false},"excerpt":{"rendered":"<p>Odissea La plataforma Odissea \u00e9s l&#8217;aula virtual pels docents de Catalunya. Disposa d&#8217;un apartat espec\u00edfic en formaci\u00f3 digital. Certificaci\u00f3Diferents modalitats de formaci\u00f3 amb acompanyament (tutoritzaci\u00f3, seguiment, etc.). Acreditaci\u00f3 de la compet\u00e8ncia digital docentCursos d&#8217;acreditaci\u00f3 de la Compet\u00e8ncia digital docent. Consulteu cadascun dels nivells d&#8217;acreditaci\u00f3. Formaci\u00f3 obertaAutoformaci\u00f3 sense acompanyament. Diferents formats i durades (Aules, c\u00e0psules, tallers, [&hellip;]<\/p>\n","protected":false},"author":1,"featured_media":0,"parent":0,"menu_order":0,"comment_status":"closed","ping_status":"closed","template":"","meta":{"site-sidebar-layout":"no-sidebar","site-content-layout":"page-builder","ast-site-content-layout":"default","site-content-style":"unboxed","site-sidebar-style":"unboxed","ast-global-header-display":"","ast-banner-title-visibility":"","ast-main-header-display":"","ast-hfb-above-header-display":"","ast-hfb-below-header-display":"","ast-hfb-mobile-header-display":"","site-post-title":"","ast-breadcrumbs-content":"","ast-featured-img":"","footer-sml-layout":"","theme-transparent-header-meta":"default","adv-header-id-meta":"","stick-header-meta":"default","header-above-stick-meta":"","header-main-stick-meta":"","header-below-stick-meta":"","astra-migrate-meta-layouts":"set","ast-page-background-enabled":"default","ast-page-background-meta":{"desktop":{"background-color":"var(--ast-global-color-4)","background-image":"","background-repeat":"repeat","background-position":"center center","background-size":"auto","background-attachment":"scroll","background-type":"","background-media":"","overlay-type":"","overlay-color":"","overlay-opacity":"","overlay-gradient":""},"tablet":{"background-color":"","background-image":"","background-repeat":"repeat","background-position":"center center","background-size":"auto","background-attachment":"scroll","background-type":"","background-media":"","overlay-type":"","overlay-color":"","overlay-opacity":"","overlay-gradient":""},"mobile":{"background-color":"","background-image":"","background-repeat":"repeat","background-position":"center center","background-size":"auto","background-attachment":"scroll","background-type":"","background-media":"","overlay-type":"","overlay-color":"","overlay-opacity":"","overlay-gradient":""}},"ast-content-background-meta":{"desktop":{"background-color":"var(--ast-global-color-5)","background-image":"","background-repeat":"repeat","background-position":"center center","background-size":"auto","background-attachment":"scroll","background-type":"","background-media":"","overlay-type":"","overlay-color":"","overlay-opacity":"","overlay-gradient":""},"tablet":{"background-color":"var(--ast-global-color-5)","background-image":"","background-repeat":"repeat","background-position":"center center","background-size":"auto","background-attachment":"scroll","background-type":"","background-media":"","overlay-type":"","overlay-color":"","overlay-opacity":"","overlay-gradient":""},"mobile":{"background-color":"var(--ast-global-color-5)","background-image":"","background-repeat":"repeat","background-position":"center center","background-size":"auto","background-attachment":"scroll","background-type":"","background-media":"","overlay-type":"","overlay-color":"","overlay-opacity":"","overlay-gradient":""}},"footnotes":""},"class_list":["post-8708","page","type-page","status-publish","hentry"],"post_mailing_queue_ids":[],"_links":{"self":[{"href":"https:\/\/projectes.xtec.cat\/digital\/wp-json\/wp\/v2\/pages\/8708","targetHints":{"allow":["GET"]}}],"collection":[{"href":"https:\/\/projectes.xtec.cat\/digital\/wp-json\/wp\/v2\/pages"}],"about":[{"href":"https:\/\/projectes.xtec.cat\/digital\/wp-json\/wp\/v2\/types\/page"}],"author":[{"embeddable":true,"href":"https:\/\/projectes.xtec.cat\/digital\/wp-json\/wp\/v2\/users\/1"}],"replies":[{"embeddable":true,"href":"https:\/\/projectes.xtec.cat\/digital\/wp-json\/wp\/v2\/comments?post=8708"}],"version-history":[{"count":6,"href":"https:\/\/projectes.xtec.cat\/digital\/wp-json\/wp\/v2\/pages\/8708\/revisions"}],"predecessor-version":[{"id":37892,"href":"https:\/\/projectes.xtec.cat\/digital\/wp-json\/wp\/v2\/pages\/8708\/revisions\/37892"}],"wp:attachment":[{"href":"https:\/\/projectes.xtec.cat\/digital\/wp-json\/wp\/v2\/media?parent=8708"}],"curies":[{"name":"wp","href":"https:\/\/api.w.org\/{rel}","templated":true}]}}