{"id":10215,"date":"2022-10-04T14:34:51","date_gmt":"2022-10-04T12:34:51","guid":{"rendered":"https:\/\/projectes.xtec.cat\/edc-suport\/?page_id=10215"},"modified":"2024-01-19T13:25:24","modified_gmt":"2024-01-19T12:25:24","slug":"subxarxa-dedc","status":"publish","type":"page","link":"https:\/\/projectes.xtec.cat\/edc-suport\/subxarxa-dedc\/","title":{"rendered":"Subxarxa d&#8217;EDC"},"content":{"rendered":"<p>La <strong><a href=\"https:\/\/projectes.xtec.cat\/xtcd\/\" target=\"_blank\" rel=\"noopener\">Xarxa territorial de Cultura digital<\/a><\/strong> \u00e9s un punt de trobada i acompanyament en el proc\u00e9s de transformaci\u00f3 digital dels centres educatius de Catalunya. S\u2019articula mitjan\u00e7ant seminaris web, seminaris presencials i comunitats virtuals i es divideix en 3 subxarxes amb destinataris diferenciats:<\/p>\n<ul>\n<li style=\"list-style-type: none;\">\n<ul>\n<li style=\"list-style-type: none;\">\n<ul>\n<li>Subxarxa de la Comissi\u00f3 digital de centre (COMD)<\/li>\n<li>Subxarxa de Coordinaci\u00f3 digital de centre (CDC)<\/li>\n<\/ul>\n<\/li>\n<\/ul>\n<\/li>\n<\/ul>\n<p>La <a href=\"https:\/\/projectes.xtec.cat\/xtcd\/estrategia-digital-de-centre\/\" target=\"_blank\" rel=\"noopener\"><strong>Subxarxa de la Comissi\u00f3 digital de centre (COMD)<\/strong><\/a> proporciona un espai de comunicaci\u00f3 entre els diferents grups de treball de les comissions d\u2019estrat\u00e8gia digital de centre. \u00c9s un espai per compartir experi\u00e8ncies, eines i recursos, per\u00f2 tamb\u00e9 dubtes i dificultats. En el seg\u00fcent <a href=\"https:\/\/projectes.xtec.cat\/xtcd\/\" target=\"_blank\" rel=\"noopener\">enlla\u00e7,<\/a> clicant sobre l&#8217;apartat &#8220;Sessions&#8221; del men\u00fa, podeu accedir als v\u00eddeos que s&#8217;han utilitzat en les sessions dels cursos anteriors. Aquesta xarxa est\u00e0 coordinada i dinamitzada pel mentor\/a<\/p>\n<p>En el document <strong><a href=\"https:\/\/drive.google.com\/file\/d\/1CJCc7YRkXvHfeARAYKwrLytcAbE7ecyw\/view\" target=\"_blank\" rel=\"noopener\">Xarxa Territorial de Cultura Digital. Curs 2023-2024, <\/a><\/strong>trobareu la informaci\u00f3 sobre el funcionament i organitzaci\u00f3 de la xarxa.<\/p>\n","protected":false},"excerpt":{"rendered":"<p>La <a href=\"https:\/\/projectes.xtec.cat\/xtcd\/\" target=\"_blank\" rel=\"noopener\">Xarxa territorial de Cultura digital<\/a> \u00e9s un punt de trobada i acompanyament en el proc\u00e9s de transformaci\u00f3 digital dels centres educatius de Catalunya. S\u2019articula mitjan\u00e7ant seminaris web, seminaris presencials i comunitats virtuals i es divideix en 3 subxarxes amb destinataris diferenciats:<\/p>\n<ul>\n<li&hellip;  <a href=\"https:\/\/projectes.xtec.cat\/edc-suport\/subxarxa-dedc\/\" title=\"Read Subxarxa d&#8217;EDC\">Llegeix m\u00e9s\u00bb<\/a><\/p>\n","protected":false},"author":68,"featured_media":0,"parent":0,"menu_order":0,"comment_status":"closed","ping_status":"closed","template":"","meta":{"_bbp_topic_count":0,"_bbp_reply_count":0,"_bbp_total_topic_count":0,"_bbp_total_reply_count":0,"_bbp_voice_count":0,"_bbp_anonymous_reply_count":0,"_bbp_topic_count_hidden":0,"_bbp_reply_count_hidden":0,"_bbp_forum_subforum_count":0,"footnotes":""},"class_list":["post-10215","page","type-page","status-publish","hentry"],"post_mailing_queue_ids":[],"_links":{"self":[{"href":"https:\/\/projectes.xtec.cat\/edc-suport\/wp-json\/wp\/v2\/pages\/10215","targetHints":{"allow":["GET"]}}],"collection":[{"href":"https:\/\/projectes.xtec.cat\/edc-suport\/wp-json\/wp\/v2\/pages"}],"about":[{"href":"https:\/\/projectes.xtec.cat\/edc-suport\/wp-json\/wp\/v2\/types\/page"}],"author":[{"embeddable":true,"href":"https:\/\/projectes.xtec.cat\/edc-suport\/wp-json\/wp\/v2\/users\/68"}],"replies":[{"embeddable":true,"href":"https:\/\/projectes.xtec.cat\/edc-suport\/wp-json\/wp\/v2\/comments?post=10215"}],"version-history":[{"count":5,"href":"https:\/\/projectes.xtec.cat\/edc-suport\/wp-json\/wp\/v2\/pages\/10215\/revisions"}],"predecessor-version":[{"id":10533,"href":"https:\/\/projectes.xtec.cat\/edc-suport\/wp-json\/wp\/v2\/pages\/10215\/revisions\/10533"}],"wp:attachment":[{"href":"https:\/\/projectes.xtec.cat\/edc-suport\/wp-json\/wp\/v2\/media?parent=10215"}],"curies":[{"name":"wp","href":"https:\/\/api.w.org\/{rel}","templated":true}]}}