{"id":8241,"date":"2020-12-18T12:53:41","date_gmt":"2020-12-18T11:53:41","guid":{"rendered":"https:\/\/projectes.xtec.cat\/edc-suport\/?page_id=8241"},"modified":"2021-03-17T15:52:07","modified_gmt":"2021-03-17T14:52:07","slug":"cultura-digital-2","status":"publish","type":"page","link":"https:\/\/projectes.xtec.cat\/edc-suport\/cultura-digital-2\/","title":{"rendered":"Cultura Digital"},"content":{"rendered":"<p style=\"text-align: justify;\">Per realitzar l&#8217;apartat de Cultura Digital del document de l&#8217;EDC no hi ha cap procediment espec\u00edfic ni cal seguir cap cam\u00ed concret. Aquesta part del document de l&#8217;EDC nom\u00e9s<strong> recull tot el que el centre ja est\u00e0 realitzant en l&#8217;\u00e0mbit digital.<\/strong> Per tant, nom\u00e9s cal documentar-ho i afegir-ho.<\/p>\n<p style=\"text-align: justify;\">En molts centres, aquestes accions que es duen a terme ja estan documentades. Alguns centres tenen documents espec\u00edfics, altres tenen sistemes de qualitat on estan indicats els procediments relacionats, altres ho incorporen en les NOFC. La casu\u00edstica \u00e9s molt variada. El que \u00e9s important \u00e9s que en l&#8217;EDC hi estigui tot referenciat. D&#8217;aquesta manera, qualsevol membre de la comunitat educativa que la llegeixi tindr\u00e0 una visi\u00f3 global del centre en l&#8217;\u00e0mbit digital.<\/p>\n<p style=\"text-align: justify;\">Cal insistir en el fet que, si el centre ja ho t\u00e9 documentat, que no cal incorporar-ho de nou a l&#8217;EDC, per\u00f2 s\u00ed <strong>indicar-ne la manera de localitzar-ho amb facilitat<\/strong>. Per exemple, un centre podria indicar el <em>pla d&#8217;acollida digital de l&#8217;alumnat<\/em> nou de la seg\u00fcent manera:<em> &#8220;El centre ha desenvolupat un pla d&#8217;acollida digital de l&#8217;alumnat nou, ja sigui d&#8217;incorporaci\u00f3 a l&#8217;inici curs o de matr\u00edcula viva, on es detallen les accions que el centre realitza per assegurar un acompanyament bon acompanyament en l&#8217;\u00fas inicial de l&#8217;entorn digital del centre. Aquest pla d&#8217;acollida es pot trobar en el seg\u00fcent enlla\u00e7.&#8221;<\/em><\/p>\n<p style=\"text-align: justify;\">De la mateixa manera, podria incloure refer\u00e8ncies a la normativa de l&#8217;\u00fas dels tel\u00e8fons m\u00f2bils al centre: <em>&#8220;El centre ha desenvolupat una normativa espec\u00edfica sobre de l&#8217;\u00fas dels tel\u00e8fons m\u00f2bils. Aquesta normativa forma part de les NOFC del centre, concretament, del cap\u00edtol X que es pot consultar en el seg\u00fcent enlla\u00e7.&#8221;<\/em><\/p>\n<p>Resumint, \u00e9s molt important que s&#8217;inclogui l&#8217;enlla\u00e7 o el document per tal que <strong>totes les refer\u00e8ncies a la cultura digital del centre siguin f\u00e0cilment\u00a0 localitzables i estiguin a l&#8217;abast de la comunitat educativa.<\/strong><\/p>\n<p>Si el centre no disposa de cap document creat, es pot incorporar directament el text complet en el document de l&#8217;EDC.<\/p>\n<p style=\"text-align: center;\"><img loading=\"lazy\" decoding=\"async\" class=\"wp-image-8688  aligncenter\" src=\"https:\/\/projectes.xtec.cat\/edc-suport\/wp-content\/uploads\/usu2435\/2021\/03\/edc7.jpg\" alt=\"Elements de la Cultura Digital de Centre\" width=\"713\" height=\"517\" srcset=\"https:\/\/projectes.xtec.cat\/edc-suport\/wp-content\/uploads\/usu2435\/2021\/03\/edc7.jpg 1065w, https:\/\/projectes.xtec.cat\/edc-suport\/wp-content\/uploads\/usu2435\/2021\/03\/edc7-300x217.jpg 300w, https:\/\/projectes.xtec.cat\/edc-suport\/wp-content\/uploads\/usu2435\/2021\/03\/edc7-768x556.jpg 768w, https:\/\/projectes.xtec.cat\/edc-suport\/wp-content\/uploads\/usu2435\/2021\/03\/edc7-1024x741.jpg 1024w\" sizes=\"auto, (max-width: 713px) 100vw, 713px\" \/><\/p>\n","protected":false},"excerpt":{"rendered":"<p>Per realitzar l&#8217;apartat de Cultura Digital del document de l&#8217;EDC no hi ha cap procediment espec\u00edfic ni cal seguir cap cam\u00ed concret. Aquesta part del document de l&#8217;EDC nom\u00e9s recull tot el que el centre ja est\u00e0 realitzant en l&#8217;\u00e0mbit digital. Per tant, nom\u00e9s cal&hellip;  <a href=\"https:\/\/projectes.xtec.cat\/edc-suport\/cultura-digital-2\/\" title=\"Read Cultura Digital\">Llegeix m\u00e9s\u00bb<\/a><\/p>\n","protected":false},"author":4,"featured_media":0,"parent":0,"menu_order":4,"comment_status":"closed","ping_status":"closed","template":"","meta":{"_bbp_topic_count":0,"_bbp_reply_count":0,"_bbp_total_topic_count":0,"_bbp_total_reply_count":0,"_bbp_voice_count":0,"_bbp_anonymous_reply_count":0,"_bbp_topic_count_hidden":0,"_bbp_reply_count_hidden":0,"_bbp_forum_subforum_count":0,"footnotes":""},"class_list":["post-8241","page","type-page","status-publish","hentry"],"post_mailing_queue_ids":[],"_links":{"self":[{"href":"https:\/\/projectes.xtec.cat\/edc-suport\/wp-json\/wp\/v2\/pages\/8241","targetHints":{"allow":["GET"]}}],"collection":[{"href":"https:\/\/projectes.xtec.cat\/edc-suport\/wp-json\/wp\/v2\/pages"}],"about":[{"href":"https:\/\/projectes.xtec.cat\/edc-suport\/wp-json\/wp\/v2\/types\/page"}],"author":[{"embeddable":true,"href":"https:\/\/projectes.xtec.cat\/edc-suport\/wp-json\/wp\/v2\/users\/4"}],"replies":[{"embeddable":true,"href":"https:\/\/projectes.xtec.cat\/edc-suport\/wp-json\/wp\/v2\/comments?post=8241"}],"version-history":[{"count":3,"href":"https:\/\/projectes.xtec.cat\/edc-suport\/wp-json\/wp\/v2\/pages\/8241\/revisions"}],"predecessor-version":[{"id":8690,"href":"https:\/\/projectes.xtec.cat\/edc-suport\/wp-json\/wp\/v2\/pages\/8241\/revisions\/8690"}],"wp:attachment":[{"href":"https:\/\/projectes.xtec.cat\/edc-suport\/wp-json\/wp\/v2\/media?parent=8241"}],"curies":[{"name":"wp","href":"https:\/\/api.w.org\/{rel}","templated":true}]}}