{"id":9378,"date":"2021-12-02T08:36:27","date_gmt":"2021-12-02T07:36:27","guid":{"rendered":"https:\/\/projectes.xtec.cat\/edc-suport\/?page_id=9378"},"modified":"2021-12-09T14:57:05","modified_gmt":"2021-12-09T13:57:05","slug":"competencia-alumnat","status":"publish","type":"page","link":"https:\/\/projectes.xtec.cat\/edc-suport\/edc-institut-del-cami\/cultura-digital\/competencia-alumnat\/","title":{"rendered":"Compet\u00e8ncia alumnat"},"content":{"rendered":"<div style=\"display: flex; background-color: #ff3257; font-size: 24pt; height: 40pt; justify-content: center; margin-top: 4pt; margin-bottom: 4 pt; color: white!important;\">\n<p>ACOLLIMENT DIGITAL<\/p>\n<\/div>\n<p>&nbsp;<\/p>\n<p>Els alumnes de 1r d&#8217;ESO s&#8217;incorporen al centre i porten sempre un ordinador. Per tal que puguin tenir unes nocions inicials, s&#8217;ha dissenyat un pla d&#8217;acolliment digital. En aquest pla es detalla quins aspectes es tractaran des de cada mat\u00e8ria per tal d&#8217;assegurar que els alumnes aprenen a fer-ne un \u00fas b\u00e0sic i segur.<\/p>\n<div style=\"display: flex; background-color: #ff3257; font-size: 24pt; height: 40pt; justify-content: center; margin-top: 4pt; margin-bottom: 4 pt; color: white!important;\">\n<p>DESPLEGAMENT DE LA COMPET\u00c8NCIA DIGITAL<\/p>\n<\/div>\n<p>&nbsp;<\/p>\n<p>El centre est\u00e0 creant una r\u00fabrica concretant les compet\u00e8ncies digitals per cada un dels cursos i adaptada al model del centre. a m\u00e9s, s&#8217;han recollit totes les activitats digitals que apareixen a les programacions de les mat\u00e8ries i els projectes.<\/p>\n<p>En els cursos vinents s&#8217;anir\u00e0 completant la r\u00fabrica i actualitzant les activitats, afegint-ne en aquelles compet\u00e8ncies quan ho requereixen i reorientant-ne en aquelles que es treballen massa sovint.<\/p>\n<p>El seg\u00fcent document recull l&#8217;estat actual:<\/p>\n<ul>\n<li><a class=\"XqQF9c\" href=\"https:\/\/docs.google.com\/spreadsheets\/d\/1fSwghE5VNc5ZN0z2Jzicc4NM6BLqjaaR4Q9pCk9xYM8\" target=\"_blank\" rel=\"noopener\">Desplegament i r\u00fabrica de la compet\u00e8ncia digital<\/a><\/li>\n<\/ul>\n<div class=\"WIdY2d M1aSXe\" data-embed-doc-id=\"1fSwghE5VNc5ZN0z2Jzicc4NM6BLqjaaR4Q9pCk9xYM8\" data-embed-open-url=\"https:\/\/drive.google.com\/open?authuser=0&amp;id=1fSwghE5VNc5ZN0z2Jzicc4NM6BLqjaaR4Q9pCk9xYM8\" data-embed-thumbnailurl=\"https:\/\/drive.google.com\/thumbnail?authuser=0&amp;id=1fSwghE5VNc5ZN0z2Jzicc4NM6BLqjaaR4Q9pCk9xYM8&amp;sz=w464-h322-p-k-nu\"><iframe loading=\"lazy\" class=\"YMEQtf DnR2hf L6cTce-purZT L6cTce-pSzOP KfXz0b\" src=\"https:\/\/docs.google.com\/spreadsheets\/d\/1fSwghE5VNc5ZN0z2Jzicc4NM6BLqjaaR4Q9pCk9xYM8\/htmlembed?authuser=0\" width=\"1000\" height=\"500\" frameborder=\"0\" sandbox=\"allow-scripts allow-popups allow-forms allow-same-origin allow-popups-to-escape-sandbox allow-downloads allow-modals\" allowfullscreen=\"allowfullscreen\" aria-label=\"Spreadsheet, Desplegament de la Compet\u00e8ncia digital per \u00e0mbits\" data-mce-fragment=\"1\"><\/iframe><\/div>\n<div><\/div>\n<div><\/div>\n<div><\/div>\n<p>&nbsp;<\/p>\n<div style=\"display: flex; background-color: #ff3257; font-size: 24pt; height: 40pt; justify-content: center; margin-top: 4pt; margin-bottom: 4 pt; color: white!important;\">\n<p>AVALUACI\u00d3 DE LA COMPET\u00c8NCIA DIGITAL<\/p>\n<\/div>\n<p>&nbsp;<\/p>\n<p>Per tal de fer una avaluaci\u00f3 realment transversal d&#8217;aquesta compet\u00e8ncia, per cada grup es crea un qViC especial i diferenciat de compet\u00e8ncia digital.<\/p>\n<p>Quan un professor\/a treballa i qualifica aquesta compet\u00e8ncia des de la seva mat\u00e8ria, accedeix al qViC i anota all\u00e0 l&#8217;activitat i la qualificaci\u00f3.<\/p>\n<p>Al final de trimestre, de manera consensuada, s&#8217;acorden els percentatges assignats a la qualificaci\u00f3 de cada una de les compet\u00e8ncies digitals per calcular la qualificaci\u00f3 global. Tamb\u00e9 de manera consensuada es redacta el comentari personalitzat de cada alumne.<\/p>\n<p>Aix\u00f2 permet fer un seguiment de l&#8217;assoliment de l&#8217;alumnat, per\u00f2 tamb\u00e9 permet que el centre tingui visi\u00f3 de totes les activitats que es realitzen per aconseguir, ja sigui des de les mat\u00e8ries, des dels projectes o des de la tutoria.<\/p>\n<div class=\"t3iYD\"><img loading=\"lazy\" decoding=\"async\" class=\"aligncenter wp-image-9502 size-large\" src=\"https:\/\/projectes.xtec.cat\/edc-suport\/wp-content\/uploads\/usu2435\/2021\/12\/compe1-1024x492.png\" alt=\"\" width=\"1024\" height=\"492\" srcset=\"https:\/\/projectes.xtec.cat\/edc-suport\/wp-content\/uploads\/usu2435\/2021\/12\/compe1-1024x492.png 1024w, https:\/\/projectes.xtec.cat\/edc-suport\/wp-content\/uploads\/usu2435\/2021\/12\/compe1-300x144.png 300w, https:\/\/projectes.xtec.cat\/edc-suport\/wp-content\/uploads\/usu2435\/2021\/12\/compe1-768x369.png 768w, https:\/\/projectes.xtec.cat\/edc-suport\/wp-content\/uploads\/usu2435\/2021\/12\/compe1.png 1280w\" sizes=\"auto, (max-width: 1024px) 100vw, 1024px\" \/><\/div>\n","protected":false},"excerpt":{"rendered":"<p>ACOLLIMENT DIGITAL<\/p>\n<p>&nbsp;<br \/>\nEls alumnes de 1r d&#8217;ESO s&#8217;incorporen al centre i porten sempre un ordinador. Per tal que puguin tenir unes nocions inicials, s&#8217;ha dissenyat un pla d&#8217;acolliment digital. En aquest pla es detalla quins aspectes es tractaran des de cada mat\u00e8ria per tal d&#8217;assegurar que&hellip;  <a href=\"https:\/\/projectes.xtec.cat\/edc-suport\/edc-institut-del-cami\/cultura-digital\/competencia-alumnat\/\" title=\"Read Compet\u00e8ncia alumnat\">Llegeix m\u00e9s\u00bb<\/a><\/p>\n","protected":false},"author":68,"featured_media":0,"parent":9347,"menu_order":4,"comment_status":"closed","ping_status":"closed","template":"page-templates\/side-menu.php","meta":{"_bbp_topic_count":0,"_bbp_reply_count":0,"_bbp_total_topic_count":0,"_bbp_total_reply_count":0,"_bbp_voice_count":0,"_bbp_anonymous_reply_count":0,"_bbp_topic_count_hidden":0,"_bbp_reply_count_hidden":0,"_bbp_forum_subforum_count":0,"footnotes":""},"class_list":["post-9378","page","type-page","status-publish","hentry"],"post_mailing_queue_ids":[],"_links":{"self":[{"href":"https:\/\/projectes.xtec.cat\/edc-suport\/wp-json\/wp\/v2\/pages\/9378","targetHints":{"allow":["GET"]}}],"collection":[{"href":"https:\/\/projectes.xtec.cat\/edc-suport\/wp-json\/wp\/v2\/pages"}],"about":[{"href":"https:\/\/projectes.xtec.cat\/edc-suport\/wp-json\/wp\/v2\/types\/page"}],"author":[{"embeddable":true,"href":"https:\/\/projectes.xtec.cat\/edc-suport\/wp-json\/wp\/v2\/users\/68"}],"replies":[{"embeddable":true,"href":"https:\/\/projectes.xtec.cat\/edc-suport\/wp-json\/wp\/v2\/comments?post=9378"}],"version-history":[{"count":4,"href":"https:\/\/projectes.xtec.cat\/edc-suport\/wp-json\/wp\/v2\/pages\/9378\/revisions"}],"predecessor-version":[{"id":9506,"href":"https:\/\/projectes.xtec.cat\/edc-suport\/wp-json\/wp\/v2\/pages\/9378\/revisions\/9506"}],"up":[{"embeddable":true,"href":"https:\/\/projectes.xtec.cat\/edc-suport\/wp-json\/wp\/v2\/pages\/9347"}],"wp:attachment":[{"href":"https:\/\/projectes.xtec.cat\/edc-suport\/wp-json\/wp\/v2\/media?parent=9378"}],"curies":[{"name":"wp","href":"https:\/\/api.w.org\/{rel}","templated":true}]}}

Competència alumnat

<div style="display: flex; background-color: #ff3257; font-size: 24pt; height: 40pt; justify-content: center; margin-top: 4pt; margin-bottom: 4 pt; color: white!important;">
<p>ACOLLIMENT DIGITAL</p>
</div>
<p>&nbsp;</p>
<p>Els alumnes de 1r d&#8217;ESO s&#8217;incorporen al centre i porten sempre un ordinador. Per tal que puguin tenir unes nocions inicials, s&#8217;ha dissenyat un pla d&#8217;acolliment digital. En aquest pla es detalla quins aspectes es tractaran des de cada matèria per tal d&#8217;assegurar que els alumnes aprenen a fer-ne un ús bàsic i segur.</p>
<div style="display: flex; background-color: #ff3257; font-size: 24pt; height: 40pt; justify-content: center; margin-top: 4pt; margin-bottom: 4 pt; color: white!important;">
<p>DESPLEGAMENT DE LA COMPETÈNCIA DIGITAL</p>
</div>
<p>&nbsp;</p>
<p>El centre està creant una rúbrica concretant les competències digitals per cada un dels cursos i adaptada al model del centre. a més, s&#8217;han recollit totes les activitats digitals que apareixen a les programacions de les matèries i els projectes.</p>
<p>En els cursos vinents s&#8217;anirà completant la rúbrica i actualitzant les activitats, afegint-ne en aquelles competències quan ho requereixen i reorientant-ne en aquelles que es treballen massa sovint.</p>
<p>El següent document recull l&#8217;estat actual:</p>
<ul>
<li><a class="XqQF9c" href="https://docs.google.com/spreadsheets/d/1fSwghE5VNc5ZN0z2Jzicc4NM6BLqjaaR4Q9pCk9xYM8" target="_blank" rel="noopener">Desplegament i rúbrica de la competència digital</a></li>
</ul>
<div class="WIdY2d M1aSXe" data-embed-doc-id="1fSwghE5VNc5ZN0z2Jzicc4NM6BLqjaaR4Q9pCk9xYM8" data-embed-open-url="https://drive.google.com/open?authuser=0&amp;id=1fSwghE5VNc5ZN0z2Jzicc4NM6BLqjaaR4Q9pCk9xYM8" data-embed-thumbnailurl="https://drive.google.com/thumbnail?authuser=0&amp;id=1fSwghE5VNc5ZN0z2Jzicc4NM6BLqjaaR4Q9pCk9xYM8&amp;sz=w464-h322-p-k-nu"><iframe loading="lazy" class="YMEQtf DnR2hf L6cTce-purZT L6cTce-pSzOP KfXz0b" src="https://docs.google.com/spreadsheets/d/1fSwghE5VNc5ZN0z2Jzicc4NM6BLqjaaR4Q9pCk9xYM8/htmlembed?authuser=0" width="1000" height="500" frameborder="0" sandbox="allow-scripts allow-popups allow-forms allow-same-origin allow-popups-to-escape-sandbox allow-downloads allow-modals" allowfullscreen="allowfullscreen" aria-label="Spreadsheet, Desplegament de la Competència digital per àmbits" data-mce-fragment="1"></iframe></div>
<div></div>
<div></div>
<div></div>
<p>&nbsp;</p>
<div style="display: flex; background-color: #ff3257; font-size: 24pt; height: 40pt; justify-content: center; margin-top: 4pt; margin-bottom: 4 pt; color: white!important;">
<p>AVALUACIÓ DE LA COMPETÈNCIA DIGITAL</p>
</div>
<p>&nbsp;</p>
<p>Per tal de fer una avaluació realment transversal d&#8217;aquesta competència, per cada grup es crea un qViC especial i diferenciat de competència digital.</p>
<p>Quan un professor/a treballa i qualifica aquesta competència des de la seva matèria, accedeix al qViC i anota allà l&#8217;activitat i la qualificació.</p>
<p>Al final de trimestre, de manera consensuada, s&#8217;acorden els percentatges assignats a la qualificació de cada una de les competències digitals per calcular la qualificació global. També de manera consensuada es redacta el comentari personalitzat de cada alumne.</p>
<p>Això permet fer un seguiment de l&#8217;assoliment de l&#8217;alumnat, però també permet que el centre tingui visió de totes les activitats que es realitzen per aconseguir, ja sigui des de les matèries, des dels projectes o des de la tutoria.</p>
<div class="t3iYD"><img loading="lazy" decoding="async" class="aligncenter wp-image-9502 size-large" src="https://projectes.xtec.cat/edc-suport/wp-content/uploads/usu2435/2021/12/compe1-1024x492.png" alt="" width="1024" height="492" srcset="https://projectes.xtec.cat/edc-suport/wp-content/uploads/usu2435/2021/12/compe1-1024x492.png 1024w, https://projectes.xtec.cat/edc-suport/wp-content/uploads/usu2435/2021/12/compe1-300x144.png 300w, https://projectes.xtec.cat/edc-suport/wp-content/uploads/usu2435/2021/12/compe1-768x369.png 768w, https://projectes.xtec.cat/edc-suport/wp-content/uploads/usu2435/2021/12/compe1.png 1280w" sizes="auto, (max-width: 1024px) 100vw, 1024px" /></div>

<p>ACOLLIMENT DIGITAL</p>
<p>&nbsp;<br />
Els alumnes de 1r d&#8217;ESO s&#8217;incorporen al centre i porten sempre un ordinador. Per tal que puguin tenir unes nocions inicials, s&#8217;ha dissenyat un pla d&#8217;acolliment digital. En aquest pla es detalla quins aspectes es tractaran des de cada matèria per tal d&#8217;assegurar que&hellip;  <a href="https://projectes.xtec.cat/edc-suport/edc-institut-del-cami/cultura-digital/competencia-alumnat/" title="Read Competència alumnat">Llegeix més»</a></p>
