{"id":9380,"date":"2021-12-02T08:37:07","date_gmt":"2021-12-02T07:37:07","guid":{"rendered":"https:\/\/projectes.xtec.cat\/edc-suport\/?page_id=9380"},"modified":"2021-12-14T12:45:50","modified_gmt":"2021-12-14T11:45:50","slug":"competencia-professorat","status":"publish","type":"page","link":"https:\/\/projectes.xtec.cat\/edc-suport\/edc-institut-del-cami\/cultura-digital\/competencia-professorat\/","title":{"rendered":"Compet\u00e8ncia professorat"},"content":{"rendered":"<div style=\"display: flex; background-color: #ff3257; font-size: 24pt; height: 40pt; justify-content: center; margin-top: 4pt; margin-bottom: 4 pt; color: white!important;\">\n<p>ACOLLIDA<\/p>\n<\/div>\n<p>&nbsp;<\/p>\n<p>El centre est\u00e0 desenvolupant un pla d&#8217;acollida del nou professorat pel que fa a temes digitals. En el seg\u00fcent document es pot consultar l&#8217;esborrany:<\/p>\n<ul>\n<li><a href=\"https:\/\/docs.google.com\/document\/d\/1vjwUhDuEInV_WhmWEr4dwXFOZQGAP9dmYO_hFz0T8J4\/edit?usp=sharing\">Acollida digital professorat nou<\/a><\/li>\n<\/ul>\n<div style=\"display: flex; background-color: #ff3257; font-size: 24pt; height: 40pt; justify-content: center; margin-top: 4pt; margin-bottom: 4 pt; color: white!important;\">\n<p>FORMACI\u00d3<\/p>\n<\/div>\n<p><img loading=\"lazy\" decoding=\"async\" class=\"alignright size-medium wp-image-9447\" src=\"https:\/\/projectes.xtec.cat\/edc-suport\/wp-content\/uploads\/usu2435\/2021\/12\/pindoles-300x227.png\" alt=\"\" width=\"300\" height=\"227\" srcset=\"https:\/\/projectes.xtec.cat\/edc-suport\/wp-content\/uploads\/usu2435\/2021\/12\/pindoles-300x227.png 300w, https:\/\/projectes.xtec.cat\/edc-suport\/wp-content\/uploads\/usu2435\/2021\/12\/pindoles-200x150.png 200w, https:\/\/projectes.xtec.cat\/edc-suport\/wp-content\/uploads\/usu2435\/2021\/12\/pindoles.png 595w\" sizes=\"auto, (max-width: 300px) 100vw, 300px\" \/><\/p>\n<p>Tal com indiquen les NOFC, la formaci\u00f3 en cultura digital \u00e9s un aspecte clau del centre. Aquesta formaci\u00f3 s&#8217;articula, b\u00e0sicament, de tres maneres:<\/p>\n<ul>\n<li>Formaci\u00f3 dins el pla d&#8217;acolliment del professorat.<\/li>\n<li>FiC: de manera peri\u00f2dica, la formaci\u00f3 interna del centre va incorporant aspectes de cultura digital. Els materials d&#8217;aquesta formaci\u00f3 es troben dins la carpeta Formaci\u00f3 de l&#8217;estructura de centre per tal que qualsevol membre del professorat pugui consultar-la.<\/li>\n<li>A trav\u00e9s de la Zona de professorat, quan apareixen novetats digitals, especialment canvis en les eines de G Suite for Education, es pengen articles explicant els canvis i la utilitat pedag\u00f2gica que poden tenir.<\/li>\n<\/ul>\n<p>&nbsp;<\/p>\n<div style=\"display: flex; background-color: #ff3257; font-size: 24pt; height: 40pt; justify-content: center; margin-top: 4pt; margin-bottom: 4 pt; color: white!important;\">\n<p>TRASP\u00c0S DE DADES<\/p>\n<\/div>\n<p>&nbsp;<\/p>\n<p>Quan un\/a professor\/a deixa el centre, \u00e9s important que pugui tenir c\u00f2pia del material que ha desenvolupat. A continuaci\u00f3 hi ha enlla\u00e7ats els documents que expliquen com fer aquest trasp\u00e0s.<\/p>\n<ul>\n<li><a href=\"https:\/\/docs.google.com\/document\/d\/15ldgxxfcsNVuAhTan866pIF0d6FDMWQ0oc60j7YYw2c\">Exportaci\u00f3 de Correu i Drive a un usuari de l&#8217;XTEC<\/a><\/li>\n<li><a href=\"https:\/\/docs.google.com\/document\/d\/1WHhlfwyxJYo7GFPDl9Z76CUmmtC4YtRw8Uv_u7dZqMA\">Traspassar comptes de Classroom a l\u2019usuari de l\u2019XTEC<\/a><\/li>\n<\/ul>\n","protected":false},"excerpt":{"rendered":"<p>ACOLLIDA<\/p>\n<p>&nbsp;<br \/>\nEl centre est\u00e0 desenvolupant un pla d&#8217;acollida del nou professorat pel que fa a temes digitals. En el seg\u00fcent document es pot consultar l&#8217;esborrany:<\/p>\n<ul>\n<li><a href=\"https:\/\/docs.google.com\/document\/d\/1vjwUhDuEInV_WhmWEr4dwXFOZQGAP9dmYO_hFz0T8J4\/edit?usp=sharing\">Acollida digital professorat nou<\/a><\/li>\n<\/ul>\n<p>FORMACI\u00d3<\/p>\n<p>Tal com indiquen les NOFC, la formaci\u00f3 en cultura digital \u00e9s un aspecte clau del centre. Aquesta formaci\u00f3&hellip;  <a href=\"https:\/\/projectes.xtec.cat\/edc-suport\/edc-institut-del-cami\/cultura-digital\/competencia-professorat\/\" title=\"Read Compet\u00e8ncia professorat\">Llegeix m\u00e9s\u00bb<\/a><\/p>\n","protected":false},"author":68,"featured_media":0,"parent":9347,"menu_order":5,"comment_status":"closed","ping_status":"closed","template":"page-templates\/side-menu.php","meta":{"_bbp_topic_count":0,"_bbp_reply_count":0,"_bbp_total_topic_count":0,"_bbp_total_reply_count":0,"_bbp_voice_count":0,"_bbp_anonymous_reply_count":0,"_bbp_topic_count_hidden":0,"_bbp_reply_count_hidden":0,"_bbp_forum_subforum_count":0,"footnotes":""},"class_list":["post-9380","page","type-page","status-publish","hentry"],"post_mailing_queue_ids":[],"_links":{"self":[{"href":"https:\/\/projectes.xtec.cat\/edc-suport\/wp-json\/wp\/v2\/pages\/9380","targetHints":{"allow":["GET"]}}],"collection":[{"href":"https:\/\/projectes.xtec.cat\/edc-suport\/wp-json\/wp\/v2\/pages"}],"about":[{"href":"https:\/\/projectes.xtec.cat\/edc-suport\/wp-json\/wp\/v2\/types\/page"}],"author":[{"embeddable":true,"href":"https:\/\/projectes.xtec.cat\/edc-suport\/wp-json\/wp\/v2\/users\/68"}],"replies":[{"embeddable":true,"href":"https:\/\/projectes.xtec.cat\/edc-suport\/wp-json\/wp\/v2\/comments?post=9380"}],"version-history":[{"count":3,"href":"https:\/\/projectes.xtec.cat\/edc-suport\/wp-json\/wp\/v2\/pages\/9380\/revisions"}],"predecessor-version":[{"id":9526,"href":"https:\/\/projectes.xtec.cat\/edc-suport\/wp-json\/wp\/v2\/pages\/9380\/revisions\/9526"}],"up":[{"embeddable":true,"href":"https:\/\/projectes.xtec.cat\/edc-suport\/wp-json\/wp\/v2\/pages\/9347"}],"wp:attachment":[{"href":"https:\/\/projectes.xtec.cat\/edc-suport\/wp-json\/wp\/v2\/media?parent=9380"}],"curies":[{"name":"wp","href":"https:\/\/api.w.org\/{rel}","templated":true}]}}