{"id":9382,"date":"2021-12-02T08:38:23","date_gmt":"2021-12-02T07:38:23","guid":{"rendered":"https:\/\/projectes.xtec.cat\/edc-suport\/?page_id=9382"},"modified":"2021-12-14T12:48:18","modified_gmt":"2021-12-14T11:48:18","slug":"calendaris","status":"publish","type":"page","link":"https:\/\/projectes.xtec.cat\/edc-suport\/edc-institut-del-cami\/cultura-digital\/calendaris\/","title":{"rendered":"Calendaris"},"content":{"rendered":"<p>El centre t\u00e9 diversos calendaris per organitzar els esdeveniments i les tasques. L\u2019enlla\u00e7 a tots ells es troba dins la Zona de professorat, dins la Zona d\u2019alumnat si dins la Zona de fam\u00edlies.<\/p>\n<p>Nom\u00e9s poden veure el calendari els usuaris que en tenen perm\u00eds.<\/p>\n<ul>\n<li>General INS\u00a0del cam\u00ed: hi tenen acc\u00e9s el professorat, les fam\u00edlies i l&#8217;alumnat,\u00a0i s&#8217;hi indiquen les dates fonamentals del centre. Inici de classes, vacances, festius, lliuraments de notes\u2026<\/li>\n<li>Professorat INS del cam\u00ed: nom\u00e9s hi tenen acc\u00e9s el professorat i s&#8217;hi indiquen les activitats del claustre (reunions, formacions, etc.)<\/li>\n<li>Calendaris per cursos (1r A, 1r B, 2n A\u2026). Hi tenen acc\u00e9s el professorat, l&#8217;alumnat\u00a0del grup corresponent i les fam\u00edlies del grup corresponent. S&#8217;hi indiquen activitats espec\u00edfiques del grup: deures, sortides, ex\u00e0mens, etc.<\/li>\n<\/ul>\n<p>Tamb\u00e9 s\u2019utilitzen els<strong>\u00a0calendaris per reservar espais i material del centre<\/strong>:<\/p>\n<ul>\n<li><a href=\"https:\/\/docs.google.com\/document\/d\/1686P_gOMx_HgrH51apnxrrq7xP6YHYsjoTEaMArBgm8\" target=\"_blank\" rel=\"noopener\">Creaci\u00f3 i gesti\u00f3 de calendaris per reservar espais<\/a><\/li>\n<\/ul>\n","protected":false},"excerpt":{"rendered":"<p>El centre t\u00e9 diversos calendaris per organitzar els esdeveniments i les tasques. L\u2019enlla\u00e7 a tots ells es troba dins la Zona de professorat, dins la Zona d\u2019alumnat si dins la Zona de fam\u00edlies.<br \/>\nNom\u00e9s poden veure el calendari els usuaris que en tenen perm\u00eds.<\/p>\n<ul>\n<li>General INS\u00a0del cam\u00ed:&hellip;  <a href=\"https:\/\/projectes.xtec.cat\/edc-suport\/edc-institut-del-cami\/cultura-digital\/calendaris\/\" title=\"Read Calendaris\">Llegeix m\u00e9s\u00bb<\/a><br \/>\n","protected":false},"author":68,"featured_media":0,"parent":9347,"menu_order":6,"comment_status":"closed","ping_status":"closed","template":"page-templates\/side-menu.php","meta":{"_bbp_topic_count":0,"_bbp_reply_count":0,"_bbp_total_topic_count":0,"_bbp_total_reply_count":0,"_bbp_voice_count":0,"_bbp_anonymous_reply_count":0,"_bbp_topic_count_hidden":0,"_bbp_reply_count_hidden":0,"_bbp_forum_subforum_count":0,"footnotes":""},"class_list":["post-9382","page","type-page","status-publish","hentry"],"post_mailing_queue_ids":[],"_links":{"self":[{"href":"https:\/\/projectes.xtec.cat\/edc-suport\/wp-json\/wp\/v2\/pages\/9382","targetHints":{"allow":["GET"]}}],"collection":[{"href":"https:\/\/projectes.xtec.cat\/edc-suport\/wp-json\/wp\/v2\/pages"}],"about":[{"href":"https:\/\/projectes.xtec.cat\/edc-suport\/wp-json\/wp\/v2\/types\/page"}],"author":[{"embeddable":true,"href":"https:\/\/projectes.xtec.cat\/edc-suport\/wp-json\/wp\/v2\/users\/68"}],"replies":[{"embeddable":true,"href":"https:\/\/projectes.xtec.cat\/edc-suport\/wp-json\/wp\/v2\/comments?post=9382"}],"version-history":[{"count":3,"href":"https:\/\/projectes.xtec.cat\/edc-suport\/wp-json\/wp\/v2\/pages\/9382\/revisions"}],"predecessor-version":[{"id":9527,"href":"https:\/\/projectes.xtec.cat\/edc-suport\/wp-json\/wp\/v2\/pages\/9382\/revisions\/9527"}],"up":[{"embeddable":true,"href":"https:\/\/projectes.xtec.cat\/edc-suport\/wp-json\/wp\/v2\/pages\/9347"}],"wp:attachment":[{"href":"https:\/\/projectes.xtec.cat\/edc-suport\/wp-json\/wp\/v2\/media?parent=9382"}],"curies":[{"name":"wp","href":"https:\/\/api.w.org\/{rel}","templated":true}]}}