{"id":9743,"date":"2022-01-26T09:03:25","date_gmt":"2022-01-26T08:03:25","guid":{"rendered":"https:\/\/projectes.xtec.cat\/edc-suport\/?page_id=9743"},"modified":"2023-05-18T09:26:57","modified_gmt":"2023-05-18T07:26:57","slug":"fic-dedc","status":"publish","type":"page","link":"https:\/\/projectes.xtec.cat\/edc-suport\/espai-del-mentor-a_pagina-dentrada\/fic-dedc\/","title":{"rendered":"FIC d&#8217;EDC"},"content":{"rendered":"<p><a href=\"https:\/\/drive.google.com\/file\/d\/1X4FT7MwCkAjzk-5ggtOPO-PqMePXcw0V\/view\" target=\"_blank\" rel=\"noopener\">Document de la FIC d&#8217;EDC<\/a><\/p>\n<p>Per a la preparaci\u00f3 del curs de la FIC d&#8217;EDC, de cada un dels centres, en <strong>Odissea<\/strong>, s&#8217;han de realitzar els seg\u00fcents passos.<\/p>\n<h3>Des del CRP<\/h3>\n<ul>\n<li style=\"list-style-type: none;\">\n<ul>\n<li style=\"list-style-type: none;\">\n<ul>\n<li style=\"list-style-type: none;\">\n<ul>\n<li style=\"list-style-type: none;\">\n<ul>\n<li>En el <strong>GTAF<\/strong>\n<ul>\n<li style=\"font-weight: 400;\" aria-level=\"2\"><span style=\"font-weight: 400;\">Crear l\u2019activitat.<\/span><\/li>\n<li style=\"font-weight: 400;\" aria-level=\"2\"><span style=\"font-weight: 400;\">Afegir al mentor i als coordinadors de mentors com a suport a 0 hores<\/span><\/li>\n<li style=\"font-weight: 400;\" aria-level=\"2\"><span style=\"font-weight: 400;\">Afegir els formadors<\/span><\/li>\n<li style=\"font-weight: 400;\" aria-level=\"2\"><span style=\"font-weight: 400;\">Inscriure els participants<\/span><\/li>\n<li style=\"font-weight: 400;\" aria-level=\"2\"><span style=\"font-weight: 400;\">Gestionar les actes de l\u2019activitat<\/span><\/li>\n<li style=\"font-weight: 400;\" aria-level=\"2\"><span style=\"font-weight: 400;\">Tancar l\u2019activitat<\/span><\/li>\n<\/ul>\n<\/li>\n<\/ul>\n<\/li>\n<\/ul>\n<\/li>\n<\/ul>\n<\/li>\n<\/ul>\n<\/li>\n<\/ul>\n<p>&nbsp;<\/p>\n<ul>\n<li style=\"list-style-type: none;\">\n<ul>\n<li style=\"list-style-type: none;\">\n<ul>\n<li style=\"list-style-type: none;\">\n<ul>\n<li style=\"list-style-type: none;\">\n<ul>\n<li>En <strong>Odissea<\/strong>\n<ul>\n<li>Crear un curs buit, en la subcategoria del CRP de les FICs<\/li>\n<li>\u00a0 &#8211; Nom curt: ficedcCODIDECENTRE<\/li>\n<li>\u00a0 &#8211; Nom llarg: EDC23 &#8211; NOM DEL CENTRE<\/li>\n<li>Si \u00e9s l<strong>&#8216;EDC de 30 hores (EDC)<\/strong>:<\/li>\n<li>\u00a0 &#8211; Nom curt: ficedcCODIDECENTRE<\/li>\n<li>\u00a0 &#8211; Nom llarg: EDC23 \u2013 NOM DEL CENTRE<\/li>\n<li>Si \u00e9s l&#8217;<strong>EDC de 40 hores (EDCA)<\/strong><\/li>\n<li>\u00a0 &#8211; Nom curt: ficedcaCODIDECENTRE<\/li>\n<li>\u00a0 &#8211; Nom llarg: EDCA23 \u2013 NOM DEL CENTRE<\/li>\n<li>Si \u00e9s el <strong>Taller (EDCC)<\/strong>:<\/li>\n<li>&#8211; Nom curt: ficedccCODIDECENTRE<\/li>\n<li>&#8211; Nom llarg: EDCC23 \u2013 NOM DEL CENTRE<\/li>\n<li>Afegir en el curs el mentor\/a, els coordinadors\/es i els formadors\/es com a <b>Tutors\/es amb edici\u00f3.<\/b><\/li>\n<\/ul>\n<\/li>\n<\/ul>\n<\/li>\n<\/ul>\n<\/li>\n<\/ul>\n<\/li>\n<\/ul>\n<\/li>\n<\/ul>\n<p>&nbsp;<\/p>\n<h3>Per part del mentor\/a<\/h3>\n<ul>\n<li style=\"list-style-type: none;\">\n<ul>\n<li style=\"list-style-type: none;\">\n<ul>\n<li style=\"list-style-type: none;\">\n<ul>\n<li style=\"list-style-type: none;\">\n<ul>\n<li style=\"font-weight: 400;\" aria-level=\"1\"><span style=\"font-weight: 400;\">Concretar amb l\u2019equip directiu el calendari i l\u2019enfocament de la formaci\u00f3 en funci\u00f3 de les metodologies del PEC i de la maduresa digital del claustre.<\/span><\/li>\n<li style=\"font-weight: 400;\" aria-level=\"1\"><span style=\"font-weight: 400;\">Demanar la creaci\u00f3 de l\u2019activitat al GTAF i la creaci\u00f3 del curs a Odissea.<\/span><\/li>\n<li style=\"font-weight: 400;\" aria-level=\"1\"><span style=\"font-weight: 400;\">Revisar que tingui acc\u00e9s a l\u2019activitat al GTAF, per veure la llista de participants.<\/span><\/li>\n<li style=\"font-weight: 400;\" aria-level=\"1\"><span style=\"font-weight: 400;\">Afegir els continguts en el curs de l\u2019Odissea, en funci\u00f3 de les caracter\u00edstiques del centre.<\/span><\/li>\n<li style=\"font-weight: 400;\" aria-level=\"1\"><span style=\"font-weight: 400;\">Assessorar els formadors de la FIC d\u2019EDC per fer l\u2019adaptaci\u00f3 al context i singularitats del centre educatiu.<\/span><\/li>\n<li style=\"font-weight: 400;\" aria-level=\"1\"><span style=\"font-weight: 400;\">Donar suport als formadors pel seguiment de l\u2019assist\u00e8ncia en el GTAF i del lliurament d\u2019activitats en el curs d\u2019Odissea.<\/span><\/li>\n<li style=\"font-weight: 400;\" aria-level=\"1\"><span style=\"font-weight: 400;\">Fer el seguiment de la FIC.<\/span><\/li>\n<li style=\"font-weight: 400;\" aria-level=\"1\"><span style=\"font-weight: 400;\">Introduir els indicadors de la FIC en l\u2019aplicaci\u00f3 de la mentoria, actualitzant-los quan es produeixin canvis.<\/span><\/li>\n<li style=\"font-weight: 400;\" aria-level=\"1\"><span style=\"font-weight: 400;\">Completar l\u2019informe de la FIC una vegada finalitzada.<\/span><\/li>\n<\/ul>\n<\/li>\n<\/ul>\n<\/li>\n<\/ul>\n<\/li>\n<\/ul>\n<\/li>\n<\/ul>\n<p>&nbsp;<\/p>\n<ul>\n<li style=\"list-style-type: none;\">\n<ul>\n<li style=\"list-style-type: none;\">\n<ul>\n<li style=\"list-style-type: none;\">Per realitzar la restauraci\u00f3 dels backups en el curs d&#8217;Odissea seguiu les indicacions del <a href=\"https:\/\/docs.google.com\/presentation\/d\/1CMGXwsM5mbQpG_5UpzfGRYabCLlEbLGW4dyIiYm925g\/preview\" target=\"_blank\" rel=\"noopener\">tutorial<\/a>.<\/li>\n<li style=\"list-style-type: none;\">Per personalitzar els grups del M4 consulteu aquest <a href=\"https:\/\/docs.google.com\/presentation\/d\/1V_Jun3C5LkUfo1izcS73kgG_FNRLOUFGCOSjcLAG360\/preview\" target=\"_blank\" rel=\"noopener\">tutorial<\/a>.<\/li>\n<li style=\"list-style-type: none;\">Enlla\u00e7 al curs <a href=\"https:\/\/odissea.xtec.cat\/course\/view.php?id=129686\" target=\"_blank\" rel=\"noopener\">Formaci\u00f3 interna de centre: EDC (setembre 2022)<\/a><\/li>\n<\/ul>\n<\/li>\n<\/ul>\n<\/li>\n<\/ul>\n<table class=\" aligncenter\" style=\"width: 84.2451%;\">\n<colgroup>\n<col \/>\n<col \/>\n<col \/>\n<col \/>\n<col \/> <\/colgroup>\n<tbody>\n<tr>\n<td style=\"width: 12.6914%;\">\n<p dir=\"ltr\">Backup<\/p>\n<\/td>\n<td style=\"width: 17.4326%;\">\n<p dir=\"ltr\">Contingut<\/p>\n<\/td>\n<td style=\"width: 17.7311%;\">\n<p dir=\"ltr\">Posici\u00f3<\/p>\n<\/td>\n<td style=\"width: 19.6045%;\">\n<p dir=\"ltr\">Orientacions<\/p>\n<\/td>\n<td style=\"width: 15.1005%;\">\n<p dir=\"ltr\">Actualitzaci\u00f3<\/p>\n<\/td>\n<\/tr>\n<tr>\n<td style=\"width: 12.6914%;\">\n<p dir=\"ltr\"><a href=\"https:\/\/drive.google.com\/uc?id=1Hwklb51guR9GPmmEAKRM_6GClVckbKDV&amp;export=download\" target=\"_blank\" rel=\"noopener\">Curs base prim\u00e0ria i eso (30 h)<\/a><\/p>\n<\/td>\n<td style=\"width: 17.4326%;\">\n<p dir=\"ltr\">M1 feedback<\/p>\n<p dir=\"ltr\">M2 seguretat<\/p>\n<p dir=\"ltr\">M3 CDA<\/p>\n<p dir=\"ltr\">M4 CDD<\/p>\n<\/td>\n<td style=\"width: 17.7311%;\">\n<p dir=\"ltr\">Els continguts es restauren en les <strong>seccions de l\u20191 a la 6<\/strong><\/p>\n<\/td>\n<td style=\"width: 19.6045%;\">\n<p dir=\"ltr\">Aquest \u00e9s el curs base de 30 hores que es recomana a escoles i instituts<\/p>\n<\/td>\n<td style=\"width: 15.1005%;\">\n<p dir=\"ltr\">03\/02\/2023<\/p>\n<\/td>\n<\/tr>\n<tr>\n<td style=\"width: 12.6914%;\">\n<p dir=\"ltr\"><a href=\"https:\/\/drive.google.com\/uc?id=1LsMCrFpXofgQvs9HF6RfH0Wq7qZbw9-Z&amp;export=download\" target=\"_blank\" rel=\"noopener\">Curs amb els m\u00f2duls M1, M2, M3, M4 i M5 (40 h)<\/a><\/p>\n<\/td>\n<td style=\"width: 17.4326%;\">\n<p dir=\"ltr\">M1 feedback<\/p>\n<p dir=\"ltr\">M2 seguretat<\/p>\n<p dir=\"ltr\">M3 CDA<\/p>\n<p dir=\"ltr\">M4 CDD<\/p>\n<p dir=\"ltr\">M5 Curr\u00edculum<\/p>\n<\/td>\n<td style=\"width: 17.7311%;\">\n<p dir=\"ltr\">Els continguts es restauren en les <strong>seccions de l\u20191 a la 7<\/strong><\/p>\n<\/td>\n<td style=\"width: 19.6045%;\">\n<p dir=\"ltr\">Aquest \u00e9s el curs base de 40 hores que es recomana a escoles i instituts<\/p>\n<\/td>\n<td style=\"width: 15.1005%;\">03\/02\/2023<\/td>\n<\/tr>\n<tr>\n<td style=\"width: 12.6914%;\">\n<p dir=\"ltr\"><a href=\"https:\/\/drive.google.com\/uc?id=1kPlVygJpmOIpH3QtX3zTToj2CO3-Hq0k&amp;export=download\" target=\"_blank\" rel=\"noopener\">Curs amb els m\u00f2duls M1, M2 i M4<\/a><\/p>\n<\/td>\n<td style=\"width: 17.4326%;\">\n<p dir=\"ltr\">M1 feedback<\/p>\n<p dir=\"ltr\">M2 seguretat<\/p>\n<p dir=\"ltr\">M4 CDD<\/p>\n<\/td>\n<td style=\"width: 17.7311%;\">\n<p dir=\"ltr\">Els continguts es restauren en les <strong>seccions de l\u20191 a la 6 <\/strong>(la secci\u00f3 3 queda lliure)<\/p>\n<\/td>\n<td style=\"width: 19.6045%;\">\n<p dir=\"ltr\">Aquest \u00e9s el curs base per centres d\u2019estudis no obligatoris<\/p>\n<\/td>\n<td style=\"width: 15.1005%;\">03\/02\/2023<\/td>\n<\/tr>\n<tr>\n<td style=\"width: 12.6914%;\">\n<p dir=\"ltr\"><a href=\"https:\/\/drive.google.com\/uc?id=1LgF5eYW0W0tRcjogvlR8xerRt1sf1qwd&amp;export=download\" target=\"_blank\" rel=\"noopener\">M\u00f2dul 1 Iniciaci\u00f3<\/a><\/p>\n<\/td>\n<td style=\"width: 17.4326%;\">\n<p dir=\"ltr\">M1 Iniciaci\u00f3<\/p>\n<\/td>\n<td style=\"width: 17.7311%;\">\n<p dir=\"ltr\">Els continguts es restauren en la <strong>secci\u00f3 9<\/strong><\/p>\n<\/td>\n<td style=\"width: 19.6045%;\">\n<p dir=\"ltr\">Aquest m\u00f2dul 1 es recomana a centres que s\u2019inicien en un EVA<\/p>\n<\/td>\n<td style=\"width: 15.1005%;\">03\/02\/2023<\/td>\n<\/tr>\n<tr>\n<td style=\"width: 12.6914%;\">\n<p dir=\"ltr\"><a href=\"https:\/\/drive.google.com\/uc?id=11sRAAayeJzYt7vvG0EraAHkZXvwinfs0&amp;export=download\" target=\"_blank\" rel=\"noopener\">M\u00f2dul 1 Infantil<\/a><\/p>\n<\/td>\n<td style=\"width: 17.4326%;\">\n<p dir=\"ltr\">M\u00f2dul 1 Infantil<\/p>\n<\/td>\n<td style=\"width: 17.7311%;\">\n<p dir=\"ltr\">Els continguts es restauren en la <strong>secci\u00f3 10<\/strong><\/p>\n<\/td>\n<td style=\"width: 19.6045%;\">\n<p dir=\"ltr\">Aquest m\u00f2dul 1 es recomana a centres amb mestres d\u2019infantil i primer cicle de prim\u00e0ria<\/p>\n<\/td>\n<td style=\"width: 15.1005%;\">03\/02\/2023<\/td>\n<\/tr>\n<tr>\n<td style=\"width: 12.6914%;\">\n<p dir=\"ltr\"><a href=\"https:\/\/drive.google.com\/uc?id=1vv2YX3c4YkauIYPWEITcBOuGjNP88KcS&amp;export=download\" target=\"_blank\" rel=\"noopener\">M\u00f2dul 1 CEE<\/a><\/p>\n<\/td>\n<td style=\"width: 17.4326%;\">\n<p dir=\"ltr\">M\u00f2dul 1 CEE<\/p>\n<\/td>\n<td style=\"width: 17.7311%;\">\n<p dir=\"ltr\">Els continguts es restauren en la <strong>secci\u00f3 11<\/strong><\/p>\n<\/td>\n<td style=\"width: 19.6045%;\">\n<p dir=\"ltr\">Aquest m\u00f2dul 1 es recomana a CEE<\/p>\n<\/td>\n<td style=\"width: 15.1005%;\">03\/02\/2023<\/td>\n<\/tr>\n<tr>\n<td style=\"width: 12.6914%;\">\n<p dir=\"ltr\"><a href=\"https:\/\/drive.google.com\/uc?id=1QYOUvlPgH49bIpyZiLinB8OVcF2_Lp3E&amp;export=download\" target=\"_blank\" rel=\"noopener\">M\u00f2dul 3 CEE<\/a><\/p>\n<\/td>\n<td style=\"width: 17.4326%;\">\n<p dir=\"ltr\">M\u00f2dul 3 CEE<\/p>\n<\/td>\n<td style=\"width: 17.7311%;\">\n<p dir=\"ltr\">Els continguts es restauren en la <strong>secci\u00f3 12<\/strong><\/p>\n<\/td>\n<td style=\"width: 19.6045%;\">\n<p dir=\"ltr\">Aquest m\u00f2dul 3 es recomana a CEE<\/p>\n<\/td>\n<td style=\"width: 15.1005%;\">03\/02\/2023<\/td>\n<\/tr>\n<tr>\n<td style=\"width: 12.6914%;\">\n<p dir=\"ltr\"><a href=\"https:\/\/drive.google.com\/uc?id=1HWASgNWPg8Ce5hH9wWPyLI4mokjeN2u0&amp;export=download\" target=\"_blank\" rel=\"noopener\">M\u00f2dul 3 CFA<\/a><\/p>\n<\/td>\n<td style=\"width: 17.4326%;\">\n<p dir=\"ltr\">M\u00f2dul 3 CFA<\/p>\n<\/td>\n<td style=\"width: 17.7311%;\">\n<p dir=\"ltr\">Els continguts es restauren en la <strong>secci\u00f3 13<\/strong><\/p>\n<\/td>\n<td style=\"width: 19.6045%;\">\n<p dir=\"ltr\">Aquest m\u00f2dul 3 es recomana a CFA<\/p>\n<\/td>\n<td style=\"width: 15.1005%;\">03\/02\/2023<\/td>\n<\/tr>\n<tr>\n<td style=\"width: 12.6914%;\">\n<p dir=\"ltr\"><a href=\"https:\/\/drive.google.com\/uc?id=1iXkycxbrgWKGFmeE2WRcd2TOyrxkIAy6&amp;export=download\" target=\"_blank\" rel=\"noopener\">M\u00f2dul 3 EOI<\/a><\/p>\n<\/td>\n<td style=\"width: 17.4326%;\">\n<p dir=\"ltr\">M\u00f2dul 3 EOI<\/p>\n<\/td>\n<td style=\"width: 17.7311%;\">\n<p dir=\"ltr\">Els continguts es restauren en la <strong>secci\u00f3 14<\/strong><\/p>\n<\/td>\n<td style=\"width: 19.6045%;\">\n<p dir=\"ltr\">Aquest m\u00f2dul 3 es recomana a EOI<\/p>\n<\/td>\n<td style=\"width: 15.1005%;\">03\/02\/2023<\/td>\n<\/tr>\n<tr>\n<td style=\"width: 12.6914%;\">\n<p dir=\"ltr\"><a href=\"https:\/\/drive.google.com\/uc?id=1OXljIWD4MMryq72mYyDyr5vsWEgCzedz&amp;export=download\" target=\"_blank\" rel=\"noopener\">M\u00f2dul 3 FP<\/a><\/p>\n<\/td>\n<td style=\"width: 17.4326%;\">\n<p dir=\"ltr\">M\u00f2dul 3 FP<\/p>\n<\/td>\n<td style=\"width: 17.7311%;\">\n<p dir=\"ltr\">Els continguts es restauren en la <strong>secci\u00f3 15<\/strong><\/p>\n<\/td>\n<td style=\"width: 19.6045%;\">\n<p dir=\"ltr\">Aquest m\u00f2dul 3 es recomana a centres d\u2019FP<\/p>\n<\/td>\n<td style=\"width: 15.1005%;\">03\/02\/2023<\/td>\n<\/tr>\n<tr>\n<td style=\"width: 12.6914%;\">\n<p dir=\"ltr\"><a href=\"https:\/\/drive.google.com\/uc?id=1kONAyV42eOc7JGpFmusab1IQ2inrhOG3&amp;export=download\" target=\"_blank\" rel=\"noopener\">M\u00f2dul 5 Curr\u00edculum<\/a><\/p>\n<\/td>\n<td style=\"width: 17.4326%;\">\n<p dir=\"ltr\">M\u00f2dul 5 Curr\u00edculum<\/p>\n<\/td>\n<td style=\"width: 17.7311%;\">\n<p dir=\"ltr\">Els continguts es restauren en la <strong>secci\u00f3 16<\/strong><\/p>\n<\/td>\n<td style=\"width: 19.6045%;\">\n<p dir=\"ltr\">Aquest \u00e9s el m\u00f2dul del nou curr\u00edculum B\u00e0sica i Batxillerat.<\/p>\n<\/td>\n<td style=\"width: 15.1005%;\">03\/02\/2023<\/td>\n<\/tr>\n<tr>\n<td style=\"width: 12.6914%;\">\n<p dir=\"ltr\"><a href=\"https:\/\/drive.google.com\/uc?id=1Wu318VzoKse-0SV3w4C-oGhPgbZJZkYi&amp;export=download\" target=\"_blank\" rel=\"noopener\">Curs Taller<\/a><\/p>\n<\/td>\n<td style=\"width: 17.4326%;\">\n<p dir=\"ltr\">M\u00f2dul 5 Curr\u00edculum<\/p>\n<\/td>\n<td style=\"width: 17.7311%;\">\n<p dir=\"ltr\">Els continguts es restauren en les <strong>seccions de l\u20191 a la 3<\/strong><\/p>\n<\/td>\n<td style=\"width: 19.6045%;\">\n<p dir=\"ltr\">En aquest backup s&#8217;inclou la cap\u00e7alera del curs, el m\u00f2dul de curr\u00edculum i el formulari d&#8217;avaluaci\u00f3<\/p>\n<\/td>\n<td style=\"width: 15.1005%;\">03\/02\/2023<\/td>\n<\/tr>\n<tr>\n<td style=\"width: 12.6914%;\">\n<p dir=\"ltr\"><a href=\"https:\/\/drive.google.com\/uc?id=1W761FF78m52kQK4C7FD7L6S8DhtGEFFz&amp;export=download\">M\u00f2dul 5 EOI<\/a><\/p>\n<\/td>\n<td style=\"width: 17.4326%;\">\n<p dir=\"ltr\">M\u00f2dul 5 EOI<\/p>\n<\/td>\n<td style=\"width: 17.7311%;\">\n<p dir=\"ltr\">Els continguts es restauren en la <strong>secci\u00f3 17<\/strong><\/p>\n<\/td>\n<td style=\"width: 19.6045%;\">\n<p dir=\"ltr\">M\u00f2dul 5 recomanat per les EOIs<\/p>\n<\/td>\n<td style=\"width: 15.1005%;\">17\/05\/2023<\/td>\n<\/tr>\n<tr>\n<td style=\"width: 12.6914%;\">\n<p dir=\"ltr\"><a href=\"https:\/\/drive.google.com\/uc?id=16eGl9FrkUHls84iLygAVFkMGSQTcmRZd&amp;export=download\">Taller EOI<\/a><\/p>\n<\/td>\n<td style=\"width: 17.4326%;\">\n<p dir=\"ltr\">M\u00f2dul 5 EOI<\/p>\n<\/td>\n<td style=\"width: 17.7311%;\">\n<p dir=\"ltr\">Els continguts es restauren en les <strong>seccions de l\u20191 a la 3<\/strong><\/p>\n<\/td>\n<td style=\"width: 19.6045%;\">\n<p dir=\"ltr\">En aquest backup s&#8217;inclou la cap\u00e7alera del curs, el m\u00f2dul de curr\u00edculum i el formulari d&#8217;avaluaci\u00f3<\/p>\n<\/td>\n<td style=\"width: 15.1005%;\">17\/05\/2023<\/td>\n<\/tr>\n<tr>\n<td style=\"width: 12.6914%;\">\n<p dir=\"ltr\"><a href=\"https:\/\/drive.google.com\/uc?id=16JEcJbQGiWNKOSmqbbGeOglOth4_wA1O&amp;export=download\">M\u00f2dul 5 FP<\/a><\/p>\n<\/td>\n<td style=\"width: 17.4326%;\">\n<p dir=\"ltr\">M\u00f2dul 5 FP<\/p>\n<\/td>\n<td style=\"width: 17.7311%;\">\n<p dir=\"ltr\">Els continguts es restauren en la <strong>secci\u00f3 18<\/strong><\/p>\n<\/td>\n<td style=\"width: 19.6045%;\">\n<p dir=\"ltr\">M\u00f2dul 5 recomanat per FP<\/p>\n<\/td>\n<td style=\"width: 15.1005%;\">17\/05\/2023<\/td>\n<\/tr>\n<tr>\n<td style=\"width: 12.6914%;\">\n<p dir=\"ltr\"><a href=\"https:\/\/drive.google.com\/uc?id=1SogtdiGhjYznXyTFY2dvcJJduooyo9Nz&amp;export=download\">Taller FP<\/a><\/p>\n<\/td>\n<td style=\"width: 17.4326%;\">\n<p dir=\"ltr\">M\u00f2dul 5 FP<\/p>\n<\/td>\n<td style=\"width: 17.7311%;\">\n<p dir=\"ltr\">Els continguts es restauren en les <strong>seccions de l\u20191 a la 3<\/strong><\/p>\n<\/td>\n<td style=\"width: 19.6045%;\">\n<p dir=\"ltr\">En aquest backup s&#8217;inclou la cap\u00e7alera del curs, el m\u00f2dul de curr\u00edculum i el formulari d&#8217;avaluaci\u00f3<\/p>\n<\/td>\n<td style=\"width: 15.1005%;\">17\/05\/2023<\/td>\n<\/tr>\n<tr>\n<td style=\"width: 12.6914%;\">\n<p dir=\"ltr\"><a href=\"https:\/\/drive.google.com\/uc?id=1qkmrru-S_v6x8GcE87qkbnFkGa3rkML_&amp;export=download\">M\u00f2dul 5 CFA<\/a><\/p>\n<\/td>\n<td style=\"width: 17.4326%;\">\n<p dir=\"ltr\">M\u00f2dul 5 CFA<\/p>\n<\/td>\n<td style=\"width: 17.7311%;\">\n<p dir=\"ltr\">Els continguts es restauren en la <strong>secci\u00f3 19<\/strong><\/p>\n<\/td>\n<td style=\"width: 19.6045%;\">\n<p dir=\"ltr\">M\u00f2dul 5 recomanat per CFA<\/p>\n<\/td>\n<td style=\"width: 15.1005%;\">17\/05\/2023<\/td>\n<\/tr>\n<tr>\n<td style=\"width: 12.6914%;\">\n<p dir=\"ltr\"><a href=\"https:\/\/drive.google.com\/uc?id=1peSunDszehFvo7xJYpY1wh3we7hgjJun&amp;export=download\">Taller CFA<\/a><\/p>\n<\/td>\n<td style=\"width: 17.4326%;\">\n<p dir=\"ltr\">M\u00f2dul 5 CFA<\/p>\n<\/td>\n<td style=\"width: 17.7311%;\">\n<p dir=\"ltr\">Els continguts es restauren en les <strong>seccions de l\u20191 a la 3<\/strong><\/p>\n<\/td>\n<td style=\"width: 19.6045%;\">\n<p dir=\"ltr\">En aquest backup s&#8217;inclou la cap\u00e7alera del curs, el m\u00f2dul de curr\u00edculum i el formulari d&#8217;avaluaci\u00f3<\/p>\n<\/td>\n<td style=\"width: 15.1005%;\">17\/05\/2023<\/td>\n<\/tr>\n<tr>\n<td style=\"width: 12.6914%;\">\n<p dir=\"ltr\"><a href=\"https:\/\/drive.google.com\/uc?id=1MI5zNchQ0_9aI6ECA3ev32uhY70hpHpx&amp;export=download\" target=\"_blank\" rel=\"noopener\">Grups del M4<\/a><\/p>\n<\/td>\n<td style=\"width: 17.4326%;\">\n<p dir=\"ltr\">Activitats del M4<\/p>\n<\/td>\n<td style=\"width: 17.7311%;\">\n<p dir=\"ltr\">Grups del M4<\/p>\n<\/td>\n<td style=\"width: 19.6045%;\">\n<p dir=\"ltr\">Aquest backup afegeix els grups del curs i restaura les activitats del M4 en la secci\u00f3 4<\/p>\n<\/td>\n<td style=\"width: 15.1005%;\">28\/07\/2022<\/td>\n<\/tr>\n<\/tbody>\n<\/table>\n","protected":false},"excerpt":{"rendered":"<p><a href=\"https:\/\/drive.google.com\/file\/d\/1X4FT7MwCkAjzk-5ggtOPO-PqMePXcw0V\/view\" target=\"_blank\" rel=\"noopener\">Document de la FIC d&#8217;EDC<\/a><br \/>\nPer a la preparaci\u00f3 del curs de la FIC d&#8217;EDC, de cada un dels centres, en Odissea, s&#8217;han de realitzar els seg\u00fcents passos.<br \/>\nDes del CRP<\/p>\n<ul>\n<li style=\"list-style-type: none;\">\n<ul>\n<li style=\"list-style-type: none;\">\n<ul>\n<li style=\"list-style-type: none;\">\n<ul>\n<li style=\"list-style-type: none;\">\n<ul>\n<li>En el GTAF\n<ul>\n<li style=\"font-weight: 400;\" aria-level=\"2\">Crear&hellip;  <a href=\"https:\/\/projectes.xtec.cat\/edc-suport\/espai-del-mentor-a_pagina-dentrada\/fic-dedc\/\" title=\"Read FIC d&#8217;EDC\">Llegeix m\u00e9s\u00bb<\/a><br \/>\n","protected":false},"author":8,"featured_media":0,"parent":9036,"menu_order":0,"comment_status":"closed","ping_status":"closed","template":"","meta":{"_bbp_topic_count":0,"_bbp_reply_count":0,"_bbp_total_topic_count":0,"_bbp_total_reply_count":0,"_bbp_voice_count":0,"_bbp_anonymous_reply_count":0,"_bbp_topic_count_hidden":0,"_bbp_reply_count_hidden":0,"_bbp_forum_subforum_count":0,"footnotes":""},"class_list":["post-9743","page","type-page","status-publish","hentry"],"post_mailing_queue_ids":[],"_links":{"self":[{"href":"https:\/\/projectes.xtec.cat\/edc-suport\/wp-json\/wp\/v2\/pages\/9743","targetHints":{"allow":["GET"]}}],"collection":[{"href":"https:\/\/projectes.xtec.cat\/edc-suport\/wp-json\/wp\/v2\/pages"}],"about":[{"href":"https:\/\/projectes.xtec.cat\/edc-suport\/wp-json\/wp\/v2\/types\/page"}],"author":[{"embeddable":true,"href":"https:\/\/projectes.xtec.cat\/edc-suport\/wp-json\/wp\/v2\/users\/8"}],"replies":[{"embeddable":true,"href":"https:\/\/projectes.xtec.cat\/edc-suport\/wp-json\/wp\/v2\/comments?post=9743"}],"version-history":[{"count":5,"href":"https:\/\/projectes.xtec.cat\/edc-suport\/wp-json\/wp\/v2\/pages\/9743\/revisions"}],"predecessor-version":[{"id":10406,"href":"https:\/\/projectes.xtec.cat\/edc-suport\/wp-json\/wp\/v2\/pages\/9743\/revisions\/10406"}],"up":[{"embeddable":true,"href":"https:\/\/projectes.xtec.cat\/edc-suport\/wp-json\/wp\/v2\/pages\/9036"}],"wp:attachment":[{"href":"https:\/\/projectes.xtec.cat\/edc-suport\/wp-json\/wp\/v2\/media?parent=9743"}],"curies":[{"name":"wp","href":"https:\/\/api.w.org\/{rel}","templated":true}]}}