{"id":10306,"date":"2021-09-27T21:06:03","date_gmt":"2021-09-27T19:06:03","guid":{"rendered":"https:\/\/projectes.xtec.cat\/edc\/?post_type=nodes_pmf&#038;p=10306"},"modified":"2021-10-03T20:34:07","modified_gmt":"2021-10-03T18:34:07","slug":"quines-son-les-restriccions-horaries-de-la-connexio-a-internet-de-la-mifi","status":"publish","type":"nodes_pmf","link":"https:\/\/projectes.xtec.cat\/edc\/pmf\/quines-son-les-restriccions-horaries-de-la-connexio-a-internet-de-la-mifi\/","title":{"rendered":"Quines s\u00f3n les restriccions hor\u00e0ries de la connexi\u00f3 a Internet de la MiFi?"},"content":{"rendered":"<div class=\"content\">La connexi\u00f3 a Internet est\u00e0 disponible de 7:00 a 23:00 cada dia, inclosos els festius.<\/div>\n","protected":false},"featured_media":0,"template":"","nodes_estat_pmf":[292],"nodes_etiqueta_pmf":[307,296],"class_list":["post-10306","nodes_pmf","type-nodes_pmf","status-publish","hentry","nodes_estat_pmf-publicada","nodes_etiqueta_pmf-mifi","nodes_etiqueta_pmf-equips-alumnat"],"post_mailing_queue_ids":[],"_links":{"self":[{"href":"https:\/\/projectes.xtec.cat\/edc\/wp-json\/wp\/v2\/nodes_pmf\/10306","targetHints":{"allow":["GET"]}}],"collection":[{"href":"https:\/\/projectes.xtec.cat\/edc\/wp-json\/wp\/v2\/nodes_pmf"}],"about":[{"href":"https:\/\/projectes.xtec.cat\/edc\/wp-json\/wp\/v2\/types\/nodes_pmf"}],"wp:attachment":[{"href":"https:\/\/projectes.xtec.cat\/edc\/wp-json\/wp\/v2\/media?parent=10306"}],"wp:term":[{"taxonomy":"nodes_estat_pmf","embeddable":true,"href":"https:\/\/projectes.xtec.cat\/edc\/wp-json\/wp\/v2\/nodes_estat_pmf?post=10306"},{"taxonomy":"nodes_etiqueta_pmf","embeddable":true,"href":"https:\/\/projectes.xtec.cat\/edc\/wp-json\/wp\/v2\/nodes_etiqueta_pmf?post=10306"}],"curies":[{"name":"wp","href":"https:\/\/api.w.org\/{rel}","templated":true}]}}

Quines són les restriccions horàries de la connexió a Internet de la MiFi?

<div class="content">La connexió a Internet està disponible de 7:00 a 23:00 cada dia, inclosos els festius.</div>
