{"id":10548,"date":"2022-05-19T07:59:41","date_gmt":"2022-05-19T05:59:41","guid":{"rendered":"https:\/\/projectes.xtec.cat\/edc\/?page_id=10548"},"modified":"2022-06-30T14:32:16","modified_gmt":"2022-06-30T12:32:16","slug":"verificacio-del-funcionament-dels-equips-i-recollida","status":"publish","type":"page","link":"https:\/\/projectes.xtec.cat\/edc\/restabliment-dequips-per-al-canvi-de-curs\/windows\/verificacio-del-funcionament-dels-equips-i-recollida\/","title":{"rendered":"3. Recollida dels equips"},"content":{"rendered":"<h2>Neteja dels equips<\/h2>\n<p><em>\ud83d\udc49 Aquesta tasca ha de ser realitzada pels alumnes.<\/em><\/p>\n<p>L&#8217;alumnat ha de netejar els seus fitxers personals i, en especial, les fotografies i documents de car\u00e0cter m\u00e9s personal (selfies, etc.).<\/p>\n<h2>Verificaci\u00f3 dels equips<\/h2>\n<p><em>\ud83d\udc49 Aquesta tasca ha de ser realitzada pels alumnes sota la supervisi\u00f3 dels tutors de cada grup tutoria que han d&#8217;informar el coordinador\/a digital de les possibles incid\u00e8ncies.<\/em><\/p>\n<p>Podeu aprofitar els darrers dies de classe per verificar, amb els alumnes:<\/p>\n<ol>\n<li>Que els equips s&#8217;encenen.<\/li>\n<li>En el cas de <em>Windows<\/em> i <em>Linkat<\/em>, es pot iniciar sessi\u00f3 amb l&#8217;usuari d&#8217;alumne (IDALU) i es visualitza el fons d&#8217;escriptori del Pla digital.<\/li>\n<li>En el cas de Chromebook, es pot iniciar sessi\u00f3 amb l&#8217;usuari de <em>Google Workspace<\/em> del centre.<\/li>\n<li>Verificar el percentatge de c\u00e0rrega de la bateria. \u00c9s molt recomanable emmagatzemar els equips durant l&#8217;estiu amb un percentatge de bateria superior al 40%.<\/li>\n<\/ol>\n<h2>Recollida<\/h2>\n<p><em>\ud83d\udc49 Aquesta tasca ha de ser realitzada pels tutors de cada grup tutoria i\/o membres de la comissi\u00f3 digital<\/em><\/p>\n<p>Recollir els equips i emmagatzemar-los en un espai fresc, sec i segur.<br \/>\n<span style=\"font-family: inherit; font-size: 1em;\">No \u00e9s necessari modificar l&#8217;estat a INDIC, excepte en els casos dels equips no retornats (vegeu apartat de <strong>Reclamaci\u00f3<\/strong>).<\/span><\/p>\n<h2>Reclamaci\u00f3<\/h2>\n<p><em>\ud83d\udc49 Aquesta tasca ha de ser realitzada per l&#8217;equip directiu o tutors de cada grup tutoria, amb el suport del coordinador\/a digital, si escau.\u00a0<\/em><\/p>\n<p>En el cas que un alumne\/a no torni l&#8217;equip:<\/p>\n<ul>\n<li>Canviar l&#8217;estat de l&#8217;ordinador a l&#8217;aplicaci\u00f3 INDIC, informant que est\u00e0 en estat <strong style=\"font-family: inherit; font-size: 1em;\">Reclamat.<\/strong><\/li>\n<li>Demanar a l&#8217;alumne i\/o la fam\u00edlia que retorni l&#8217;equip. El nombre de comunicacions sense resposta (o sense resposta satisfact\u00f2ria) queda a criteri del centre.<\/li>\n<li>Com a darrera reclamaci\u00f3, enviar Burofax reclamant l&#8217;equip.<\/li>\n<\/ul>\n<h2>Den\u00fancia<\/h2>\n<p><em>\ud83d\udc49 Aquesta tasca ha de ser realitzada per l&#8217;equip directiu amb el suport del coordinador\/a digital, si escau.\u00a0<\/em><\/p>\n<ul>\n<li>Si despr\u00e9s d&#8217;haver seguit els passos de la secci\u00f3 anterior, la fam\u00edlia no retorna l&#8217;equip, canviar l&#8217;estat de l&#8217;ordinador a l&#8217;aplicaci\u00f3 INDIC, informant que est\u00e0 en estat <strong style=\"font-family: inherit; font-size: 1em;\">Desaparegut.<\/strong><\/li>\n<li>Fer den\u00fancia del robatori indicant el SACE i\/o n\u00famero de s\u00e8rie de l&#8217;equip.<\/li>\n<li>Obrir una incid\u00e8ncia de tipus <strong>Incid\u00e8ncia amb ordinador o elements d&#8217;aula CISE<\/strong> a <a href=\"https:\/\/pautic.gencat.cat\/\" target=\"_blank\" rel=\"noopener\">Pautic\/Remedy: <\/a>\n<ul>\n<li>Adjuntar denuncia a l&#8217;apartat de fitxers (zona superior)<\/li>\n<li>Problema: triar <strong>Robatori o p\u00e8rdua<\/strong><\/li>\n<li>Indiqui qui t\u00e9 assignat l\u2019equipament: <strong>Assignat a alumne<\/strong><\/li>\n<li>Ompliu la resta de camps demanats<\/li>\n<\/ul>\n<\/li>\n<\/ul>\n<p><a href=\"https:\/\/projectes.xtec.cat\/edc\/wp-content\/uploads\/usu2268\/2021\/09\/robatori_alumne.png\"><img loading=\"lazy\" decoding=\"async\" class=\"ambvora alignnone wp-image-10527 size-full\" src=\"https:\/\/projectes.xtec.cat\/edc\/wp-content\/uploads\/usu2268\/2021\/09\/robatori_alumne.png\" alt=\"\" width=\"857\" height=\"688\" srcset=\"https:\/\/projectes.xtec.cat\/edc\/wp-content\/uploads\/usu2268\/2021\/09\/robatori_alumne.png 857w, https:\/\/projectes.xtec.cat\/edc\/wp-content\/uploads\/usu2268\/2021\/09\/robatori_alumne-300x241.png 300w, https:\/\/projectes.xtec.cat\/edc\/wp-content\/uploads\/usu2268\/2021\/09\/robatori_alumne-768x617.png 768w\" sizes=\"auto, (max-width: 857px) 100vw, 857px\" \/><\/a><\/p>\n<ul>\n<li>Si teniu algun problema d&#8217;acc\u00e9s a Pautic\/Remedy, la Direcci\u00f3 del centre pot notificar el robatori mitjan\u00e7ant el tel\u00e8fon <strong>900 100 195<\/strong> o correu electr\u00f2nic <strong>sau.tic@pautic.gencat.cat<\/strong><\/li>\n<\/ul>\n","protected":false},"excerpt":{"rendered":"<p>Neteja dels equips<br \/>\n\ud83d\udc49 Aquesta tasca ha de ser realitzada pels alumnes.<br \/>\nL&#8217;alumnat ha de netejar els seus fitxers personals i, en especial, les fotografies i documents de car\u00e0cter m\u00e9s personal (selfies, etc.).<br \/>\nVerificaci\u00f3 dels equips<br \/>\n\ud83d\udc49 Aquesta tasca ha de ser realitzada pels alumnes sota la supervisi\u00f3 dels&hellip;  <a href=\"https:\/\/projectes.xtec.cat\/edc\/restabliment-dequips-per-al-canvi-de-curs\/windows\/verificacio-del-funcionament-dels-equips-i-recollida\/\" title=\"Read 3. Recollida dels equips\">Llegeix m\u00e9s\u00bb<\/a><\/p>\n","protected":false},"author":2,"featured_media":0,"parent":10687,"menu_order":30,"comment_status":"closed","ping_status":"closed","template":"page-templates\/side-menu.php","meta":{"_bbp_topic_count":0,"_bbp_reply_count":0,"_bbp_total_topic_count":0,"_bbp_total_reply_count":0,"_bbp_voice_count":0,"_bbp_anonymous_reply_count":0,"_bbp_topic_count_hidden":0,"_bbp_reply_count_hidden":0,"_bbp_forum_subforum_count":0,"footnotes":""},"class_list":["post-10548","page","type-page","status-publish","hentry"],"post_mailing_queue_ids":[],"_links":{"self":[{"href":"https:\/\/projectes.xtec.cat\/edc\/wp-json\/wp\/v2\/pages\/10548","targetHints":{"allow":["GET"]}}],"collection":[{"href":"https:\/\/projectes.xtec.cat\/edc\/wp-json\/wp\/v2\/pages"}],"about":[{"href":"https:\/\/projectes.xtec.cat\/edc\/wp-json\/wp\/v2\/types\/page"}],"author":[{"embeddable":true,"href":"https:\/\/projectes.xtec.cat\/edc\/wp-json\/wp\/v2\/users\/2"}],"replies":[{"embeddable":true,"href":"https:\/\/projectes.xtec.cat\/edc\/wp-json\/wp\/v2\/comments?post=10548"}],"version-history":[{"count":3,"href":"https:\/\/projectes.xtec.cat\/edc\/wp-json\/wp\/v2\/pages\/10548\/revisions"}],"predecessor-version":[{"id":10830,"href":"https:\/\/projectes.xtec.cat\/edc\/wp-json\/wp\/v2\/pages\/10548\/revisions\/10830"}],"up":[{"embeddable":true,"href":"https:\/\/projectes.xtec.cat\/edc\/wp-json\/wp\/v2\/pages\/10687"}],"wp:attachment":[{"href":"https:\/\/projectes.xtec.cat\/edc\/wp-json\/wp\/v2\/media?parent=10548"}],"curies":[{"name":"wp","href":"https:\/\/api.w.org\/{rel}","templated":true}]}}