{"id":10557,"date":"2022-05-19T09:28:43","date_gmt":"2022-05-19T07:28:43","guid":{"rendered":"https:\/\/projectes.xtec.cat\/edc\/?page_id=10557"},"modified":"2022-07-12T12:15:43","modified_gmt":"2022-07-12T10:15:43","slug":"4-peticio-restabliment-dels-equips-dels-alumnes","status":"publish","type":"page","link":"https:\/\/projectes.xtec.cat\/edc\/restabliment-dequips-per-al-canvi-de-curs\/windows\/4-peticio-restabliment-dels-equips-dels-alumnes\/","title":{"rendered":"4. Petici\u00f3 de restabliment dels equips dels alumnes"},"content":{"rendered":"<h2>Obrir petici\u00f3 al portal d&#8217;autoservei<\/h2>\n<p><em>\ud83d\udc49 Aquesta tasca ha de ser realitzada per la coordinaci\u00f3 digital, l&#8217;equip directiu o algun membre de la comissi\u00f3 digital amb permisos d&#8217;acc\u00e9s al portal d&#8217;autoservei<\/em><\/p>\n<p><em>\u26a0\ufe0f Abans d&#8217;obrir la petici\u00f3, cal verificar que la persona que obre la petici\u00f3 tingui rol de coordinaci\u00f3 digital al portal d&#8217;autoservei. Si li apareix una opci\u00f3 &#8220;S<i>ol\u00b7licitud d&#8217;informe del maquinari del centre&#8221; vol dir que \u00e9s coordinador\/a a Remedy. Si no apareix aquesta opci\u00f3,<\/i> l&#8217;equip directiu ha d\u2019accedir a Remedy i fer la petici\u00f3 a: Necessito demanar &gt; Autoritzaci\u00f3 de serveis TIC CiSE a Remedy &gt; Sol\u00b7licitar Ara.\u00a0<\/em><\/p>\n<p>Obriu una petici\u00f3 al <a href=\"https:\/\/pautic.gencat.cat\" target=\"_blank\" rel=\"noopener\">portal d&#8217;autoservei<\/a> (Remedy, Pautic) a<strong> Necessito Demanar<\/strong> &#8211;&gt; <strong>Configuraci\u00f3 de l&#8217;ordinador CISE<\/strong> amb les seg\u00fcents dades:<\/p>\n<ul>\n<li><strong>Indiqui a qui pertany l&#8217;equipament:<\/strong> Assignat a alumne.<\/li>\n<li><strong>\u00c9s un equip o m\u00e9s d&#8217;un equip:<\/strong> M\u00e9s d&#8217;un equip.<\/li>\n<li><strong>Comentari:<\/strong> Restabliment d&#8217;equips<\/li>\n<li>Adjunteu el fitxer amb els equips a restablir a la part superior fent clic al signe &#8220;+&#8221;.<br \/>\nEl fitxer ha de contenir una columna <strong>SACE<\/strong>, que contingui els n\u00fameros SACE. Podeu adjuntar el fitxer generat per l&#8217;INDIC (pas 1). La resta de columnes diferents de la columna SACE s&#8217;ignoraran.<\/li>\n<\/ul>\n<p><a href=\"https:\/\/projectes.xtec.cat\/edc\/wp-content\/uploads\/usu2268\/2022\/05\/remedy_rest.png\"><img loading=\"lazy\" decoding=\"async\" class=\"alignnone size-full wp-image-10635 ambvora\" src=\"https:\/\/projectes.xtec.cat\/edc\/wp-content\/uploads\/usu2268\/2022\/05\/remedy_rest.png\" alt=\"\" width=\"780\" height=\"624\" srcset=\"https:\/\/projectes.xtec.cat\/edc\/wp-content\/uploads\/usu2268\/2022\/05\/remedy_rest.png 780w, https:\/\/projectes.xtec.cat\/edc\/wp-content\/uploads\/usu2268\/2022\/05\/remedy_rest-300x240.png 300w, https:\/\/projectes.xtec.cat\/edc\/wp-content\/uploads\/usu2268\/2022\/05\/remedy_rest-768x614.png 768w\" sizes=\"auto, (max-width: 780px) 100vw, 780px\" \/><\/a><\/p>\n<p>\u26a0\ufe0f La data l\u00edmit per realitzar aquesta petici\u00f3 \u00e9s el\u00a0<strong>15 de juliol<\/strong> de 2022.<\/p>\n","protected":false},"excerpt":{"rendered":"<p>Obrir petici\u00f3 al portal d&#8217;autoservei<br \/>\n\ud83d\udc49 Aquesta tasca ha de ser realitzada per la coordinaci\u00f3 digital, l&#8217;equip directiu o algun membre de la comissi\u00f3 digital amb permisos d&#8217;acc\u00e9s al portal d&#8217;autoservei<br \/>\n\u26a0\ufe0f Abans d&#8217;obrir la petici\u00f3, cal verificar que la persona que obre la petici\u00f3 tingui rol&hellip;  <a href=\"https:\/\/projectes.xtec.cat\/edc\/restabliment-dequips-per-al-canvi-de-curs\/windows\/4-peticio-restabliment-dels-equips-dels-alumnes\/\" title=\"Read 4. Petici\u00f3 de restabliment dels equips dels alumnes\">Llegeix m\u00e9s\u00bb<\/a><\/p>\n","protected":false},"author":2,"featured_media":0,"parent":10687,"menu_order":40,"comment_status":"closed","ping_status":"closed","template":"page-templates\/side-menu.php","meta":{"_bbp_topic_count":0,"_bbp_reply_count":0,"_bbp_total_topic_count":0,"_bbp_total_reply_count":0,"_bbp_voice_count":0,"_bbp_anonymous_reply_count":0,"_bbp_topic_count_hidden":0,"_bbp_reply_count_hidden":0,"_bbp_forum_subforum_count":0,"footnotes":""},"class_list":["post-10557","page","type-page","status-publish","hentry"],"post_mailing_queue_ids":[],"_links":{"self":[{"href":"https:\/\/projectes.xtec.cat\/edc\/wp-json\/wp\/v2\/pages\/10557","targetHints":{"allow":["GET"]}}],"collection":[{"href":"https:\/\/projectes.xtec.cat\/edc\/wp-json\/wp\/v2\/pages"}],"about":[{"href":"https:\/\/projectes.xtec.cat\/edc\/wp-json\/wp\/v2\/types\/page"}],"author":[{"embeddable":true,"href":"https:\/\/projectes.xtec.cat\/edc\/wp-json\/wp\/v2\/users\/2"}],"replies":[{"embeddable":true,"href":"https:\/\/projectes.xtec.cat\/edc\/wp-json\/wp\/v2\/comments?post=10557"}],"version-history":[{"count":4,"href":"https:\/\/projectes.xtec.cat\/edc\/wp-json\/wp\/v2\/pages\/10557\/revisions"}],"predecessor-version":[{"id":10844,"href":"https:\/\/projectes.xtec.cat\/edc\/wp-json\/wp\/v2\/pages\/10557\/revisions\/10844"}],"up":[{"embeddable":true,"href":"https:\/\/projectes.xtec.cat\/edc\/wp-json\/wp\/v2\/pages\/10687"}],"wp:attachment":[{"href":"https:\/\/projectes.xtec.cat\/edc\/wp-json\/wp\/v2\/media?parent=10557"}],"curies":[{"name":"wp","href":"https:\/\/api.w.org\/{rel}","templated":true}]}}