{"id":10609,"date":"2022-05-19T13:12:13","date_gmt":"2022-05-19T11:12:13","guid":{"rendered":"https:\/\/projectes.xtec.cat\/edc\/?page_id=10609"},"modified":"2022-06-02T22:46:50","modified_gmt":"2022-06-02T20:46:50","slug":"nus-de-la-coordinacio-digital","status":"publish","type":"page","link":"https:\/\/projectes.xtec.cat\/edc\/restabliment-dequips-per-al-canvi-de-curs\/nus-de-la-coordinacio-digital\/","title":{"rendered":"Nus de la coordinaci\u00f3 digital"},"content":{"rendered":"<h3>Qu\u00e8 \u00e9s el Nus?<\/h3>\n<p>El <a href=\"https:\/\/comunitat.edigital.cat\/\" rel=\"noopener\" target=\"_blank\">Nus<\/a> \u00e9s un espai d&#8217;intercanvi entre docents dels centres educatius de Catalunya. Amb format de f\u00f2rum, disposa d&#8217;un <a href=\"https:\/\/comunitat.edigital.cat\/g\/coordinacio-digital\" rel=\"noopener\" target=\"_blank\">grup de les coordinacions digitals<\/a> de centre que permet compartir problemes i solucions. <\/p>\n<h3>Fils de conversa sobre el restabliment d&#8217;equips per al canvi de curs<\/h3>\n<p><a href=\"https:\/\/comunitat.edigital.cat\/tags\/c\/coordinacio-digital\/105\/restabliment-equips-pedc-22-23\" rel=\"noopener\" target=\"_blank\">https:\/\/comunitat.edigital.cat\/tags\/c\/coordinacio-digital\/105\/restabliment-equips-pedc-22-23<\/a><\/p>\n","protected":false},"excerpt":{"rendered":"<p>Qu\u00e8 \u00e9s el Nus?<br \/>\nEl <a href=\"https:\/\/comunitat.edigital.cat\/\" rel=\"noopener\" target=\"_blank\">Nus<\/a> \u00e9s un espai d&#8217;intercanvi entre docents dels centres educatius de Catalunya. Amb format de f\u00f2rum, disposa d&#8217;un <a href=\"https:\/\/comunitat.edigital.cat\/g\/coordinacio-digital\" rel=\"noopener\" target=\"_blank\">grup de les coordinacions digitals<\/a> de centre que permet compartir problemes i solucions.<br \/>\nFils de conversa sobre&hellip;  <a href=\"https:\/\/projectes.xtec.cat\/edc\/restabliment-dequips-per-al-canvi-de-curs\/nus-de-la-coordinacio-digital\/\" title=\"Read Nus de la coordinaci\u00f3 digital\">Llegeix m\u00e9s\u00bb<\/a><\/p>\n","protected":false},"author":2,"featured_media":0,"parent":10543,"menu_order":100,"comment_status":"closed","ping_status":"closed","template":"page-templates\/side-menu.php","meta":{"_bbp_topic_count":0,"_bbp_reply_count":0,"_bbp_total_topic_count":0,"_bbp_total_reply_count":0,"_bbp_voice_count":0,"_bbp_anonymous_reply_count":0,"_bbp_topic_count_hidden":0,"_bbp_reply_count_hidden":0,"_bbp_forum_subforum_count":0,"footnotes":""},"class_list":["post-10609","page","type-page","status-publish","hentry"],"post_mailing_queue_ids":[],"_links":{"self":[{"href":"https:\/\/projectes.xtec.cat\/edc\/wp-json\/wp\/v2\/pages\/10609","targetHints":{"allow":["GET"]}}],"collection":[{"href":"https:\/\/projectes.xtec.cat\/edc\/wp-json\/wp\/v2\/pages"}],"about":[{"href":"https:\/\/projectes.xtec.cat\/edc\/wp-json\/wp\/v2\/types\/page"}],"author":[{"embeddable":true,"href":"https:\/\/projectes.xtec.cat\/edc\/wp-json\/wp\/v2\/users\/2"}],"replies":[{"embeddable":true,"href":"https:\/\/projectes.xtec.cat\/edc\/wp-json\/wp\/v2\/comments?post=10609"}],"version-history":[{"count":3,"href":"https:\/\/projectes.xtec.cat\/edc\/wp-json\/wp\/v2\/pages\/10609\/revisions"}],"predecessor-version":[{"id":10786,"href":"https:\/\/projectes.xtec.cat\/edc\/wp-json\/wp\/v2\/pages\/10609\/revisions\/10786"}],"up":[{"embeddable":true,"href":"https:\/\/projectes.xtec.cat\/edc\/wp-json\/wp\/v2\/pages\/10543"}],"wp:attachment":[{"href":"https:\/\/projectes.xtec.cat\/edc\/wp-json\/wp\/v2\/media?parent=10609"}],"curies":[{"name":"wp","href":"https:\/\/api.w.org\/{rel}","templated":true}]}}