{"id":10886,"date":"2022-09-20T12:49:13","date_gmt":"2022-09-20T10:49:13","guid":{"rendered":"https:\/\/projectes.xtec.cat\/edc\/?page_id=10886"},"modified":"2024-02-24T23:53:20","modified_gmt":"2024-02-24T22:53:20","slug":"armaris","status":"publish","type":"page","link":"https:\/\/projectes.xtec.cat\/edc\/armaris\/","title":{"rendered":"Armaris d&#8217;emmagatzematge i rec\u00e0rrega d&#8217;ordinadors port\u00e0tils"},"content":{"rendered":"\n<p>Aquesta p\u00e0gina desapareixer\u00e0 a l&#8217;inici del curs 2024-25.  Podeu trobar tota la informaci\u00f3 als Nodes Digital, apartat d&#8217;Armaris de rec\u00e0rrega. Actualitzeu els enlla\u00e7os i els marcadors de favorits. <\/p>\n\n\n\n<figure class=\"wp-block-embed is-type-wp-embed is-provider-digital wp-block-embed-digital\"><div class=\"wp-block-embed__wrapper\">\n<blockquote class=\"wp-embedded-content\" data-secret=\"xV4x2FeChe\"><a href=\"https:\/\/projectes.xtec.cat\/digital\/equipaments-i-infraestructures\/ordinadors\/armaris-de-carrega\/\">Armaris de c\u00e0rrega<\/a><\/blockquote><iframe loading=\"lazy\" class=\"wp-embedded-content\" sandbox=\"allow-scripts\" security=\"restricted\" style=\"position: absolute; clip: rect(1px, 1px, 1px, 1px);\" title=\"&#8220;Armaris de c\u00e0rrega&#8221; &#8212; Digital\" src=\"https:\/\/projectes.xtec.cat\/digital\/equipaments-i-infraestructures\/ordinadors\/armaris-de-carrega\/embed\/#?secret=mhGkSwcJ6V#?secret=xV4x2FeChe\" data-secret=\"xV4x2FeChe\" width=\"500\" height=\"282\" frameborder=\"0\" marginwidth=\"0\" marginheight=\"0\" scrolling=\"no\"><\/iframe>\n<\/div><\/figure>\n\n\n\n<p><\/p>\n","protected":false},"excerpt":{"rendered":"<p>Aquesta p\u00e0gina desapareixer\u00e0 a l&#8217;inici del curs 2024-25.  Podeu trobar tota la informaci\u00f3 als Nodes Digital, apartat d&#8217;Armaris de rec\u00e0rrega. Actualitzeu els enlla\u00e7os i els marcadors de favorits. <\/p>\n<p><a href=\"https:\/\/projectes.xtec.cat\/digital\/equipaments-i-infraestructures\/ordinadors\/armaris-de-carrega\/\">Armaris de c\u00e0rrega<\/a><\/p>\n","protected":false},"author":2,"featured_media":0,"parent":0,"menu_order":0,"comment_status":"closed","ping_status":"closed","template":"","meta":{"_bbp_topic_count":0,"_bbp_reply_count":0,"_bbp_total_topic_count":0,"_bbp_total_reply_count":0,"_bbp_voice_count":0,"_bbp_anonymous_reply_count":0,"_bbp_topic_count_hidden":0,"_bbp_reply_count_hidden":0,"_bbp_forum_subforum_count":0,"footnotes":""},"class_list":["post-10886","page","type-page","status-publish","hentry"],"post_mailing_queue_ids":[],"_links":{"self":[{"href":"https:\/\/projectes.xtec.cat\/edc\/wp-json\/wp\/v2\/pages\/10886","targetHints":{"allow":["GET"]}}],"collection":[{"href":"https:\/\/projectes.xtec.cat\/edc\/wp-json\/wp\/v2\/pages"}],"about":[{"href":"https:\/\/projectes.xtec.cat\/edc\/wp-json\/wp\/v2\/types\/page"}],"author":[{"embeddable":true,"href":"https:\/\/projectes.xtec.cat\/edc\/wp-json\/wp\/v2\/users\/2"}],"replies":[{"embeddable":true,"href":"https:\/\/projectes.xtec.cat\/edc\/wp-json\/wp\/v2\/comments?post=10886"}],"version-history":[{"count":4,"href":"https:\/\/projectes.xtec.cat\/edc\/wp-json\/wp\/v2\/pages\/10886\/revisions"}],"predecessor-version":[{"id":11182,"href":"https:\/\/projectes.xtec.cat\/edc\/wp-json\/wp\/v2\/pages\/10886\/revisions\/11182"}],"wp:attachment":[{"href":"https:\/\/projectes.xtec.cat\/edc\/wp-json\/wp\/v2\/media?parent=10886"}],"curies":[{"name":"wp","href":"https:\/\/api.w.org\/{rel}","templated":true}]}}