{"id":9607,"date":"2021-02-06T16:40:06","date_gmt":"2021-02-06T15:40:06","guid":{"rendered":"https:\/\/projectes.xtec.cat\/edc\/?page_id=9607"},"modified":"2021-02-09T09:50:59","modified_gmt":"2021-02-09T08:50:59","slug":"aplicacions-prova_concepte","status":"publish","type":"page","link":"https:\/\/projectes.xtec.cat\/edc\/aplicacions-prova_concepte\/","title":{"rendered":"Aplicacions-prova_concepte"},"content":{"rendered":"<p>Aquesta p\u00e0gina cont\u00e9 una taula d&#8217;aplicacions d\u2019\u00fas freq\u00fcent en l\u2019\u00e0mbit educatiu en refer\u00e8ncia als equips desplegats en el marc del <a href=\"http:\/\/ensenyament.gencat.cat\/ca\/departament\/publicacions\/monografies\/pla-educacio-digital\/\">Pla d&#8217;educaci\u00f3 digital<\/a>. Per cada aplicaci\u00f3 i sistema operatiu es mostra un estat que indica si l&#8217;aplicaci\u00f3 est\u00e0 instal\u00b7lada, disponible als repositoris o alternatives d&#8217;instal\u00b7laci\u00f3 i execuci\u00f3. Si no trobeu l&#8217;aplicaci\u00f3 que necessiteu i considereu que l\u2019aplicaci\u00f3 \u00e9s interessant per la resta de la comunitat educativa, es pot sol\u00b7licitar la seva inclusi\u00f3 al <em>Company Portal<\/em> des de la coordinaci\u00f3 digital del centre. Els estats s\u00f3n:<\/p>\n<div class=\"row\" style=\"margin-bottom: 1em !important;\">\n<div class=\"small-12 large-6 columns\">\n<ul class=\"no-bullet\">\n<li><span class=\"installat\">Instal\u00b7lat<\/span> L&#8217;aplicaci\u00f3 ja es troba instal\u00b7lada en els equips en el moment de l&#8217;entrega a l&#8217;usuari.<\/li>\n<li><span class=\"company_portal\">Company portal<\/span> Nom\u00e9s Windows. L&#8217;aplicaci\u00f3 es troba a l&#8217;aplicaci\u00f3 <em>Company Portal<\/em> disponible al men\u00fa de Windows. <a href=\"https:\/\/projectes.xtec.cat\/edc\/wp-content\/uploads\/usu2268\/2021\/02\/Company-Portal-Global.pdf\" target=\"_blank\" rel=\"noopener noreferrer\">M\u00e9s informaci\u00f3<\/a><\/li>\n<li><span class=\"linkat_disponible\">Disponible<\/span> Nom\u00e9s Linkat. Est\u00e0 disponible al centre de programari (instal\u00b7lable amb un clic). <a>M\u00e9s informaci\u00f3<\/a><\/li>\n<\/ul>\n<\/div>\n<div class=\"small-12 large-6 columns\">\n<ul class=\"no-bullet\">\n<li><span class=\"only_text\">Instal\u00b7lable<\/span> L&#8217;aplicaci\u00f3 es pot instal\u00b7lar o executar sense drets d&#8217;administraci\u00f3.<\/li>\n<li><span class=\"only_text\">Portable<\/span> L&#8217;aplicaci\u00f3 disposa d&#8217;una versi\u00f3 portable que permet la seva execuci\u00f3 sense permisos d&#8217;administraci\u00f3.<\/li>\n<li><span class=\"only_text\">Web<\/span> L&#8217;aplicaci\u00f3 es pot executar des d&#8217;un navegador web.<\/li>\n<li><span class=\"only_text\">Equivalent<\/span> Nom\u00e9s Linkat. No existeix l&#8217;aplicaci\u00f3 per\u00f2 si una bona alternativa.<\/li>\n<\/ul>\n<\/div>\n<\/div>\n<div id=\"aplicacions\">\n<div class=\"row\" style=\"margin-bottom: 1em !important; width: 85%; margin: auto;\">\n<div class=\"small-12 large-12 text-center columns\" style=\"padding: 1em;\"><img decoding=\"async\" src=\"https:\/\/projectes.xtec.cat\/edc\/wp-content\/uploads\/usu2268\/2021\/01\/caixa.png\" width=\"60px\" \/><input id=\"cercador\" style=\"font-size: 1.2em;\" type=\"text\" placeholder=\"Cerca per nom d'aplicaci\u00f3 o per paraula clau...\" \/><\/div>\n<\/div>\n<div class=\"row\" style=\"margin-bottom: 1em !important;\">\n<table id=\"tbl-aplicacions3\" class=\"display\" width=\"100%\">\n<thead>\n<tr>\n<th data-priority=\"2\"><\/th>\n<th data-priority=\"1\">Aplicaci\u00f3<\/th>\n<th><\/th>\n<th>Tipus<\/th>\n<th>Descripci\u00f3<\/th>\n<th>Windows<\/th>\n<th>Company Portal<\/th>\n<th>Linkat<\/th>\n<th><\/th>\n<th><\/th>\n<th><\/th>\n<\/tr>\n<\/thead>\n<\/table>\n<\/div>\n<\/div>\n","protected":false},"excerpt":{"rendered":"<p>Aquesta p\u00e0gina cont\u00e9 una taula d&#8217;aplicacions d\u2019\u00fas freq\u00fcent en l\u2019\u00e0mbit educatiu en refer\u00e8ncia als equips desplegats en el marc del <a href=\"http:\/\/ensenyament.gencat.cat\/ca\/departament\/publicacions\/monografies\/pla-educacio-digital\/\">Pla d&#8217;educaci\u00f3 digital<\/a>. Per cada aplicaci\u00f3 i sistema operatiu es mostra un estat que indica si l&#8217;aplicaci\u00f3 est\u00e0 instal\u00b7lada, disponible als repositoris o alternatives&hellip;  <a href=\"https:\/\/projectes.xtec.cat\/edc\/aplicacions-prova_concepte\/\" title=\"Read Aplicacions-prova_concepte\">Llegeix m\u00e9s\u00bb<\/a><\/p>\n","protected":false},"author":2,"featured_media":0,"parent":0,"menu_order":0,"comment_status":"closed","ping_status":"closed","template":"","meta":{"_bbp_topic_count":0,"_bbp_reply_count":0,"_bbp_total_topic_count":0,"_bbp_total_reply_count":0,"_bbp_voice_count":0,"_bbp_anonymous_reply_count":0,"_bbp_topic_count_hidden":0,"_bbp_reply_count_hidden":0,"_bbp_forum_subforum_count":0,"footnotes":""},"class_list":["post-9607","page","type-page","status-publish","hentry"],"post_mailing_queue_ids":[],"_links":{"self":[{"href":"https:\/\/projectes.xtec.cat\/edc\/wp-json\/wp\/v2\/pages\/9607","targetHints":{"allow":["GET"]}}],"collection":[{"href":"https:\/\/projectes.xtec.cat\/edc\/wp-json\/wp\/v2\/pages"}],"about":[{"href":"https:\/\/projectes.xtec.cat\/edc\/wp-json\/wp\/v2\/types\/page"}],"author":[{"embeddable":true,"href":"https:\/\/projectes.xtec.cat\/edc\/wp-json\/wp\/v2\/users\/2"}],"replies":[{"embeddable":true,"href":"https:\/\/projectes.xtec.cat\/edc\/wp-json\/wp\/v2\/comments?post=9607"}],"version-history":[{"count":4,"href":"https:\/\/projectes.xtec.cat\/edc\/wp-json\/wp\/v2\/pages\/9607\/revisions"}],"predecessor-version":[{"id":9737,"href":"https:\/\/projectes.xtec.cat\/edc\/wp-json\/wp\/v2\/pages\/9607\/revisions\/9737"}],"wp:attachment":[{"href":"https:\/\/projectes.xtec.cat\/edc\/wp-json\/wp\/v2\/media?parent=9607"}],"curies":[{"name":"wp","href":"https:\/\/api.w.org\/{rel}","templated":true}]}}