{"id":10455,"date":"2025-02-25T10:20:08","date_gmt":"2025-02-25T09:20:08","guid":{"rendered":"https:\/\/projectes.xtec.cat\/educacioinclusiva\/wp-content\/uploads\/usu2065\/2025\/02\/imatge-banner-1.png"},"modified":"2025-02-25T10:20:58","modified_gmt":"2025-02-25T09:20:58","slug":"imatge-banner-1","status":"inherit","type":"attachment","link":"https:\/\/projectes.xtec.cat\/educacioinclusiva\/general\/jornada-camins-de-futur-impulsant-la-insercio-sociolaboral-de-joves-amb-discapacitat\/attachment\/imatge-banner-1\/","title":{"rendered":"imatge banner (1)"},"author":4,"featured_media":0,"comment_status":"closed","ping_status":"closed","template":"","meta":{"_bbp_topic_count":0,"_bbp_reply_count":0,"_bbp_total_topic_count":0,"_bbp_total_reply_count":0,"_bbp_voice_count":0,"_bbp_anonymous_reply_count":0,"_bbp_topic_count_hidden":0,"_bbp_reply_count_hidden":0,"_bbp_forum_subforum_count":0},"class_list":["post-10455","attachment","type-attachment","status-inherit","hentry"],"description":{"rendered":"<p class=\"attachment\"><a href='https:\/\/projectes.xtec.cat\/educacioinclusiva\/wp-content\/uploads\/usu2065\/2025\/02\/imatge-banner-1.png'><img loading=\"lazy\" decoding=\"async\" width=\"300\" height=\"137\" src=\"https:\/\/projectes.xtec.cat\/educacioinclusiva\/wp-content\/uploads\/usu2065\/2025\/02\/imatge-banner-1-300x137.png\" class=\"attachment-medium size-medium\" alt=\"Jornada Camins de futur. Jornada d&#039;orientaci\u00f3 per a la fiormaci\u00f3 i inserci\u00f3 sociolaboral de les persones amb discapacitat\" srcset=\"https:\/\/projectes.xtec.cat\/educacioinclusiva\/wp-content\/uploads\/usu2065\/2025\/02\/imatge-banner-1-300x137.png 300w, https:\/\/projectes.xtec.cat\/educacioinclusiva\/wp-content\/uploads\/usu2065\/2025\/02\/imatge-banner-1-1024x469.png 1024w, https:\/\/projectes.xtec.cat\/educacioinclusiva\/wp-content\/uploads\/usu2065\/2025\/02\/imatge-banner-1-768x352.png 768w, https:\/\/projectes.xtec.cat\/educacioinclusiva\/wp-content\/uploads\/usu2065\/2025\/02\/imatge-banner-1-1536x704.png 1536w, https:\/\/projectes.xtec.cat\/educacioinclusiva\/wp-content\/uploads\/usu2065\/2025\/02\/imatge-banner-1.png 1790w\" sizes=\"auto, (max-width: 300px) 100vw, 300px\" \/><\/a><\/p>\n"},"caption":{"rendered":"<p><a href='https:\/\/projectes.xtec.cat\/educacioinclusiva\/wp-content\/uploads\/usu2065\/2025\/02\/imatge-banner-1.png'><\/a><\/p>\n"},"alt_text":"Jornada Camins de futur. Jornada d'orientaci\u00f3 per a la fiormaci\u00f3 i inserci\u00f3 sociolaboral de les persones amb discapacitat","media_type":"image","mime_type":"image\/png","media_details":{"width":1790,"height":820,"file":"2025\/02\/imatge-banner-1.png","filesize":171757,"sizes":{"medium":{"file":"imatge-banner-1-300x137.png","width":300,"height":137,"filesize":18732,"mime_type":"image\/png","source_url":"https:\/\/projectes.xtec.cat\/educacioinclusiva\/wp-content\/uploads\/usu2065\/2025\/02\/imatge-banner-1-300x137.png"},"large":{"file":"imatge-banner-1-1024x469.png","width":1024,"height":469,"filesize":97158,"mime_type":"image\/png","source_url":"https:\/\/projectes.xtec.cat\/educacioinclusiva\/wp-content\/uploads\/usu2065\/2025\/02\/imatge-banner-1-1024x469.png"},"thumbnail":{"file":"imatge-banner-1-150x150.png","width":150,"height":150,"filesize":10913,"mime_type":"image\/png","source_url":"https:\/\/projectes.xtec.cat\/educacioinclusiva\/wp-content\/uploads\/usu2065\/2025\/02\/imatge-banner-1-150x150.png"},"medium_large":{"file":"imatge-banner-1-768x352.png","width":768,"height":352,"filesize":66519,"mime_type":"image\/png","source_url":"https:\/\/projectes.xtec.cat\/educacioinclusiva\/wp-content\/uploads\/usu2065\/2025\/02\/imatge-banner-1-768x352.png"},"1536x1536":{"file":"imatge-banner-1-1536x704.png","width":1536,"height":704,"filesize":165499,"mime_type":"image\/png","source_url":"https:\/\/projectes.xtec.cat\/educacioinclusiva\/wp-content\/uploads\/usu2065\/2025\/02\/imatge-banner-1-1536x704.png"},"thumb-300":{"file":"imatge-banner-1-300x250.png","width":300,"height":250,"filesize":24404,"mime_type":"image\/png","source_url":"https:\/\/projectes.xtec.cat\/educacioinclusiva\/wp-content\/uploads\/usu2065\/2025\/02\/imatge-banner-1-300x250.png"},"thumb-200":{"file":"imatge-banner-1-200x150.png","width":200,"height":150,"filesize":12265,"mime_type":"image\/png","source_url":"https:\/\/projectes.xtec.cat\/educacioinclusiva\/wp-content\/uploads\/usu2065\/2025\/02\/imatge-banner-1-200x150.png"},"full":{"file":"imatge-banner-1.png","width":1790,"height":820,"mime_type":"image\/png","source_url":"https:\/\/projectes.xtec.cat\/educacioinclusiva\/wp-content\/uploads\/usu2065\/2025\/02\/imatge-banner-1.png"}},"image_meta":{"aperture":"0","credit":"","camera":"","caption":"","created_timestamp":"0","copyright":"","focal_length":"0","iso":"0","shutter_speed":"0","title":"","orientation":"0","keywords":[]}},"post":10452,"source_url":"https:\/\/projectes.xtec.cat\/educacioinclusiva\/wp-content\/uploads\/usu2065\/2025\/02\/imatge-banner-1.png","_links":{"self":[{"href":"https:\/\/projectes.xtec.cat\/educacioinclusiva\/wp-json\/wp\/v2\/media\/10455","targetHints":{"allow":["GET"]}}],"collection":[{"href":"https:\/\/projectes.xtec.cat\/educacioinclusiva\/wp-json\/wp\/v2\/media"}],"about":[{"href":"https:\/\/projectes.xtec.cat\/educacioinclusiva\/wp-json\/wp\/v2\/types\/attachment"}],"author":[{"embeddable":true,"href":"https:\/\/projectes.xtec.cat\/educacioinclusiva\/wp-json\/wp\/v2\/users\/4"}],"replies":[{"embeddable":true,"href":"https:\/\/projectes.xtec.cat\/educacioinclusiva\/wp-json\/wp\/v2\/comments?post=10455"}]}}

<p class="attachment"><a href='https://projectes.xtec.cat/educacioinclusiva/wp-content/uploads/usu2065/2025/02/imatge-banner-1.png'><img loading="lazy" decoding="async" width="300" height="137" src="https://projectes.xtec.cat/educacioinclusiva/wp-content/uploads/usu2065/2025/02/imatge-banner-1-300x137.png" class="attachment-medium size-medium" alt="Jornada Camins de futur. Jornada d&#039;orientació per a la fiormació i inserció sociolaboral de les persones amb discapacitat" srcset="https://projectes.xtec.cat/educacioinclusiva/wp-content/uploads/usu2065/2025/02/imatge-banner-1-300x137.png 300w, https://projectes.xtec.cat/educacioinclusiva/wp-content/uploads/usu2065/2025/02/imatge-banner-1-1024x469.png 1024w, https://projectes.xtec.cat/educacioinclusiva/wp-content/uploads/usu2065/2025/02/imatge-banner-1-768x352.png 768w, https://projectes.xtec.cat/educacioinclusiva/wp-content/uploads/usu2065/2025/02/imatge-banner-1-1536x704.png 1536w, https://projectes.xtec.cat/educacioinclusiva/wp-content/uploads/usu2065/2025/02/imatge-banner-1.png 1790w" sizes="auto, (max-width: 300px) 100vw, 300px" /></a></p>

Jornada Camins de futur. Jornada d'orientació per a la fiormació i inserció sociolaboral de les persones amb discapacitat
