{"id":10471,"date":"2025-03-31T09:55:28","date_gmt":"2025-03-31T07:55:28","guid":{"rendered":"https:\/\/projectes.xtec.cat\/educacioinclusiva\/wp-content\/uploads\/usu2065\/2025\/03\/Imtge-guia.jpg"},"modified":"2025-03-31T09:55:49","modified_gmt":"2025-03-31T07:55:49","slug":"imtge-guia-2","status":"inherit","type":"attachment","link":"https:\/\/projectes.xtec.cat\/educacioinclusiva\/general\/nova-guia-per-a-lacompanyament-a-adolescents-i-joves-amb-discapacitat-en-la-formacio-postobligatoria-i-la-transicio-a-la-vida-adulta\/attachment\/imtge-guia-2\/","title":{"rendered":"Imtge guia"},"author":4,"featured_media":0,"comment_status":"closed","ping_status":"closed","template":"","meta":{"_bbp_topic_count":0,"_bbp_reply_count":0,"_bbp_total_topic_count":0,"_bbp_total_reply_count":0,"_bbp_voice_count":0,"_bbp_anonymous_reply_count":0,"_bbp_topic_count_hidden":0,"_bbp_reply_count_hidden":0,"_bbp_forum_subforum_count":0},"class_list":["post-10471","attachment","type-attachment","status-inherit","hentry"],"description":{"rendered":"<p class=\"attachment\"><a href='https:\/\/projectes.xtec.cat\/educacioinclusiva\/wp-content\/uploads\/usu2065\/2025\/03\/Imtge-guia.jpg'><img loading=\"lazy\" decoding=\"async\" width=\"209\" height=\"300\" src=\"https:\/\/projectes.xtec.cat\/educacioinclusiva\/wp-content\/uploads\/usu2065\/2025\/03\/Imtge-guia-209x300.jpg\" class=\"attachment-medium size-medium\" alt=\"Guia per a l&#039;acompanyament a adolescents i joves amb discapacitat en la formaci\u00f3 postobligat\u00f2ria i la transici\u00f3 a la vida adulta\" srcset=\"https:\/\/projectes.xtec.cat\/educacioinclusiva\/wp-content\/uploads\/usu2065\/2025\/03\/Imtge-guia-209x300.jpg 209w, https:\/\/projectes.xtec.cat\/educacioinclusiva\/wp-content\/uploads\/usu2065\/2025\/03\/Imtge-guia.jpg 635w\" sizes=\"auto, (max-width: 209px) 100vw, 209px\" \/><\/a><\/p>\n"},"caption":{"rendered":"<p><a href='https:\/\/projectes.xtec.cat\/educacioinclusiva\/wp-content\/uploads\/usu2065\/2025\/03\/Imtge-guia.jpg'><\/a><\/p>\n"},"alt_text":"Guia per a l'acompanyament a adolescents i joves amb discapacitat en la formaci\u00f3 postobligat\u00f2ria i la transici\u00f3 a la vida adulta","media_type":"image","mime_type":"image\/jpeg","media_details":{"width":635,"height":910,"file":"2025\/03\/Imtge-guia.jpg","filesize":91266,"sizes":{"medium":{"file":"Imtge-guia-209x300.jpg","width":209,"height":300,"filesize":14111,"mime_type":"image\/jpeg","source_url":"https:\/\/projectes.xtec.cat\/educacioinclusiva\/wp-content\/uploads\/usu2065\/2025\/03\/Imtge-guia-209x300.jpg"},"thumbnail":{"file":"Imtge-guia-150x150.jpg","width":150,"height":150,"filesize":6931,"mime_type":"image\/jpeg","source_url":"https:\/\/projectes.xtec.cat\/educacioinclusiva\/wp-content\/uploads\/usu2065\/2025\/03\/Imtge-guia-150x150.jpg"},"thumb-300":{"file":"Imtge-guia-300x250.jpg","width":300,"height":250,"filesize":17093,"mime_type":"image\/jpeg","source_url":"https:\/\/projectes.xtec.cat\/educacioinclusiva\/wp-content\/uploads\/usu2065\/2025\/03\/Imtge-guia-300x250.jpg"},"thumb-200":{"file":"Imtge-guia-200x150.jpg","width":200,"height":150,"filesize":8212,"mime_type":"image\/jpeg","source_url":"https:\/\/projectes.xtec.cat\/educacioinclusiva\/wp-content\/uploads\/usu2065\/2025\/03\/Imtge-guia-200x150.jpg"},"full":{"file":"Imtge-guia.jpg","width":635,"height":910,"mime_type":"image\/jpeg","source_url":"https:\/\/projectes.xtec.cat\/educacioinclusiva\/wp-content\/uploads\/usu2065\/2025\/03\/Imtge-guia.jpg"}},"image_meta":{"aperture":"0","credit":"Puig Bacardi, Marta","camera":"","caption":"","created_timestamp":"1740478949","copyright":"","focal_length":"0","iso":"0","shutter_speed":"0","title":"","orientation":"0","keywords":[]}},"post":10469,"source_url":"https:\/\/projectes.xtec.cat\/educacioinclusiva\/wp-content\/uploads\/usu2065\/2025\/03\/Imtge-guia.jpg","_links":{"self":[{"href":"https:\/\/projectes.xtec.cat\/educacioinclusiva\/wp-json\/wp\/v2\/media\/10471","targetHints":{"allow":["GET"]}}],"collection":[{"href":"https:\/\/projectes.xtec.cat\/educacioinclusiva\/wp-json\/wp\/v2\/media"}],"about":[{"href":"https:\/\/projectes.xtec.cat\/educacioinclusiva\/wp-json\/wp\/v2\/types\/attachment"}],"author":[{"embeddable":true,"href":"https:\/\/projectes.xtec.cat\/educacioinclusiva\/wp-json\/wp\/v2\/users\/4"}],"replies":[{"embeddable":true,"href":"https:\/\/projectes.xtec.cat\/educacioinclusiva\/wp-json\/wp\/v2\/comments?post=10471"}]}}

<p class="attachment"><a href='https://projectes.xtec.cat/educacioinclusiva/wp-content/uploads/usu2065/2025/03/Imtge-guia.jpg'><img loading="lazy" decoding="async" width="209" height="300" src="https://projectes.xtec.cat/educacioinclusiva/wp-content/uploads/usu2065/2025/03/Imtge-guia-209x300.jpg" class="attachment-medium size-medium" alt="Guia per a l&#039;acompanyament a adolescents i joves amb discapacitat en la formació postobligatòria i la transició a la vida adulta" srcset="https://projectes.xtec.cat/educacioinclusiva/wp-content/uploads/usu2065/2025/03/Imtge-guia-209x300.jpg 209w, https://projectes.xtec.cat/educacioinclusiva/wp-content/uploads/usu2065/2025/03/Imtge-guia.jpg 635w" sizes="auto, (max-width: 209px) 100vw, 209px" /></a></p>

Guia per a l'acompanyament a adolescents i joves amb discapacitat en la formació postobligatòria i la transició a la vida adulta
