{"id":8954,"date":"2021-04-23T13:15:42","date_gmt":"2021-04-23T11:15:42","guid":{"rendered":"https:\/\/projectes.xtec.cat\/educacioinclusiva\/wp-content\/uploads\/usu2065\/2021\/04\/Pla-prevenci\u00f3-Su\u00efcidi.png"},"modified":"2021-04-23T13:16:11","modified_gmt":"2021-04-23T11:16:11","slug":"pla-prevencio-suicidi","status":"inherit","type":"attachment","link":"https:\/\/projectes.xtec.cat\/educacioinclusiva\/general\/pla-dimplementacio-de-la-prevencio-del-suicidi\/attachment\/pla-prevencio-suicidi\/","title":{"rendered":"Pla prevenci\u00f3 Su\u00efcidi"},"author":4,"featured_media":0,"comment_status":"open","ping_status":"closed","template":"","meta":{"_bbp_topic_count":0,"_bbp_reply_count":0,"_bbp_total_topic_count":0,"_bbp_total_reply_count":0,"_bbp_voice_count":0,"_bbp_anonymous_reply_count":0,"_bbp_topic_count_hidden":0,"_bbp_reply_count_hidden":0,"_bbp_forum_subforum_count":0},"class_list":["post-8954","attachment","type-attachment","status-inherit","hentry"],"description":{"rendered":"<p class=\"attachment\"><a href='https:\/\/projectes.xtec.cat\/educacioinclusiva\/wp-content\/uploads\/usu2065\/2021\/04\/Pla-prevenci\u00f3-Su\u00efcidi.png'><img loading=\"lazy\" decoding=\"async\" width=\"300\" height=\"169\" src=\"https:\/\/projectes.xtec.cat\/educacioinclusiva\/wp-content\/uploads\/usu2065\/2021\/04\/Pla-prevenci\u00f3-Su\u00efcidi-300x169.png\" class=\"attachment-medium size-medium\" alt=\"Pla d&#039;implementaci\u00f3 de prevenci\u00f3 del Su\u00efcidi\" \/><\/a><\/p>\n"},"caption":{"rendered":"<p><a href='https:\/\/projectes.xtec.cat\/educacioinclusiva\/wp-content\/uploads\/usu2065\/2021\/04\/Pla-prevenci\u00f3-Su\u00efcidi.png'><\/a><\/p>\n"},"alt_text":"Pla d'implementaci\u00f3 de prevenci\u00f3 del Su\u00efcidi","media_type":"image","mime_type":"image\/png","media_details":{"width":300,"height":169,"file":"2021\/04\/Pla-prevenci\u00f3-Su\u00efcidi.png","sizes":{"thumbnail":{"file":"Pla-prevenci\u00f3-Su\u00efcidi-150x150.png","width":150,"height":150,"mime_type":"image\/png","source_url":"https:\/\/projectes.xtec.cat\/educacioinclusiva\/wp-content\/uploads\/usu2065\/2021\/04\/Pla-prevenci\u00f3-Su\u00efcidi-150x150.png"},"medium":{"file":"Pla-prevenci\u00f3-Su\u00efcidi-300x169.png","width":300,"height":169,"mime_type":"image\/png","source_url":"https:\/\/projectes.xtec.cat\/educacioinclusiva\/wp-content\/uploads\/usu2065\/2021\/04\/Pla-prevenci\u00f3-Su\u00efcidi-300x169.png"},"thumb-300":{"file":"Pla-prevenci\u00f3-Su\u00efcidi-300x169.png","width":300,"height":169,"mime_type":"image\/png","source_url":"https:\/\/projectes.xtec.cat\/educacioinclusiva\/wp-content\/uploads\/usu2065\/2021\/04\/Pla-prevenci\u00f3-Su\u00efcidi-300x169.png"},"thumb-200":{"file":"Pla-prevenci\u00f3-Su\u00efcidi-200x150.png","width":200,"height":150,"mime_type":"image\/png","source_url":"https:\/\/projectes.xtec.cat\/educacioinclusiva\/wp-content\/uploads\/usu2065\/2021\/04\/Pla-prevenci\u00f3-Su\u00efcidi-200x150.png"},"full":{"file":"Pla-prevenci\u00f3-Su\u00efcidi.png","width":300,"height":169,"mime_type":"image\/png","source_url":"https:\/\/projectes.xtec.cat\/educacioinclusiva\/wp-content\/uploads\/usu2065\/2021\/04\/Pla-prevenci\u00f3-Su\u00efcidi.png"}},"image_meta":{"aperture":"0","credit":"","camera":"","caption":"","created_timestamp":"0","copyright":"","focal_length":"0","iso":"0","shutter_speed":"0","title":"","orientation":"0","keywords":[]}},"post":8953,"source_url":"https:\/\/projectes.xtec.cat\/educacioinclusiva\/wp-content\/uploads\/usu2065\/2021\/04\/Pla-prevenci\u00f3-Su\u00efcidi.png","_links":{"self":[{"href":"https:\/\/projectes.xtec.cat\/educacioinclusiva\/wp-json\/wp\/v2\/media\/8954","targetHints":{"allow":["GET"]}}],"collection":[{"href":"https:\/\/projectes.xtec.cat\/educacioinclusiva\/wp-json\/wp\/v2\/media"}],"about":[{"href":"https:\/\/projectes.xtec.cat\/educacioinclusiva\/wp-json\/wp\/v2\/types\/attachment"}],"author":[{"embeddable":true,"href":"https:\/\/projectes.xtec.cat\/educacioinclusiva\/wp-json\/wp\/v2\/users\/4"}],"replies":[{"embeddable":true,"href":"https:\/\/projectes.xtec.cat\/educacioinclusiva\/wp-json\/wp\/v2\/comments?post=8954"}]}}

https://projectes.xtec.cat/educacioinclusiva/wp-content/uploads/usu2065/2021/04/Pla-prevenció-Suïcidi.png

Pla prevenció Suïcidi

<p class="attachment"><a href='https://projectes.xtec.cat/educacioinclusiva/wp-content/uploads/usu2065/2021/04/Pla-prevenció-Suïcidi.png'><img loading="lazy" decoding="async" width="300" height="169" src="https://projectes.xtec.cat/educacioinclusiva/wp-content/uploads/usu2065/2021/04/Pla-prevenció-Suïcidi-300x169.png" class="attachment-medium size-medium" alt="Pla d&#039;implementació de prevenció del Suïcidi" /></a></p>

<p><a href='https://projectes.xtec.cat/educacioinclusiva/wp-content/uploads/usu2065/2021/04/Pla-prevenció-Suïcidi.png'></a></p>

Pla d'implementació de prevenció del Suïcidi

2021/04/Pla-prevenció-Suïcidi.png

Pla-prevenció-Suïcidi-150x150.png

https://projectes.xtec.cat/educacioinclusiva/wp-content/uploads/usu2065/2021/04/Pla-prevenció-Suïcidi-150x150.png

Pla-prevenció-Suïcidi-300x169.png

https://projectes.xtec.cat/educacioinclusiva/wp-content/uploads/usu2065/2021/04/Pla-prevenció-Suïcidi-300x169.png

Pla-prevenció-Suïcidi-200x150.png

https://projectes.xtec.cat/educacioinclusiva/wp-content/uploads/usu2065/2021/04/Pla-prevenció-Suïcidi-200x150.png

Pla-prevenció-Suïcidi.png
