{"id":9873,"date":"2023-07-07T12:59:46","date_gmt":"2023-07-07T10:59:46","guid":{"rendered":"https:\/\/projectes.xtec.cat\/educacioinclusiva\/wp-content\/uploads\/usu2065\/2023\/07\/Consellera.jpeg"},"modified":"2023-07-07T13:00:39","modified_gmt":"2023-07-07T11:00:39","slug":"consellera","status":"inherit","type":"attachment","link":"https:\/\/projectes.xtec.cat\/educacioinclusiva\/consellera\/","title":{"rendered":"Consellera"},"author":4,"featured_media":0,"comment_status":"closed","ping_status":"closed","template":"","meta":{"_bbp_topic_count":0,"_bbp_reply_count":0,"_bbp_total_topic_count":0,"_bbp_total_reply_count":0,"_bbp_voice_count":0,"_bbp_anonymous_reply_count":0,"_bbp_topic_count_hidden":0,"_bbp_reply_count_hidden":0,"_bbp_forum_subforum_count":0},"class_list":["post-9873","attachment","type-attachment","status-inherit","hentry"],"description":{"rendered":"<p class=\"attachment\"><a href='https:\/\/projectes.xtec.cat\/educacioinclusiva\/wp-content\/uploads\/usu2065\/2023\/07\/Consellera.jpeg'><img loading=\"lazy\" decoding=\"async\" width=\"225\" height=\"300\" src=\"https:\/\/projectes.xtec.cat\/educacioinclusiva\/wp-content\/uploads\/usu2065\/2023\/07\/Consellera-225x300.jpeg\" class=\"attachment-medium size-medium\" alt=\"Consellera d&#039;educaci\u00f3. Anna Sim\u00f3 Castell\u00f3\" srcset=\"https:\/\/projectes.xtec.cat\/educacioinclusiva\/wp-content\/uploads\/usu2065\/2023\/07\/Consellera-225x300.jpeg 225w, https:\/\/projectes.xtec.cat\/educacioinclusiva\/wp-content\/uploads\/usu2065\/2023\/07\/Consellera-768x1024.jpeg 768w, https:\/\/projectes.xtec.cat\/educacioinclusiva\/wp-content\/uploads\/usu2065\/2023\/07\/Consellera-1152x1536.jpeg 1152w, https:\/\/projectes.xtec.cat\/educacioinclusiva\/wp-content\/uploads\/usu2065\/2023\/07\/Consellera.jpeg 1536w\" sizes=\"auto, (max-width: 225px) 100vw, 225px\" \/><\/a><\/p>\n"},"caption":{"rendered":"<p><a href='https:\/\/projectes.xtec.cat\/educacioinclusiva\/wp-content\/uploads\/usu2065\/2023\/07\/Consellera.jpeg'><\/a><\/p>\n"},"alt_text":"Consellera d'educaci\u00f3. Anna Sim\u00f3 Castell\u00f3","media_type":"image","mime_type":"image\/jpeg","media_details":{"width":1536,"height":2048,"file":"2023\/07\/Consellera.jpeg","sizes":{"medium":{"file":"Consellera-225x300.jpeg","width":225,"height":300,"mime_type":"image\/jpeg","source_url":"https:\/\/projectes.xtec.cat\/educacioinclusiva\/wp-content\/uploads\/usu2065\/2023\/07\/Consellera-225x300.jpeg"},"large":{"file":"Consellera-768x1024.jpeg","width":768,"height":1024,"mime_type":"image\/jpeg","source_url":"https:\/\/projectes.xtec.cat\/educacioinclusiva\/wp-content\/uploads\/usu2065\/2023\/07\/Consellera-768x1024.jpeg"},"thumbnail":{"file":"Consellera-150x150.jpeg","width":150,"height":150,"mime_type":"image\/jpeg","source_url":"https:\/\/projectes.xtec.cat\/educacioinclusiva\/wp-content\/uploads\/usu2065\/2023\/07\/Consellera-150x150.jpeg"},"medium_large":{"file":"Consellera-768x1024.jpeg","width":768,"height":1024,"mime_type":"image\/jpeg","source_url":"https:\/\/projectes.xtec.cat\/educacioinclusiva\/wp-content\/uploads\/usu2065\/2023\/07\/Consellera-768x1024.jpeg"},"1536x1536":{"file":"Consellera-1152x1536.jpeg","width":1152,"height":1536,"mime_type":"image\/jpeg","source_url":"https:\/\/projectes.xtec.cat\/educacioinclusiva\/wp-content\/uploads\/usu2065\/2023\/07\/Consellera-1152x1536.jpeg"},"thumb-300":{"file":"Consellera-300x250.jpeg","width":300,"height":250,"mime_type":"image\/jpeg","source_url":"https:\/\/projectes.xtec.cat\/educacioinclusiva\/wp-content\/uploads\/usu2065\/2023\/07\/Consellera-300x250.jpeg"},"thumb-200":{"file":"Consellera-200x150.jpeg","width":200,"height":150,"mime_type":"image\/jpeg","source_url":"https:\/\/projectes.xtec.cat\/educacioinclusiva\/wp-content\/uploads\/usu2065\/2023\/07\/Consellera-200x150.jpeg"},"full":{"file":"Consellera.jpeg","width":1536,"height":2048,"mime_type":"image\/jpeg","source_url":"https:\/\/projectes.xtec.cat\/educacioinclusiva\/wp-content\/uploads\/usu2065\/2023\/07\/Consellera.jpeg"}},"image_meta":{"aperture":"0","credit":"","camera":"","caption":"","created_timestamp":"0","copyright":"","focal_length":"0","iso":"0","shutter_speed":"0","title":"","orientation":"0","keywords":[]}},"post":null,"source_url":"https:\/\/projectes.xtec.cat\/educacioinclusiva\/wp-content\/uploads\/usu2065\/2023\/07\/Consellera.jpeg","_links":{"self":[{"href":"https:\/\/projectes.xtec.cat\/educacioinclusiva\/wp-json\/wp\/v2\/media\/9873","targetHints":{"allow":["GET"]}}],"collection":[{"href":"https:\/\/projectes.xtec.cat\/educacioinclusiva\/wp-json\/wp\/v2\/media"}],"about":[{"href":"https:\/\/projectes.xtec.cat\/educacioinclusiva\/wp-json\/wp\/v2\/types\/attachment"}],"author":[{"embeddable":true,"href":"https:\/\/projectes.xtec.cat\/educacioinclusiva\/wp-json\/wp\/v2\/users\/4"}],"replies":[{"embeddable":true,"href":"https:\/\/projectes.xtec.cat\/educacioinclusiva\/wp-json\/wp\/v2\/comments?post=9873"}]}}

<p class="attachment"><a href='https://projectes.xtec.cat/educacioinclusiva/wp-content/uploads/usu2065/2023/07/Consellera.jpeg'><img loading="lazy" decoding="async" width="225" height="300" src="https://projectes.xtec.cat/educacioinclusiva/wp-content/uploads/usu2065/2023/07/Consellera-225x300.jpeg" class="attachment-medium size-medium" alt="Consellera d&#039;educació. Anna Simó Castelló" srcset="https://projectes.xtec.cat/educacioinclusiva/wp-content/uploads/usu2065/2023/07/Consellera-225x300.jpeg 225w, https://projectes.xtec.cat/educacioinclusiva/wp-content/uploads/usu2065/2023/07/Consellera-768x1024.jpeg 768w, https://projectes.xtec.cat/educacioinclusiva/wp-content/uploads/usu2065/2023/07/Consellera-1152x1536.jpeg 1152w, https://projectes.xtec.cat/educacioinclusiva/wp-content/uploads/usu2065/2023/07/Consellera.jpeg 1536w" sizes="auto, (max-width: 225px) 100vw, 225px" /></a></p>

Consellera d'educació. Anna Simó Castelló
