{"id":10010,"date":"2023-08-28T14:37:22","date_gmt":"2023-08-28T12:37:22","guid":{"rendered":"https:\/\/projectes.xtec.cat\/educacioinclusiva\/?page_id=10010"},"modified":"2023-08-28T14:37:22","modified_gmt":"2023-08-28T12:37:22","slug":"aules-integrals-de-suport-ais","status":"publish","type":"page","link":"https:\/\/projectes.xtec.cat\/educacioinclusiva\/aules-integrals-de-suport-ais\/","title":{"rendered":"Aules Integrals de Suport (AIS)"},"content":{"rendered":"<h2><a href=\"https:\/\/projectes.xtec.cat\/educacioinclusiva\/aules-integrals-de-suport-ais\/attachment\/ais\/\" rel=\"attachment wp-att-10013\"><img loading=\"lazy\" decoding=\"async\" class=\"size-medium wp-image-10013 alignright\" src=\"https:\/\/projectes.xtec.cat\/educacioinclusiva\/wp-content\/uploads\/usu2065\/2023\/08\/AIS-300x212.png\" alt=\"Mans unides\" width=\"300\" height=\"212\" srcset=\"https:\/\/projectes.xtec.cat\/educacioinclusiva\/wp-content\/uploads\/usu2065\/2023\/08\/AIS-300x212.png 300w, https:\/\/projectes.xtec.cat\/educacioinclusiva\/wp-content\/uploads\/usu2065\/2023\/08\/AIS.png 421w\" sizes=\"auto, (max-width: 300px) 100vw, 300px\" \/><\/a>Aules Integrals de Suport<\/h2>\n<p><strong>Qu\u00e8 s\u00f3n?<\/strong><\/p>\n<p><strong>L&#8217;aula integral de suport (AIS)<\/strong> \u00e9s una mesura i un suport intensiu que ofereix espais educatius i terap\u00e8utics singulars que tenen com a objectiu proporcionar, de forma temporal, una atenci\u00f3 integral i intensiva als i les alumnes amb trastorn mental o amb alteracions greus de la conducta.<\/p>\n<p>L\u2019objectiu general de la intervenci\u00f3 \u00e9s afavorir el proc\u00e9s de desenvolupament integral de l\u2019alumnat, ent\u00e8s aquest proc\u00e9s com la necessitat de disposar de les condicions personals i \u00faniques per a cada alumne o alumna, a fi d\u2019assolir el benestar integral que li permeti conviure i aprendre en un entorn escolar ordinari.<\/p>\n<p>Durant el curs 2022-2023 hi ha un total de 38 AIS en funcionament a tota Catalunya.<\/p>\n<p><strong>Alumnat destinatari<\/strong><\/p>\n<p>\u00c9s destinatari d\u2019aquest suport l\u2018alumnat de les etapes obligat\u00f2ries amb necessitats educatives especials associades a trastorns mentals i trastorns greus de conducta. Aquests alumnes necessiten un suport integral i intensiu de forma temporal, a fi de poder assolir l\u2019equilibri i el benestar personal suficients que facin possible la continu\u00eftat de la seva escolaritat en contextos ordinaris.<\/p>\n<p>Els infants i adolescents atesos a l\u2019AIS presenten comportaments disruptius greus i dificultats en l\u2019establiment de vincles i de socialitzaci\u00f3. Aquest perfil repercuteix en una important interfer\u00e8ncia funcional en els \u00e0mbits personal, acad\u00e8mic, familiar i social, i requereix una intervenci\u00f3 intensiva.<\/p>\n<p>At\u00e8s que l\u2019AIS \u00e9s un suport intensiu que implica que l\u2019alumnat ha de ser at\u00e8s fora del seu context ordinari, \u00e9s necessari que pr\u00e8viament s\u2019hagin esgotat tots els recursos que ofereix la xarxa de suports a l\u2019educaci\u00f3 inclusiva.<\/p>\n<p><strong>Professionals que conformen l\u2019equip de l\u2019AIS <\/strong><\/p>\n<ul>\n<li>Un o una docent que actua com a cotutor o cotutora juntament amb el tutor o tutora del centre de refer\u00e8ncia de l\u2019alumne o alumna, i que du a terme les funcions de coordinaci\u00f3 de l\u2019AIS.<\/li>\n<li>Un o una educadora d\u2019educaci\u00f3 especial.<\/li>\n<li>Un o una professional referent de l\u2019equip d\u2019assessorament i orientaci\u00f3 psicopedag\u00f2gic (EAP), amb la dedicaci\u00f3 que estableixi el seu pla de treball.<\/li>\n<li>Un o una professional del Centre de Salut Mental Infantil i Juvenil<\/li>\n<\/ul>\n<p>Per ampliar m\u00e9s informaci\u00f3 sobre les AIS podeu consultar la <a href=\"https:\/\/documents.espai.educacio.gencat.cat\/IPCNormativa\/DisposicionsInternes\/20230222-Resolucio-Aules-Integrals-Suport.pdf\">Resoluci\u00f3\u00a0de 22\u00a0de febrer de 2023\u200b<\/a>, referent a l\u2019organitzaci\u00f3 i el funcionament de les aules integrals de suport (AIS). Disponible a les disposicions internes del portal de centres:<\/p>\n<p><a href=\"https:\/\/espai.educacio.gencat.cat\/Normativa\/Disposicions-internes\/Educacio-inclusiva\/Pagines\/default.aspx\">https:\/\/espai.educacio.gencat.cat\/Normativa\/Disposicions-internes\/Educacio-inclusiva\/Pagines\/default.aspx<\/a><\/p>\n<p>&nbsp;<\/p>\n","protected":false},"excerpt":{"rendered":"<p><a href=\"https:\/\/projectes.xtec.cat\/educacioinclusiva\/aules-integrals-de-suport-ais\/attachment\/ais\/\" rel=\"attachment wp-att-10013\"><\/a>Aules Integrals de Suport<br \/>\nQu\u00e8 s\u00f3n?<br \/>\nL&#8217;aula integral de suport (AIS) \u00e9s una mesura i un suport intensiu que ofereix espais educatius i terap\u00e8utics singulars que tenen com a objectiu proporcionar, de forma temporal, una atenci\u00f3 integral i intensiva als i les alumnes amb&hellip;  <a href=\"https:\/\/projectes.xtec.cat\/educacioinclusiva\/aules-integrals-de-suport-ais\/\" title=\"Read Aules Integrals de Suport (AIS)\">Llegeix m\u00e9s\u00bb<\/a><\/p>\n","protected":false},"author":4,"featured_media":0,"parent":0,"menu_order":0,"comment_status":"closed","ping_status":"closed","template":"","meta":{"_bbp_topic_count":0,"_bbp_reply_count":0,"_bbp_total_topic_count":0,"_bbp_total_reply_count":0,"_bbp_voice_count":0,"_bbp_anonymous_reply_count":0,"_bbp_topic_count_hidden":0,"_bbp_reply_count_hidden":0,"_bbp_forum_subforum_count":0,"footnotes":""},"class_list":["post-10010","page","type-page","status-publish","hentry"],"post_mailing_queue_ids":[],"_links":{"self":[{"href":"https:\/\/projectes.xtec.cat\/educacioinclusiva\/wp-json\/wp\/v2\/pages\/10010","targetHints":{"allow":["GET"]}}],"collection":[{"href":"https:\/\/projectes.xtec.cat\/educacioinclusiva\/wp-json\/wp\/v2\/pages"}],"about":[{"href":"https:\/\/projectes.xtec.cat\/educacioinclusiva\/wp-json\/wp\/v2\/types\/page"}],"author":[{"embeddable":true,"href":"https:\/\/projectes.xtec.cat\/educacioinclusiva\/wp-json\/wp\/v2\/users\/4"}],"replies":[{"embeddable":true,"href":"https:\/\/projectes.xtec.cat\/educacioinclusiva\/wp-json\/wp\/v2\/comments?post=10010"}],"version-history":[{"count":3,"href":"https:\/\/projectes.xtec.cat\/educacioinclusiva\/wp-json\/wp\/v2\/pages\/10010\/revisions"}],"predecessor-version":[{"id":10015,"href":"https:\/\/projectes.xtec.cat\/educacioinclusiva\/wp-json\/wp\/v2\/pages\/10010\/revisions\/10015"}],"wp:attachment":[{"href":"https:\/\/projectes.xtec.cat\/educacioinclusiva\/wp-json\/wp\/v2\/media?parent=10010"}],"curies":[{"name":"wp","href":"https:\/\/api.w.org\/{rel}","templated":true}]}}

<h2><a href="https://projectes.xtec.cat/educacioinclusiva/aules-integrals-de-suport-ais/attachment/ais/" rel="attachment wp-att-10013"><img loading="lazy" decoding="async" class="size-medium wp-image-10013 alignright" src="https://projectes.xtec.cat/educacioinclusiva/wp-content/uploads/usu2065/2023/08/AIS-300x212.png" alt="Mans unides" width="300" height="212" srcset="https://projectes.xtec.cat/educacioinclusiva/wp-content/uploads/usu2065/2023/08/AIS-300x212.png 300w, https://projectes.xtec.cat/educacioinclusiva/wp-content/uploads/usu2065/2023/08/AIS.png 421w" sizes="auto, (max-width: 300px) 100vw, 300px" /></a>Aules Integrals de Suport</h2>
<p><strong>Què són?</strong></p>
<p><strong>L&#8217;aula integral de suport (AIS)</strong> és una mesura i un suport intensiu que ofereix espais educatius i terapèutics singulars que tenen com a objectiu proporcionar, de forma temporal, una atenció integral i intensiva als i les alumnes amb trastorn mental o amb alteracions greus de la conducta.</p>
<p>L’objectiu general de la intervenció és afavorir el procés de desenvolupament integral de l’alumnat, entès aquest procés com la necessitat de disposar de les condicions personals i úniques per a cada alumne o alumna, a fi d’assolir el benestar integral que li permeti conviure i aprendre en un entorn escolar ordinari.</p>
<p>Durant el curs 2022-2023 hi ha un total de 38 AIS en funcionament a tota Catalunya.</p>
<p><strong>Alumnat destinatari</strong></p>
<p>És destinatari d’aquest suport l‘alumnat de les etapes obligatòries amb necessitats educatives especials associades a trastorns mentals i trastorns greus de conducta. Aquests alumnes necessiten un suport integral i intensiu de forma temporal, a fi de poder assolir l’equilibri i el benestar personal suficients que facin possible la continuïtat de la seva escolaritat en contextos ordinaris.</p>
<p>Els infants i adolescents atesos a l’AIS presenten comportaments disruptius greus i dificultats en l’establiment de vincles i de socialització. Aquest perfil repercuteix en una important interferència funcional en els àmbits personal, acadèmic, familiar i social, i requereix una intervenció intensiva.</p>
<p>Atès que l’AIS és un suport intensiu que implica que l’alumnat ha de ser atès fora del seu context ordinari, és necessari que prèviament s’hagin esgotat tots els recursos que ofereix la xarxa de suports a l’educació inclusiva.</p>
<p><strong>Professionals que conformen l’equip de l’AIS </strong></p>
<ul>
<li>Un o una docent que actua com a cotutor o cotutora juntament amb el tutor o tutora del centre de referència de l’alumne o alumna, i que du a terme les funcions de coordinació de l’AIS.</li>
<li>Un o una educadora d’educació especial.</li>
<li>Un o una professional referent de l’equip d’assessorament i orientació psicopedagògic (EAP), amb la dedicació que estableixi el seu pla de treball.</li>
<li>Un o una professional del Centre de Salut Mental Infantil i Juvenil</li>
</ul>
<p>Per ampliar més informació sobre les AIS podeu consultar la <a href="https://documents.espai.educacio.gencat.cat/IPCNormativa/DisposicionsInternes/20230222-Resolucio-Aules-Integrals-Suport.pdf">Resolució de 22 de febrer de 2023​</a>, referent a l’organització i el funcionament de les aules integrals de suport (AIS). Disponible a les disposicions internes del portal de centres:</p>
<p><a href="https://espai.educacio.gencat.cat/Normativa/Disposicions-internes/Educacio-inclusiva/Pagines/default.aspx">https://espai.educacio.gencat.cat/Normativa/Disposicions-internes/Educacio-inclusiva/Pagines/default.aspx</a></p>
<p>&nbsp;</p>

<p><a href="https://projectes.xtec.cat/educacioinclusiva/aules-integrals-de-suport-ais/attachment/ais/" rel="attachment wp-att-10013"></a>Aules Integrals de Suport<br />
Què són?<br />
L&#8217;aula integral de suport (AIS) és una mesura i un suport intensiu que ofereix espais educatius i terapèutics singulars que tenen com a objectiu proporcionar, de forma temporal, una atenció integral i intensiva als i les alumnes amb&hellip;  <a href="https://projectes.xtec.cat/educacioinclusiva/aules-integrals-de-suport-ais/" title="Read Aules Integrals de Suport (AIS)">Llegeix més»</a></p>
