{"id":10189,"date":"2024-02-27T12:18:54","date_gmt":"2024-02-27T11:18:54","guid":{"rendered":"https:\/\/projectes.xtec.cat\/educacioinclusiva\/?page_id=10189"},"modified":"2025-05-21T17:38:23","modified_gmt":"2025-05-21T15:38:23","slug":"programa-de-cooperacio-territorial-deducacio-inclusiva-pctei","status":"publish","type":"page","link":"https:\/\/projectes.xtec.cat\/educacioinclusiva\/programa-de-cooperacio-territorial-deducacio-inclusiva-pctei\/","title":{"rendered":"Programa de Cooperaci\u00f3 Territorial d\u2019Educaci\u00f3 Inclusiva (PCTEI)"},"content":{"rendered":"<p><a href=\"https:\/\/projectes.xtec.cat\/educacioinclusiva\/?attachment_id=10190\"><img loading=\"lazy\" decoding=\"async\" class=\"wp-image-10190 size-full aligncenter\" src=\"https:\/\/projectes.xtec.cat\/educacioinclusiva\/wp-content\/uploads\/usu2065\/2024\/02\/foto-PCT.jpg\" alt=\"Bafarades que representen la comunicaci\u00f3\" width=\"612\" height=\"258\" srcset=\"https:\/\/projectes.xtec.cat\/educacioinclusiva\/wp-content\/uploads\/usu2065\/2024\/02\/foto-PCT.jpg 612w, https:\/\/projectes.xtec.cat\/educacioinclusiva\/wp-content\/uploads\/usu2065\/2024\/02\/foto-PCT-300x126.jpg 300w\" sizes=\"auto, (max-width: 612px) 100vw, 612px\" \/><\/a><\/p>\n<p><span data-contrast=\"auto\">El Programa de cooperaci\u00f3 territorial d&#8217;educaci\u00f3 inclusiva (PCTEI) a Catalunya se centra en la detecci\u00f3 de dificultats del llenguatge en els infants i en la intervenci\u00f3 posterior a trav\u00e9s d&#8217;accions d&#8217;estimulaci\u00f3 del llenguatge oral en els \u00e0mbits escolar i familiar i en la resta d&#8217;entorns educatius. La finalitat \u00e9s facilitar l&#8217;acc\u00e9s a l&#8217;aprenentatge i l&#8217;adquisici\u00f3 d&#8217;una bona lectoescriptura a aquest alumnat. El programa tamb\u00e9 t\u00e9 per objecte aconseguir una escolaritzaci\u00f3 exitosa que permeti identificar i eliminar les barreres que impedeixen la pres\u00e8ncia, participaci\u00f3 i promoci\u00f3 de l\u2019alumnat que presenta necessitats educatives especials derivades de discapacitat auditiva, motora, intel\u00b7lectual, visual, amb trastorn generalitzat del desenvolupament, trastorn greu de conducta o pluridiscapacitat escolaritzat en centres ordinaris.<\/span><span data-ccp-props=\"{&quot;134245417&quot;:false,&quot;201341983&quot;:0,&quot;335559685&quot;:107,&quot;335559737&quot;:181,&quot;335559739&quot;:0,&quot;335559740&quot;:249}\">\u00a0<\/span><\/p>\n<p><span data-contrast=\"auto\">La detecci\u00f3 preco\u00e7 dels problemes d&#8217;aprenentatge, de la comunicaci\u00f3 i del llenguatge, en edats molt primerenques, \u00e9s una pr\u00e0ctica educativa fonamental per al desenvolupament harm\u00f2nic dels infants, at\u00e8s que permet detectar les necessitats espec\u00edfiques de l&#8217;alumnat, prioritzar les intervencions i minimitzar les repercussions en l&#8217;\u00e0mbit personal, acad\u00e8mic i social que se&#8217;n puguin derivar.<\/span><span data-ccp-props=\"{&quot;134245417&quot;:false,&quot;201341983&quot;:0,&quot;335559685&quot;:107,&quot;335559737&quot;:181,&quot;335559738&quot;:157,&quot;335559739&quot;:0,&quot;335559740&quot;:249}\">\u00a0<\/span><\/p>\n<p>El programa compta amb la dotaci\u00f3 extraordin\u00e0ria de mestres d&#8217;educaci\u00f3 infantil, prim\u00e0ria, educaci\u00f3 especial i audici\u00f3 i llenguatge.<\/p>\n<p><strong>\u00a0Objectius del Programa\u00a0<\/strong><\/p>\n<ul>\n<li><span data-contrast=\"auto\"> Avan\u00e7ar en el disseny d\u2019un model d\u2019educaci\u00f3 inclusiva.<\/span><\/li>\n<li><span data-contrast=\"auto\"> Actualitzar i ajustar les mesures d\u2019atenci\u00f3 a la diversitat.<\/span><\/li>\n<li><span data-contrast=\"auto\"> Fomentar i facilitar la col\u00b7laboraci\u00f3 de les fam\u00edlies en la vida del centre.<\/span><\/li>\n<li><span data-contrast=\"auto\"> Promoure el paper de l\u2019orientaci\u00f3 educativa en la transformaci\u00f3 inclusiva dels <\/span>centres.<span style=\"font-family: inherit; font-size: 1em;\" data-ccp-props=\"{&quot;134245417&quot;:false,&quot;201341983&quot;:0,&quot;335559739&quot;:0,&quot;335559740&quot;:240}\">\u00a0<\/span><\/li>\n<li><span data-contrast=\"auto\"> Garantir l\u2019accessibilitat dels entorns educatius i del curr\u00edculum.<\/span><\/li>\n<li><span data-contrast=\"auto\"> Establir procediments que garanteixin la detecci\u00f3 preco\u00e7 i la intervenci\u00f3 <\/span>primerenca.<span style=\"font-family: inherit; font-size: 1em;\" data-ccp-props=\"{&quot;134245417&quot;:false,&quot;201341983&quot;:0,&quot;335559739&quot;:0,&quot;335559740&quot;:240}\">\u00a0<\/span><\/li>\n<li><span data-contrast=\"auto\"> Definir el rol dels suports especialitzats i el seu paper en la transformaci\u00f3 de les <\/span>pr\u00e0ctiques docents i els entorns escolars.<span style=\"font-family: inherit; font-size: 1em;\" data-ccp-props=\"{&quot;134245417&quot;:false,&quot;201341983&quot;:0,&quot;335559739&quot;:0,&quot;335559740&quot;:240}\">\u00a0<\/span><\/li>\n<li><span data-contrast=\"auto\"> Assegurar atenci\u00f3 especialitzada per a l\u2019alumnat amb necessitat espec\u00edfica de <\/span>suport educatiu.<span style=\"font-family: inherit; font-size: 1em;\" data-ccp-props=\"{&quot;134245417&quot;:false,&quot;201341983&quot;:0,&quot;335559739&quot;:0,&quot;335559740&quot;:240}\">\u00a0<\/span><\/li>\n<\/ul>\n<p><strong>Alumnat destinatari\u00a0<\/strong><\/p>\n<p><span data-contrast=\"auto\">L&#8217;alumnat d&#8217;educaci\u00f3 infantil d&#8217;I3 a I5 escolaritzat en centres educatius de titularitat del Departament d&#8217;Educaci\u00f3 i Formaci\u00f3 Professional i en centres concertats.<\/span><span data-ccp-props=\"{&quot;134245417&quot;:false,&quot;201341983&quot;:0,&quot;335559739&quot;:0,&quot;335559740&quot;:240}\">\u00a0<\/span><\/p>\n<p>Cada Servei Territorial i el Consorci d\u2019Educaci\u00f3 de Barcelona tria els centres educatius on es desenvolupa el Programa, tot tenint en compte l\u2019\u00edndex de complexitat i l\u2019evid\u00e8ncia, en el Projecte Educatiu de Centre, d\u2019objectius referits a la millora de la capacitat inclusiva.<\/p>\n<p><span data-ccp-props=\"{&quot;134245417&quot;:false,&quot;201341983&quot;:0,&quot;335559685&quot;:107,&quot;335559738&quot;:155,&quot;335559739&quot;:0,&quot;335559740&quot;:240}\">\u00a0<\/span><span data-contrast=\"auto\">Aquest programa est\u00e0 cofinan\u00e7at pel <\/span><i><span data-contrast=\"auto\">Ministerio de Educaci\u00f3n, Formaci\u00f3n Profesional y Deportes <\/span><\/i><span data-contrast=\"auto\">(MEFPD) i el Fons Social Europeu Plus (FSE+). <\/span><span data-ccp-props=\"{&quot;134245417&quot;:false,&quot;201341983&quot;:0,&quot;335559739&quot;:0,&quot;335559740&quot;:240}\">\u00a0<\/span><\/p>\n<p>Podeu trobar m\u00e9s informaci\u00f3 a la <span data-teams=\"true\"><strong><a href=\"https:\/\/projectes.xtec.cat\/educacioinclusiva\/wp-content\/uploads\/usu2065\/2025\/05\/Resolucio_creacio_nou_programa_pctei_24_25_signed-1.pdf\" target=\"_blank\" rel=\"noopener\">Resoluci\u00f3 per la qual s\u2019aprova la creaci\u00f3 del nou Programa de detecci\u00f3 i intervenci\u00f3 primerenques de dificultats en l\u2019aprenentatge, la comunicaci\u00f3 i el llenguatge per al curs 2024-2025 en el marc del Programa de Cooperaci\u00f3 Territorial d\u2019Educaci\u00f3 Inclusiva (PCTEI)<\/a>.<\/strong><\/span><\/p>\n<p><a href=\"https:\/\/projectes.xtec.cat\/educacioinclusiva\/programa-de-cooperacio-territorial-deducacio-inclusiva-pctei\/attachment\/logo-ue_mefpd_fse\/\" rel=\"attachment wp-att-10465\"><img loading=\"lazy\" decoding=\"async\" class=\"alignright wp-image-10465 size-large\" src=\"https:\/\/projectes.xtec.cat\/educacioinclusiva\/wp-content\/uploads\/usu2065\/2025\/03\/LOGO-UE_MEFPD_FSE-1024x81.jpg\" alt=\"Fons social Europeu, Ministerio de educaci\u00f3n \" width=\"1024\" height=\"81\" srcset=\"https:\/\/projectes.xtec.cat\/educacioinclusiva\/wp-content\/uploads\/usu2065\/2025\/03\/LOGO-UE_MEFPD_FSE-1024x81.jpg 1024w, https:\/\/projectes.xtec.cat\/educacioinclusiva\/wp-content\/uploads\/usu2065\/2025\/03\/LOGO-UE_MEFPD_FSE-300x24.jpg 300w, https:\/\/projectes.xtec.cat\/educacioinclusiva\/wp-content\/uploads\/usu2065\/2025\/03\/LOGO-UE_MEFPD_FSE-768x61.jpg 768w, https:\/\/projectes.xtec.cat\/educacioinclusiva\/wp-content\/uploads\/usu2065\/2025\/03\/LOGO-UE_MEFPD_FSE-1536x122.jpg 1536w, https:\/\/projectes.xtec.cat\/educacioinclusiva\/wp-content\/uploads\/usu2065\/2025\/03\/LOGO-UE_MEFPD_FSE-2048x162.jpg 2048w\" sizes=\"auto, (max-width: 1024px) 100vw, 1024px\" \/><\/a><\/p>\n<p>&nbsp;<\/p>\n<p>&nbsp;<\/p>\n<p><a href=\"https:\/\/projectes.xtec.cat\/educacioinclusiva\/programa-de-cooperacio-territorial-deducacio-inclusiva-pctei\/attachment\/fse\/\" rel=\"attachment wp-att-10466\"><img loading=\"lazy\" decoding=\"async\" class=\"alignleft wp-image-10466 size-medium\" src=\"https:\/\/projectes.xtec.cat\/educacioinclusiva\/wp-content\/uploads\/usu2065\/2025\/03\/FSE-300x66.png\" alt=\"Fondo social Europeo Plus\" width=\"300\" height=\"66\" srcset=\"https:\/\/projectes.xtec.cat\/educacioinclusiva\/wp-content\/uploads\/usu2065\/2025\/03\/FSE-300x66.png 300w, https:\/\/projectes.xtec.cat\/educacioinclusiva\/wp-content\/uploads\/usu2065\/2025\/03\/FSE-1024x225.png 1024w, https:\/\/projectes.xtec.cat\/educacioinclusiva\/wp-content\/uploads\/usu2065\/2025\/03\/FSE-768x168.png 768w, https:\/\/projectes.xtec.cat\/educacioinclusiva\/wp-content\/uploads\/usu2065\/2025\/03\/FSE.png 1336w\" sizes=\"auto, (max-width: 300px) 100vw, 300px\" \/><\/a><\/p>\n<p>&nbsp;<\/p>\n<p>&nbsp;<\/p>\n<p>&nbsp;<\/p>\n","protected":false},"excerpt":{"rendered":"<p><a href=\"https:\/\/projectes.xtec.cat\/educacioinclusiva\/?attachment_id=10190\"><\/a><br \/>\nEl Programa de cooperaci\u00f3 territorial d&#8217;educaci\u00f3 inclusiva (PCTEI) a Catalunya se centra en la detecci\u00f3 de dificultats del llenguatge en els infants i en la intervenci\u00f3 posterior a trav\u00e9s d&#8217;accions d&#8217;estimulaci\u00f3 del llenguatge oral en els \u00e0mbits escolar i familiar i en la resta&hellip;  <a href=\"https:\/\/projectes.xtec.cat\/educacioinclusiva\/programa-de-cooperacio-territorial-deducacio-inclusiva-pctei\/\" title=\"Read Programa de Cooperaci\u00f3 Territorial d\u2019Educaci\u00f3 Inclusiva (PCTEI)\">Llegeix m\u00e9s\u00bb<\/a><\/p>\n","protected":false},"author":4,"featured_media":0,"parent":0,"menu_order":0,"comment_status":"closed","ping_status":"closed","template":"","meta":{"_bbp_topic_count":0,"_bbp_reply_count":0,"_bbp_total_topic_count":0,"_bbp_total_reply_count":0,"_bbp_voice_count":0,"_bbp_anonymous_reply_count":0,"_bbp_topic_count_hidden":0,"_bbp_reply_count_hidden":0,"_bbp_forum_subforum_count":0,"footnotes":""},"class_list":["post-10189","page","type-page","status-publish","hentry"],"post_mailing_queue_ids":[],"_links":{"self":[{"href":"https:\/\/projectes.xtec.cat\/educacioinclusiva\/wp-json\/wp\/v2\/pages\/10189","targetHints":{"allow":["GET"]}}],"collection":[{"href":"https:\/\/projectes.xtec.cat\/educacioinclusiva\/wp-json\/wp\/v2\/pages"}],"about":[{"href":"https:\/\/projectes.xtec.cat\/educacioinclusiva\/wp-json\/wp\/v2\/types\/page"}],"author":[{"embeddable":true,"href":"https:\/\/projectes.xtec.cat\/educacioinclusiva\/wp-json\/wp\/v2\/users\/4"}],"replies":[{"embeddable":true,"href":"https:\/\/projectes.xtec.cat\/educacioinclusiva\/wp-json\/wp\/v2\/comments?post=10189"}],"version-history":[{"count":6,"href":"https:\/\/projectes.xtec.cat\/educacioinclusiva\/wp-json\/wp\/v2\/pages\/10189\/revisions"}],"predecessor-version":[{"id":10505,"href":"https:\/\/projectes.xtec.cat\/educacioinclusiva\/wp-json\/wp\/v2\/pages\/10189\/revisions\/10505"}],"wp:attachment":[{"href":"https:\/\/projectes.xtec.cat\/educacioinclusiva\/wp-json\/wp\/v2\/media?parent=10189"}],"curies":[{"name":"wp","href":"https:\/\/api.w.org\/{rel}","templated":true}]}}