{"id":9992,"date":"2023-07-21T12:11:39","date_gmt":"2023-07-21T10:11:39","guid":{"rendered":"https:\/\/projectes.xtec.cat\/educacioinclusiva\/?page_id=9992"},"modified":"2023-07-21T12:19:31","modified_gmt":"2023-07-21T10:19:31","slug":"credv","status":"publish","type":"page","link":"https:\/\/projectes.xtec.cat\/educacioinclusiva\/credv\/","title":{"rendered":"CREDV"},"content":{"rendered":"<p><strong><a href=\"https:\/\/projectes.xtec.cat\/educacioinclusiva\/credv\/attachment\/imatge-credv\/\" rel=\"attachment wp-att-9993\"><img loading=\"lazy\" decoding=\"async\" class=\"size-medium wp-image-9993 alignright\" src=\"https:\/\/projectes.xtec.cat\/educacioinclusiva\/wp-content\/uploads\/usu2065\/2023\/07\/Imatge-CREDV-300x276.png\" alt=\"ma acompanyant un grup de ninos de papaer\" width=\"300\" height=\"276\" srcset=\"https:\/\/projectes.xtec.cat\/educacioinclusiva\/wp-content\/uploads\/usu2065\/2023\/07\/Imatge-CREDV-300x276.png 300w, https:\/\/projectes.xtec.cat\/educacioinclusiva\/wp-content\/uploads\/usu2065\/2023\/07\/Imatge-CREDV.png 356w\" sizes=\"auto, (max-width: 300px) 100vw, 300px\" \/><\/a>Qu\u00e8 \u00e9s?<\/strong><\/p>\n<p>El<strong> CREDV-ONCE<\/strong> \u00e9s un servei educatiu espec\u00edfic, adre\u00e7at a l&#8217;alumnat que presenta una discapacitat visual, a les seves fam\u00edlies i a la comunitat educativa, i que t\u00e9 la funci\u00f3 de donar resposta adequada a les necessitats espec\u00edfiques derivades de la discapacitat visual.<\/p>\n<p><strong>Funcions<\/strong><\/p>\n<p>El Servei ha d\u2019assessorar, formar i dotar tant a la comunitat educativa com a l&#8217;alumnat i a les seves fam\u00edlies, de recursos i estrat\u00e8gies personals, materials, tiflot\u00e8cniques i metodol\u00f2giques que donin resposta a les necessitats educatives espec\u00edfiques derivades de la discapacitat visual, afavorint el desenvolupament integral de l&#8217;alumnat, la seva autonomia personal i el seu proc\u00e9s d&#8217;ensenyament i aprenentatge.<\/p>\n<p>El Servei col\u00b7labora amb el centre educatiu, tot promovent i empoderant als centres de cultures inclusives, per tal de garantir la inclusi\u00f3 escolar de l\u2019alumnat amb discapacitat visual.<\/p>\n<p><strong>\u00c0mbit d&#8217;actuaci\u00f3<\/strong><\/p>\n<p>L\u2019\u00e0mbit d\u2019actuaci\u00f3, \u00e9s Catalunya i disposa d\u2019una seu central, ubicada a Barcelona ciutat, en el CREDV ONCE Barcelona, des d\u2019on es gestionen i coordinen totes les accions del Servei, i quatre subseus a Girona, Lleida, Tarragona i Terres de l\u2019Ebre.<\/p>\n<p><strong>Unitats i professionals<\/strong><\/p>\n<p>S\u2019organitzen en tres unitats:<\/p>\n<ul>\n<li>Unitat de valoraci\u00f3 i orientaci\u00f3 de l\u2019alumnat amb discapacitat visual formada per l\u2019equip psicopedag\u00f2gic, treballadors i treballadores socials, psic\u00f2legs i psic\u00f2logues, pedagogs i pedagogues i mestres de suport itinerants que actuen en un \u00e0mbit territorial que pot comprendre un o m\u00e9s serveis.<\/li>\n<li>Unitat de seguiment escolar formada per mestres de suport itinerants especialitzats en l\u2019atenci\u00f3 a l\u2019alumnat amb discapacitat visual.<\/li>\n<li>Unitat de recursos, tecnologia i formaci\u00f3 formada per mestres i professionals t\u00e8cnics especialistes que agrupa serveis especialitzats, promouen la recerca de recursos did\u00e0ctics i doten dels serveis necessaris.<\/li>\n<\/ul>\n<p><strong>Al portal de centre trobareu m\u00e9s informaci\u00f3<\/strong><\/p>\n","protected":false},"excerpt":{"rendered":"<p><a href=\"https:\/\/projectes.xtec.cat\/educacioinclusiva\/credv\/attachment\/imatge-credv\/\" rel=\"attachment wp-att-9993\"><\/a>Qu\u00e8 \u00e9s?<br \/>\nEl CREDV-ONCE \u00e9s un servei educatiu espec\u00edfic, adre\u00e7at a l&#8217;alumnat que presenta una discapacitat visual, a les seves fam\u00edlies i a la comunitat educativa, i que t\u00e9 la funci\u00f3 de donar resposta adequada a les necessitats espec\u00edfiques derivades de la discapacitat&hellip;  <a href=\"https:\/\/projectes.xtec.cat\/educacioinclusiva\/credv\/\" title=\"Read CREDV\">Llegeix m\u00e9s\u00bb<\/a><\/p>\n","protected":false},"author":4,"featured_media":0,"parent":0,"menu_order":0,"comment_status":"closed","ping_status":"closed","template":"","meta":{"_bbp_topic_count":0,"_bbp_reply_count":0,"_bbp_total_topic_count":0,"_bbp_total_reply_count":0,"_bbp_voice_count":0,"_bbp_anonymous_reply_count":0,"_bbp_topic_count_hidden":0,"_bbp_reply_count_hidden":0,"_bbp_forum_subforum_count":0,"footnotes":""},"class_list":["post-9992","page","type-page","status-publish","hentry"],"post_mailing_queue_ids":[],"_links":{"self":[{"href":"https:\/\/projectes.xtec.cat\/educacioinclusiva\/wp-json\/wp\/v2\/pages\/9992","targetHints":{"allow":["GET"]}}],"collection":[{"href":"https:\/\/projectes.xtec.cat\/educacioinclusiva\/wp-json\/wp\/v2\/pages"}],"about":[{"href":"https:\/\/projectes.xtec.cat\/educacioinclusiva\/wp-json\/wp\/v2\/types\/page"}],"author":[{"embeddable":true,"href":"https:\/\/projectes.xtec.cat\/educacioinclusiva\/wp-json\/wp\/v2\/users\/4"}],"replies":[{"embeddable":true,"href":"https:\/\/projectes.xtec.cat\/educacioinclusiva\/wp-json\/wp\/v2\/comments?post=9992"}],"version-history":[{"count":3,"href":"https:\/\/projectes.xtec.cat\/educacioinclusiva\/wp-json\/wp\/v2\/pages\/9992\/revisions"}],"predecessor-version":[{"id":9997,"href":"https:\/\/projectes.xtec.cat\/educacioinclusiva\/wp-json\/wp\/v2\/pages\/9992\/revisions\/9997"}],"wp:attachment":[{"href":"https:\/\/projectes.xtec.cat\/educacioinclusiva\/wp-json\/wp\/v2\/media?parent=9992"}],"curies":[{"name":"wp","href":"https:\/\/api.w.org\/{rel}","templated":true}]}}