{"id":8458,"date":"2017-09-29T10:49:40","date_gmt":"2017-09-29T08:49:40","guid":{"rendered":"http:\/\/projectes.xtec.cat\/eduhack\/?page_id=8458"},"modified":"2019-03-15T10:49:51","modified_gmt":"2019-03-15T09:49:51","slug":"eduhack-2a-edicio","status":"publish","type":"page","link":"https:\/\/projectes.xtec.cat\/eduhack\/eduhack-2a-edicio\/","title":{"rendered":"EduHack: 2a edici\u00f3"},"content":{"rendered":"<p><strong>Proc\u00e9s i cicle EduHack<\/strong><\/p>\n<p>La segona edici\u00f3 d&#8217;EduHack va acollir a aproximadament <b>800 participants <\/b>dividits en <b>150 equips de <\/b><b>disseny<\/b>.<\/p>\n<p>En aquesta segona edici\u00f3, cada equip va triar un repte i en va dissenyar una soluci\u00f3 utilitzant la metodologia del Design Thinking. Mitjan\u00e7ant una plataforma online i sessions presencials col\u00b7laboratives, els equips de treball van seguir la seq\u00fc\u00e8ncia de cocreaci\u00f3 de quatre fases: empatitzar, definir, idear i prototipar.<\/p>\n<p>Les fases integren diverses activitats pr\u00e0ctiques on els participants han d&#8217;utilitzar la seva creativitat, capacitat resolutiva i coneixement adquirit per a dissenyar propostes did\u00e0ctiques viables: transformar materials d&#8217;aula, incloure l&#8217;\u00fas de recursos digitals per l&#8217;aprenentatge, canviar la forma d&#8217;interactuar amb els alumnes, etc.<\/p>\n<p>El proc\u00e9s i l&#8217;aprenentatge que se&#8217;n deriva queden enregistrats per tal de poder compartir les solucions amb altres docents, institucions p\u00fabliques i el p\u00fablic en general.<\/p>\n<p>D&#8217;aquest treball en equip van resultar <strong>21<\/strong><b>\u00a0projectes (<\/b><b>prototips<\/b><b>)\u00a0<\/b>de propostes did\u00e0ctiques innovadores, inclusives i digitals, impactant a la fase de poilotatge al voltant de <b>70\u00a0<\/b><b>escoles<\/b><b>, 280 docents i 35.000 <\/b><b>alumnes<\/b>.<\/p>\n<p>El cicle complet, pr\u00e0ctic i col\u00b7laboratiu d&#8217;EduHack t\u00e9 una duraci\u00f3 de <b>dos <\/b><b>cursos<\/b><b> escolars<\/b>.<\/p>\n<p><a href=\"http:\/\/projectes.xtec.cat\/eduhack\/wp-content\/uploads\/usu882\/2017\/09\/fulltimeline-versio-final.png\"><img loading=\"lazy\" decoding=\"async\" class=\"wp-image-8747 size-full aligncenter\" src=\"http:\/\/projectes.xtec.cat\/eduhack\/wp-content\/uploads\/usu882\/2017\/09\/fulltimeline-versio-final.png\" alt=\"\" width=\"800\" height=\"200\" srcset=\"https:\/\/projectes.xtec.cat\/eduhack\/wp-content\/uploads\/usu882\/2017\/09\/fulltimeline-versio-final.png 800w, https:\/\/projectes.xtec.cat\/eduhack\/wp-content\/uploads\/usu882\/2017\/09\/fulltimeline-versio-final-300x75.png 300w, https:\/\/projectes.xtec.cat\/eduhack\/wp-content\/uploads\/usu882\/2017\/09\/fulltimeline-versio-final-768x192.png 768w\" sizes=\"auto, (max-width: 800px) 100vw, 800px\" \/><\/a><\/p>\n<p>&nbsp;<br \/>\n<strong>Sessi\u00f3 inicial<\/strong><\/p>\n<p>La segona edici\u00f3 d&#8217;EduHack\u00a0consta de dues parts: unes sessions presencials i un\u00a0proc\u00e9s\u00a0en l\u00ednia continuat per desenvolupar i pilotar les propostes en contextos educatius reals.<\/p>\n<p>La sessi\u00f3 inicial de\u00a0llan\u00e7ament\u00a0es va celebrar\u00a0el <b>18 de <\/b><b>novembre<\/b><b> del 2017, de 9 h a 18 h, <\/b>i\u00a0va tenir\u00a0 lloc\u00a0<b>simult\u00e0niament<\/b><b>\u00a0a <\/b><b>quatre<\/b> <b>seus<\/b><b> a <\/b><b>Catalunya<\/b>, per\u00a0tal d&#8217;afavorir la creaci\u00f3 de comunitats d&#8217;aprenentatge i el treball en equip.<\/p>\n<p>Les seus van ser\u00a0la <a href=\"https:\/\/goo.gl\/maps\/VZYZewkSvnw\">Universitat Pompeu Fabra<\/a>, a Barcelona, la <a href=\"https:\/\/www.google.es\/maps\/place\/Pla%C3%A7a+de+Sant+Dom%C3%A8nec,+3,+17004+Girona\/@41.9860082,2.8251188,17z\/data=!3m1!4b1!4m5!3m4!1s0x12bae6e7da8031ff:0x2873e16d5ed49668!8m2!3d41.9860082!4d2.8273075?hl=ca&amp;shorturl=1\">Universitat de Girona<\/a>, a Girona, el <a href=\"https:\/\/www.google.es\/maps\/place\/Complex+Educatiu+de+Tarragona\/@41.1052587,1.1969413,16z\/data=!4m13!1m7!3m6!1s0x12a1581b2631ed15:0x96f96f82ec1dbac0!2sCarrer+Autovia+de+Salou,+Tarragona!3b1!8m2!3d41.1050054!4d1.202622!3m4!1s0x0:0xee8ff759c302a89c!8m2!3d41.1021759!4d1.2021312?shorturl=1\">Complex Educatiu<\/a>, a Tarragona i la <a href=\"https:\/\/www.google.es\/maps\/place\/Pla%C3%A7a+de+V%C3%ADctor+Siurana,+1,+25003+Lleida\/@41.6147654,0.617428,17z\/data=!3m1!4b1!4m5!3m4!1s0x12a6e014a95efdf5:0xd6c69aef547398a8!8m2!3d41.6147654!4d0.6196167\">Universitat de Lleida<\/a>, a Lleida.<\/p>\n<p>Van participar-hi <b>docents<\/b> de tots els nivells educatius i \u00e0mbits curriculars, professorat i <b>estudiants<\/b> de m\u00e0ster i grau relacionats amb l&#8217;educaci\u00f3, <b>persones expertes<\/b> de la ind\u00fastria i professionals de <b>centres de <\/b><b>recerca<\/b>.<\/p>\n<p><a href=\"http:\/\/projectes.xtec.cat\/eduhack\/wp-content\/uploads\/usu882\/2017\/09\/map-logos-versio-final-2.png\"><img loading=\"lazy\" decoding=\"async\" class=\"wp-image-8745 size-full aligncenter\" src=\"http:\/\/projectes.xtec.cat\/eduhack\/wp-content\/uploads\/usu882\/2017\/09\/map-logos-versio-final-2.png\" alt=\"\" width=\"335\" height=\"335\" srcset=\"https:\/\/projectes.xtec.cat\/eduhack\/wp-content\/uploads\/usu882\/2017\/09\/map-logos-versio-final-2.png 335w, https:\/\/projectes.xtec.cat\/eduhack\/wp-content\/uploads\/usu882\/2017\/09\/map-logos-versio-final-2-150x150.png 150w, https:\/\/projectes.xtec.cat\/eduhack\/wp-content\/uploads\/usu882\/2017\/09\/map-logos-versio-final-2-300x300.png 300w\" sizes=\"auto, (max-width: 335px) 100vw, 335px\" \/><\/a><\/p>\n<p>&nbsp;<\/p>\n","protected":false},"excerpt":{"rendered":"<p>Proc\u00e9s i cicle EduHack<br \/>\nLa segona edici\u00f3 d&#8217;EduHack va acollir a aproximadament 800 participants dividits en 150 equips de disseny.<br \/>\nEn aquesta segona edici\u00f3, cada equip va triar un repte i en va dissenyar una soluci\u00f3 utilitzant la metodologia del Design Thinking. Mitjan\u00e7ant una plataforma online i&hellip;  <a href=\"https:\/\/projectes.xtec.cat\/eduhack\/eduhack-2a-edicio\/\" title=\"Read EduHack: 2a edici\u00f3\">Llegeix m\u00e9s\u00bb<\/a><\/p>\n","protected":false},"author":21,"featured_media":0,"parent":0,"menu_order":0,"comment_status":"closed","ping_status":"closed","template":"","meta":{"_bbp_topic_count":0,"_bbp_reply_count":0,"_bbp_total_topic_count":0,"_bbp_total_reply_count":0,"_bbp_voice_count":0,"_bbp_anonymous_reply_count":0,"_bbp_topic_count_hidden":0,"_bbp_reply_count_hidden":0,"_bbp_forum_subforum_count":0,"footnotes":""},"class_list":["post-8458","page","type-page","status-publish","hentry"],"post_mailing_queue_ids":[],"_links":{"self":[{"href":"https:\/\/projectes.xtec.cat\/eduhack\/wp-json\/wp\/v2\/pages\/8458","targetHints":{"allow":["GET"]}}],"collection":[{"href":"https:\/\/projectes.xtec.cat\/eduhack\/wp-json\/wp\/v2\/pages"}],"about":[{"href":"https:\/\/projectes.xtec.cat\/eduhack\/wp-json\/wp\/v2\/types\/page"}],"author":[{"embeddable":true,"href":"https:\/\/projectes.xtec.cat\/eduhack\/wp-json\/wp\/v2\/users\/21"}],"replies":[{"embeddable":true,"href":"https:\/\/projectes.xtec.cat\/eduhack\/wp-json\/wp\/v2\/comments?post=8458"}],"version-history":[{"count":4,"href":"https:\/\/projectes.xtec.cat\/eduhack\/wp-json\/wp\/v2\/pages\/8458\/revisions"}],"predecessor-version":[{"id":10816,"href":"https:\/\/projectes.xtec.cat\/eduhack\/wp-json\/wp\/v2\/pages\/8458\/revisions\/10816"}],"wp:attachment":[{"href":"https:\/\/projectes.xtec.cat\/eduhack\/wp-json\/wp\/v2\/media?parent=8458"}],"curies":[{"name":"wp","href":"https:\/\/api.w.org\/{rel}","templated":true}]}}