{"id":8496,"date":"2017-09-29T18:08:30","date_gmt":"2017-09-29T16:08:30","guid":{"rendered":"http:\/\/projectes.xtec.cat\/eduhack\/?page_id=8496"},"modified":"2017-10-10T09:35:24","modified_gmt":"2017-10-10T07:35:24","slug":"edicions-anteriors","status":"publish","type":"page","link":"https:\/\/projectes.xtec.cat\/eduhack\/edicions-anteriors\/","title":{"rendered":"Edicions anteriors"},"content":{"rendered":"<p><strong>Primera edici\u00f3 EduHack 2016<\/strong><\/p>\n<p>La primera edici\u00f3 d&#8217;mSchools EduHack es va celebrar el febrer de 2016, quan m\u00e9s de 500 participants es van reunir per dissenyar de manera col\u00b7laborativa experi\u00e8ncies educatives innovadores\u00a0i explorar-ne l&#8217;aplicaci\u00f3 a les aules.<\/p>\n<p>Arran d&#8217;aquesta iniciativa es van crear diferents propostes did\u00e0ctiques que durant tot l&#8217;any s&#8217;han desenvolupat en profunditat fins a entrar en fase de pilotatge. Els darrers mesos, al voltant de 50 centres educatius catalans han estat aplicant les propostes creades a l&#8217;EduHack, amb la participaci\u00f3 de 120 docents i 1.700 estudiants.<i>\u00a0<\/i><\/p>\n<p>M\u00e9s de 40 propostes did\u00e0ctiques validades han estat compartides a\u00a0<a href=\"http:\/\/toolbox.mobileworldcapital.com\/\">mSchools Toolbox<\/a>, una plataforma de col\u00b7laboraci\u00f3 oberta que ajuda els docents a descobrir i compartir l&#8217;aplicaci\u00f3 de continguts educatius i recursos digitals a l&#8217;aula.<\/p>\n<p>La culminaci\u00f3 del proc\u00e9s EduHack va ser una jornada organitzada en el marc de Mobile World Congress 2017, on els assistents van poder con\u00e8ixer en profunditat la darrera fase de pilotatge de quatre dels projectes gestats durant la primera jornada del\u00a0proc\u00e9s de cocreaci\u00f3.<\/p>\n","protected":false},"excerpt":{"rendered":"<p>Primera edici\u00f3 EduHack 2016<br \/>\nLa primera edici\u00f3 d&#8217;mSchools EduHack es va celebrar el febrer de 2016, quan m\u00e9s de 500 participants es van reunir per dissenyar de manera col\u00b7laborativa experi\u00e8ncies educatives innovadores\u00a0i explorar-ne l&#8217;aplicaci\u00f3 a les aules.<br \/>\nArran d&#8217;aquesta iniciativa es van crear diferents propostes did\u00e0ctiques que&hellip;  <a href=\"https:\/\/projectes.xtec.cat\/eduhack\/edicions-anteriors\/\" title=\"Read Edicions anteriors\">Llegeix m\u00e9s\u00bb<\/a><\/p>\n","protected":false},"author":21,"featured_media":0,"parent":0,"menu_order":0,"comment_status":"closed","ping_status":"closed","template":"","meta":{"_bbp_topic_count":0,"_bbp_reply_count":0,"_bbp_total_topic_count":0,"_bbp_total_reply_count":0,"_bbp_voice_count":0,"_bbp_anonymous_reply_count":0,"_bbp_topic_count_hidden":0,"_bbp_reply_count_hidden":0,"_bbp_forum_subforum_count":0,"footnotes":""},"class_list":["post-8496","page","type-page","status-publish","hentry"],"post_mailing_queue_ids":[],"_links":{"self":[{"href":"https:\/\/projectes.xtec.cat\/eduhack\/wp-json\/wp\/v2\/pages\/8496","targetHints":{"allow":["GET"]}}],"collection":[{"href":"https:\/\/projectes.xtec.cat\/eduhack\/wp-json\/wp\/v2\/pages"}],"about":[{"href":"https:\/\/projectes.xtec.cat\/eduhack\/wp-json\/wp\/v2\/types\/page"}],"author":[{"embeddable":true,"href":"https:\/\/projectes.xtec.cat\/eduhack\/wp-json\/wp\/v2\/users\/21"}],"replies":[{"embeddable":true,"href":"https:\/\/projectes.xtec.cat\/eduhack\/wp-json\/wp\/v2\/comments?post=8496"}],"version-history":[{"count":3,"href":"https:\/\/projectes.xtec.cat\/eduhack\/wp-json\/wp\/v2\/pages\/8496\/revisions"}],"predecessor-version":[{"id":8585,"href":"https:\/\/projectes.xtec.cat\/eduhack\/wp-json\/wp\/v2\/pages\/8496\/revisions\/8585"}],"wp:attachment":[{"href":"https:\/\/projectes.xtec.cat\/eduhack\/wp-json\/wp\/v2\/media?parent=8496"}],"curies":[{"name":"wp","href":"https:\/\/api.w.org\/{rel}","templated":true}]}}