{"id":8518,"date":"2020-05-21T11:31:04","date_gmt":"2020-05-21T09:31:04","guid":{"rendered":"https:\/\/projectes.xtec.cat\/empresafp\/?page_id=8518"},"modified":"2022-09-22T11:49:53","modified_gmt":"2022-09-22T09:49:53","slug":"que-es-empresafp","status":"publish","type":"page","link":"https:\/\/projectes.xtec.cat\/empresafp\/pagines-dinici\/pagina-dinici-buida\/que-es-empresafp\/","title":{"rendered":"Qu\u00e8 \u00e9s EmpresaFP?"},"content":{"rendered":"<p>EmpresaFP \u00e9s un programa adre\u00e7at a tots aquells <strong>instituts de formaci\u00f3 professional<\/strong> que vulguin millorar la seva competitivitat mitjan\u00e7ant els <strong>serveis<\/strong> que poden prestar a les <strong>empreses<\/strong>.<\/p>\n<p>El programa promou la difusi\u00f3 del <strong>cat\u00e0leg\u00a0de serveis<\/strong> dels centres per establir col\u00b7laboracions concretes amb empreses. Sempre amb la finalitat de millorar la formaci\u00f3 professional.<\/p>\n<p><a href=\"https:\/\/projectes.xtec.cat\/empresafp\/wp-content\/uploads\/usu779\/2021\/04\/Captura-de-pantalla-2021-04-26-a-las-14.35.38.png\"><img loading=\"lazy\" decoding=\"async\" class=\"alignnone wp-image-8856\" src=\"https:\/\/projectes.xtec.cat\/empresafp\/wp-content\/uploads\/usu779\/2021\/04\/Captura-de-pantalla-2021-04-26-a-las-14.35.38.png\" alt=\"\" width=\"570\" height=\"212\" srcset=\"https:\/\/projectes.xtec.cat\/empresafp\/wp-content\/uploads\/usu779\/2021\/04\/Captura-de-pantalla-2021-04-26-a-las-14.35.38.png 906w, https:\/\/projectes.xtec.cat\/empresafp\/wp-content\/uploads\/usu779\/2021\/04\/Captura-de-pantalla-2021-04-26-a-las-14.35.38-300x112.png 300w, https:\/\/projectes.xtec.cat\/empresafp\/wp-content\/uploads\/usu779\/2021\/04\/Captura-de-pantalla-2021-04-26-a-las-14.35.38-768x286.png 768w\" sizes=\"auto, (max-width: 570px) 100vw, 570px\" \/><\/a><\/p>\n<p>-Establint\u00a0<strong>col\u00b7laboracions concretes<\/strong> amb empreses.<\/p>\n<p>&#8211;<strong>Difonent<\/strong> la carta de serveis dels centres (tan a nivell intern, com extern).<\/p>\n<p>&#8211;<strong>Creant una estructura empresa-institut<\/strong> amb els serveis que ja disposa el centre\u00a0i amb aquells nous serveis que poden apar\u00e8ixer&#8230;<\/p>\n<p><strong>-Coordinant<\/strong> els diferents projectes que pugin apar\u00e8ixer relacionats amb l\u2019empresa portats a terme pels diferents programes de la subdirecci\u00f3 (Activa, Innova, Futura&#8230;)<\/p>\n<p>&nbsp;<\/p>\n<p>Al nostre programa trobar\u00e0s una <strong>plataforma de centres<\/strong> que treballen conjuntament en una xarxa, amb la participaci\u00f3 dels instituts experts, empreses, formacions, seminaris\u2026<\/p>\n<p><a href=\"https:\/\/projectes.xtec.cat\/empresafp\/wp-content\/uploads\/usu779\/2020\/10\/Captura-de-pantalla-2020-10-01-a-las-10.34.43.png\"><img loading=\"lazy\" decoding=\"async\" class=\"alignnone size-full wp-image-8611\" src=\"https:\/\/projectes.xtec.cat\/empresafp\/wp-content\/uploads\/usu779\/2020\/10\/Captura-de-pantalla-2020-10-01-a-las-10.34.43.png\" alt=\"\" width=\"381\" height=\"214\" srcset=\"https:\/\/projectes.xtec.cat\/empresafp\/wp-content\/uploads\/usu779\/2020\/10\/Captura-de-pantalla-2020-10-01-a-las-10.34.43.png 381w, https:\/\/projectes.xtec.cat\/empresafp\/wp-content\/uploads\/usu779\/2020\/10\/Captura-de-pantalla-2020-10-01-a-las-10.34.43-300x169.png 300w\" sizes=\"auto, (max-width: 381px) 100vw, 381px\" \/><\/a><\/p>\n<p>El seguiment d&#8217;aquest programa genera una serie de <strong>beneficis i oportunitats<\/strong> pels centres com:<\/p>\n<p><a href=\"https:\/\/projectes.xtec.cat\/empresafp\/wp-content\/uploads\/usu779\/2021\/04\/Captura-de-pantalla-2021-04-26-a-las-14.34.07.png\"><img loading=\"lazy\" decoding=\"async\" class=\"alignnone wp-image-8855\" src=\"https:\/\/projectes.xtec.cat\/empresafp\/wp-content\/uploads\/usu779\/2021\/04\/Captura-de-pantalla-2021-04-26-a-las-14.34.07.png\" alt=\"\" width=\"390\" height=\"228\" srcset=\"https:\/\/projectes.xtec.cat\/empresafp\/wp-content\/uploads\/usu779\/2021\/04\/Captura-de-pantalla-2021-04-26-a-las-14.34.07.png 743w, https:\/\/projectes.xtec.cat\/empresafp\/wp-content\/uploads\/usu779\/2021\/04\/Captura-de-pantalla-2021-04-26-a-las-14.34.07-300x176.png 300w\" sizes=\"auto, (max-width: 390px) 100vw, 390px\" \/><\/a><\/p>\n<p>Actualment el programa <strong>s\u2019organitza<\/strong> en quatre fases:<\/p>\n<p><strong>FASE 1<\/strong>-L\u2019objectiu d\u2019aquesta etapa \u00e9s que els centres elaborin la seva carta de serveis alineada amb els recursos disponibles i el seu entorn, i adaptin l\u2019organitzaci\u00f3 per tal qu\u00e8 es pugui garantir una oferta de serveis eficient i sostenible en el temps, i d\u2019acord amb uns criteris de qualitat.<\/p>\n<p><strong>FASE 2<\/strong>-L\u2019objectiu d\u2019aquesta etapa \u00e9s donar opcions als centres per poder incorporar nous serveis a la seva carta que estimin que poden aportar valor a la seva relaci\u00f3 centre-empresa, aix\u00ed com promocionar-los.<\/p>\n<p><strong>FASE 3<\/strong>-L&#8217;objectiu \u00e9s el de consolidar y sistematitzar el treball conjunt \u00a0dels diferents projectes relacionats amb l\u2019empresa.<\/p>\n<p><strong>FASE 4<\/strong>&#8211; L&#8217;objectiu \u00e9s la de cercar la innovaci\u00f3 en els seveis institut-empresa.<\/p>\n<p><a href=\"https:\/\/projectes.xtec.cat\/empresafp\/wp-content\/uploads\/usu779\/2021\/04\/Captura-de-pantalla-2021-04-26-a-las-14.32.00.png\"><img loading=\"lazy\" decoding=\"async\" class=\"alignnone wp-image-8854\" src=\"https:\/\/projectes.xtec.cat\/empresafp\/wp-content\/uploads\/usu779\/2021\/04\/Captura-de-pantalla-2021-04-26-a-las-14.32.00.png\" alt=\"\" width=\"609\" height=\"355\" srcset=\"https:\/\/projectes.xtec.cat\/empresafp\/wp-content\/uploads\/usu779\/2021\/04\/Captura-de-pantalla-2021-04-26-a-las-14.32.00.png 720w, https:\/\/projectes.xtec.cat\/empresafp\/wp-content\/uploads\/usu779\/2021\/04\/Captura-de-pantalla-2021-04-26-a-las-14.32.00-300x175.png 300w\" sizes=\"auto, (max-width: 609px) 100vw, 609px\" \/><\/a><\/p>\n<p><strong>Per a m\u00e9s informaci\u00f3<\/strong>, aqu\u00ed teniu l\u2019adre\u00e7a electr\u00f2nica i les nostres xarxes socials.<\/p>\n<p><a href=\"https:\/\/projectes.xtec.cat\/empresafp\/wp-content\/uploads\/usu779\/2020\/10\/Captura-de-pantalla-2020-10-01-a-las-10.43.06.png\"><img loading=\"lazy\" decoding=\"async\" class=\"alignnone size-full wp-image-8616\" src=\"https:\/\/projectes.xtec.cat\/empresafp\/wp-content\/uploads\/usu779\/2020\/10\/Captura-de-pantalla-2020-10-01-a-las-10.43.06.png\" alt=\"\" width=\"378\" height=\"205\" srcset=\"https:\/\/projectes.xtec.cat\/empresafp\/wp-content\/uploads\/usu779\/2020\/10\/Captura-de-pantalla-2020-10-01-a-las-10.43.06.png 378w, https:\/\/projectes.xtec.cat\/empresafp\/wp-content\/uploads\/usu779\/2020\/10\/Captura-de-pantalla-2020-10-01-a-las-10.43.06-300x163.png 300w\" sizes=\"auto, (max-width: 378px) 100vw, 378px\" \/><\/a><\/p>\n<p>A continuaci\u00f3 pots navegar en la informaci\u00f3 del programa.<\/p>\n<div style=\"width: 100%;\">\n<div style=\"position: relative; padding-bottom: 56.25%; padding-top: 0; height: 0;\">\n<p><iframe class=\"wp-embedded-content\" sandbox=\"allow-scripts\" security=\"restricted\" title=\"Presentacion xarxa1 22\/23\" frameborder='0' width='1200' height='675' src='https:\/\/view.genially.com\/62274e073c7d700015489b57#?secret=m7mcV8y4AJ' data-secret='m7mcV8y4AJ' scrolling='yes'><\/iframe><\/p>\n<\/div>\n<\/div>\n<p>&nbsp;<\/p>\n<div style=\"width: 100%;\">\n<div style=\"position: relative; padding-bottom: 56.25%; padding-top: 0; height: 0;\"><\/div>\n<\/div>\n","protected":false},"excerpt":{"rendered":"<p>EmpresaFP \u00e9s un programa adre\u00e7at a tots aquells instituts de formaci\u00f3 professional que vulguin millorar la seva competitivitat mitjan\u00e7ant els serveis que poden prestar a les empreses.<br \/>\nEl programa promou la difusi\u00f3 del cat\u00e0leg\u00a0de serveis dels centres per establir col\u00b7laboracions concretes amb empreses. Sempre amb la&hellip;  <a href=\"https:\/\/projectes.xtec.cat\/empresafp\/pagines-dinici\/pagina-dinici-buida\/que-es-empresafp\/\" title=\"Read Qu\u00e8 \u00e9s EmpresaFP?\">Llegeix m\u00e9s\u00bb<\/a><\/p>\n","protected":false},"author":5,"featured_media":0,"parent":9,"menu_order":0,"comment_status":"closed","ping_status":"closed","template":"","meta":{"_bbp_topic_count":0,"_bbp_reply_count":0,"_bbp_total_topic_count":0,"_bbp_total_reply_count":0,"_bbp_voice_count":0,"_bbp_anonymous_reply_count":0,"_bbp_topic_count_hidden":0,"_bbp_reply_count_hidden":0,"_bbp_forum_subforum_count":0,"footnotes":""},"class_list":["post-8518","page","type-page","status-publish","hentry"],"post_mailing_queue_ids":[],"_links":{"self":[{"href":"https:\/\/projectes.xtec.cat\/empresafp\/wp-json\/wp\/v2\/pages\/8518","targetHints":{"allow":["GET"]}}],"collection":[{"href":"https:\/\/projectes.xtec.cat\/empresafp\/wp-json\/wp\/v2\/pages"}],"about":[{"href":"https:\/\/projectes.xtec.cat\/empresafp\/wp-json\/wp\/v2\/types\/page"}],"author":[{"embeddable":true,"href":"https:\/\/projectes.xtec.cat\/empresafp\/wp-json\/wp\/v2\/users\/5"}],"replies":[{"embeddable":true,"href":"https:\/\/projectes.xtec.cat\/empresafp\/wp-json\/wp\/v2\/comments?post=8518"}],"version-history":[{"count":4,"href":"https:\/\/projectes.xtec.cat\/empresafp\/wp-json\/wp\/v2\/pages\/8518\/revisions"}],"predecessor-version":[{"id":9138,"href":"https:\/\/projectes.xtec.cat\/empresafp\/wp-json\/wp\/v2\/pages\/8518\/revisions\/9138"}],"up":[{"embeddable":true,"href":"https:\/\/projectes.xtec.cat\/empresafp\/wp-json\/wp\/v2\/pages\/9"}],"wp:attachment":[{"href":"https:\/\/projectes.xtec.cat\/empresafp\/wp-json\/wp\/v2\/media?parent=8518"}],"curies":[{"name":"wp","href":"https:\/\/api.w.org\/{rel}","templated":true}]}}