{"id":8520,"date":"2020-05-21T11:31:27","date_gmt":"2020-05-21T09:31:27","guid":{"rendered":"https:\/\/projectes.xtec.cat\/empresafp\/?page_id=8520"},"modified":"2022-11-18T12:10:47","modified_gmt":"2022-11-18T11:10:47","slug":"qui-som","status":"publish","type":"page","link":"https:\/\/projectes.xtec.cat\/empresafp\/qui-som\/","title":{"rendered":"Equip"},"content":{"rendered":"<p>La unitat <strong>EmpresaFP<\/strong>, \u00e9s coordinada per S\u00f2nia Cuesta, i est\u00e0 integrada per les seg\u00fcents \u00e0rees i persones:<\/p>\n<p>&nbsp;<\/p>\n<table style=\"width: 58.842880434782614%; height: 445px;\">\n<tbody>\n<tr style=\"height: 136px;\">\n<td style=\"height: 136px; width: 317.921875px;\"><strong>\u00c0rea del Programa EmpresaFP<\/strong><\/p>\n<p><a href=\"mailto:empresafp.educacio@gencat.cat\">empresafp.educacio@gencat.cat<\/a><\/p>\n<p>&nbsp;<\/td>\n<td style=\"height: 136px; width: 246.03125px;\">S\u00f2nia Cuesta<\/td>\n<\/tr>\n<tr style=\"height: 136px;\">\n<td style=\"height: 136px; width: 317.921875px;\"><strong>\u00c0rea de gesti\u00f3 de convenis<\/strong><\/p>\n<p><a href=\"mailto:convenisfp.educacio@gencat.cat\">convenisfp.educacio@gencat.cat<\/a><\/p>\n<p>&nbsp;<\/td>\n<td style=\"height: 136px; width: 246.03125px;\">Roser Ruiz<\/p>\n<p>Montserrat Sales<\/td>\n<\/tr>\n<tr style=\"height: 136px;\">\n<td style=\"height: 136px; width: 317.921875px;\"><strong>Registre de convenis<\/strong><\/p>\n<p><a href=\"mailto:fpempresa.educacio@gencat.cat\">fpempresa.educacio@gencat.cat<\/a><\/p>\n<p>&nbsp;<\/td>\n<td style=\"height: 136px; width: 246.03125px;\">Pere Garcia<\/p>\n<p>Laila Gil<\/td>\n<\/tr>\n<tr style=\"height: 10px;\">\n<td style=\"height: 10px; width: 317.921875px;\"><strong>\u00c0rea de mesures flexibilitzadores<\/strong><\/p>\n<p><a href=\"mailto:flexibilitzafp.educacio@gencat.cat\">flexibilitzafp.educacio@gencat.cat<\/a><\/td>\n<td style=\"height: 10px; width: 246.03125px;\">Montserrat Sales<\/td>\n<\/tr>\n<tr style=\"height: 27px;\">\n<td style=\"height: 27px; width: 317.921875px;\"><\/td>\n<td style=\"height: 27px; width: 246.03125px;\"><\/td>\n<\/tr>\n<\/tbody>\n<\/table>\n<p>&nbsp;<\/p>\n","protected":false},"excerpt":{"rendered":"<p>La unitat EmpresaFP, \u00e9s coordinada per S\u00f2nia Cuesta, i est\u00e0 integrada per les seg\u00fcents \u00e0rees i persones:<br \/>\n&nbsp;<\/p>\n<p>\u00c0rea del Programa EmpresaFP<br \/>\n<a href=\"mailto:empresafp.educacio@gencat.cat\">empresafp.educacio@gencat.cat<\/a><br \/>\n&nbsp;<br \/>\nS\u00f2nia Cuesta<\/p>\n<p>\u00c0rea de gesti\u00f3 de convenis<br \/>\n<a href=\"mailto:convenisfp.educacio@gencat.cat\">convenisfp.educacio@gencat.cat<\/a><br \/>\n&nbsp;<br \/>\nRoser Ruiz<br \/>\nMontserrat Sales<\/p>\n<p>Registre de convenis<br \/>\n<a href=\"mailto:fpempresa.educacio@gencat.cat\">fpempresa.educacio@gencat.cat<\/a><br \/>\n&nbsp;<br \/>\nPere Garcia<br \/>\nLaila Gil<\/p>\n<p>\u00c0rea de mesures flexibilitzadores<br \/>\n<a href=\"mailto:flexibilitzafp.educacio@gencat.cat\">flexibilitzafp.educacio@gencat.cat<\/a><br \/>\nMontserrat Sales<\/p>\n<p>&nbsp;<\/p>\n","protected":false},"author":5,"featured_media":0,"parent":0,"menu_order":0,"comment_status":"closed","ping_status":"closed","template":"","meta":{"_bbp_topic_count":0,"_bbp_reply_count":0,"_bbp_total_topic_count":0,"_bbp_total_reply_count":0,"_bbp_voice_count":0,"_bbp_anonymous_reply_count":0,"_bbp_topic_count_hidden":0,"_bbp_reply_count_hidden":0,"_bbp_forum_subforum_count":0,"footnotes":""},"class_list":["post-8520","page","type-page","status-publish","hentry"],"post_mailing_queue_ids":[],"_links":{"self":[{"href":"https:\/\/projectes.xtec.cat\/empresafp\/wp-json\/wp\/v2\/pages\/8520","targetHints":{"allow":["GET"]}}],"collection":[{"href":"https:\/\/projectes.xtec.cat\/empresafp\/wp-json\/wp\/v2\/pages"}],"about":[{"href":"https:\/\/projectes.xtec.cat\/empresafp\/wp-json\/wp\/v2\/types\/page"}],"author":[{"embeddable":true,"href":"https:\/\/projectes.xtec.cat\/empresafp\/wp-json\/wp\/v2\/users\/5"}],"replies":[{"embeddable":true,"href":"https:\/\/projectes.xtec.cat\/empresafp\/wp-json\/wp\/v2\/comments?post=8520"}],"version-history":[{"count":5,"href":"https:\/\/projectes.xtec.cat\/empresafp\/wp-json\/wp\/v2\/pages\/8520\/revisions"}],"predecessor-version":[{"id":9194,"href":"https:\/\/projectes.xtec.cat\/empresafp\/wp-json\/wp\/v2\/pages\/8520\/revisions\/9194"}],"wp:attachment":[{"href":"https:\/\/projectes.xtec.cat\/empresafp\/wp-json\/wp\/v2\/media?parent=8520"}],"curies":[{"name":"wp","href":"https:\/\/api.w.org\/{rel}","templated":true}]}}