{"id":8552,"date":"2020-05-27T06:08:19","date_gmt":"2020-05-27T04:08:19","guid":{"rendered":"https:\/\/projectes.xtec.cat\/empresafp\/?page_id=8552"},"modified":"2021-06-15T09:10:59","modified_gmt":"2021-06-15T07:10:59","slug":"servei-assessorament","status":"publish","type":"page","link":"https:\/\/projectes.xtec.cat\/empresafp\/servei-assessorament\/","title":{"rendered":"Servei assessorament i servei de reconeixement"},"content":{"rendered":"<p><strong>Si tens experi\u00e8ncia professional en un sector i vols obtenir un reconeixement acad\u00e8mic aquests s\u00f3n els teus serveis:<\/strong><\/p>\n<p>&nbsp;<\/p>\n<p><a href=\"https:\/\/projectes.xtec.cat\/empresafp\/wp-content\/uploads\/usu779\/2020\/04\/AR-logo-1-2.png\"><img loading=\"lazy\" decoding=\"async\" class=\"alignright wp-image-8467 \" src=\"https:\/\/projectes.xtec.cat\/empresafp\/wp-content\/uploads\/usu779\/2020\/04\/AR-logo-1-2.png\" alt=\"\" width=\"255\" height=\"130\" srcset=\"https:\/\/projectes.xtec.cat\/empresafp\/wp-content\/uploads\/usu779\/2020\/04\/AR-logo-1-2.png 364w, https:\/\/projectes.xtec.cat\/empresafp\/wp-content\/uploads\/usu779\/2020\/04\/AR-logo-1-2-300x153.png 300w\" sizes=\"auto, (max-width: 255px) 100vw, 255px\" \/><\/a><\/p>\n<p><strong>Qu\u00e8 \u00e9s el servei d\u2019assessorament i reconeixement?<\/strong><\/p>\n<p>Servei que t\u00e9 l\u2019 objectiu definir i orientar a la persona interessada en la seva formaci\u00f3 acad\u00e8mica i professional per aconseguir-ne millorar la qualificaci\u00f3 per obtenir finalment un reconeixement acad\u00e8mic dels aprenentatges adquirits amb l\u2019experi\u00e8ncia laboral o en activitats socials .<\/p>\n<p><strong>On el pots fer?<\/strong><\/p>\n<p>Qualsevol centre educatiu on facin el servei. En aquest <a href=\"https:\/\/aplicacions.gestioeducativa.gencat.cat\/pls\/apex\/f?p=2013003:1:0:::::\" data-saferedirecturl=\"https:\/\/www.google.com\/url?q=https:\/\/aplicacions.gestioeducativa.gencat.cat\/pls\/apex\/f?p%3D2013003:1:0:::::&amp;source=gmail&amp;ust=1605773130381000&amp;usg=AFQjCNEUjUryEfxREk2pqjmn0byih_4UwQ\">enlla\u00e7<\/a> pots trobar m\u00e9s informaci\u00f3 a quins centres el fan.<\/p>\n<p><strong>Quines sortides tens despr\u00e9s del servei d\u2019assessorament i reconeixement ?<\/strong><\/p>\n<ol>\n<li>Continuar cursant el cicle corresponent que s\u2019ha fet l\u2019assessorament \u00a0i reconeixement i \u00a0convalidar les unitats formatives que s\u2019han obtingut a trav\u00e9s del reconeixement de l\u2019experi\u00e8ncia laboral.<\/li>\n<li>En el cas de tenir els requisits, demanar un certificat de professionalitat per obtenir una qualificaci\u00f3 professional.<\/li>\n<\/ol>\n<p><a href=\"https:\/\/projectes.xtec.cat\/empresafp\/wp-content\/uploads\/usu779\/2021\/06\/Esquema-de-lassessorament-per-lavaluaci\u00f3-dUC.gif\"><img loading=\"lazy\" decoding=\"async\" class=\"alignnone size-full wp-image-8990\" src=\"https:\/\/projectes.xtec.cat\/empresafp\/wp-content\/uploads\/usu779\/2021\/06\/Esquema-de-lassessorament-per-lavaluaci\u00f3-dUC.gif\" alt=\"\" width=\"667\" height=\"540\" \/><\/a><\/p>\n","protected":false},"excerpt":{"rendered":"<p>Si tens experi\u00e8ncia professional en un sector i vols obtenir un reconeixement acad\u00e8mic aquests s\u00f3n els teus serveis:<br \/>\n&nbsp;<br \/>\n<a href=\"https:\/\/projectes.xtec.cat\/empresafp\/wp-content\/uploads\/usu779\/2020\/04\/AR-logo-1-2.png\"><\/a><br \/>\nQu\u00e8 \u00e9s el servei d\u2019assessorament i reconeixement?<br \/>\nServei que t\u00e9 l\u2019 objectiu definir i orientar a la persona interessada en la seva formaci\u00f3 acad\u00e8mica i professional per aconseguir-ne&hellip;  <a href=\"https:\/\/projectes.xtec.cat\/empresafp\/servei-assessorament\/\" title=\"Read Servei assessorament i servei de reconeixement\">Llegeix m\u00e9s\u00bb<\/a><\/p>\n","protected":false},"author":5,"featured_media":0,"parent":0,"menu_order":0,"comment_status":"closed","ping_status":"closed","template":"","meta":{"_bbp_topic_count":0,"_bbp_reply_count":0,"_bbp_total_topic_count":0,"_bbp_total_reply_count":0,"_bbp_voice_count":0,"_bbp_anonymous_reply_count":0,"_bbp_topic_count_hidden":0,"_bbp_reply_count_hidden":0,"_bbp_forum_subforum_count":0,"footnotes":""},"class_list":["post-8552","page","type-page","status-publish","hentry"],"post_mailing_queue_ids":[],"_links":{"self":[{"href":"https:\/\/projectes.xtec.cat\/empresafp\/wp-json\/wp\/v2\/pages\/8552","targetHints":{"allow":["GET"]}}],"collection":[{"href":"https:\/\/projectes.xtec.cat\/empresafp\/wp-json\/wp\/v2\/pages"}],"about":[{"href":"https:\/\/projectes.xtec.cat\/empresafp\/wp-json\/wp\/v2\/types\/page"}],"author":[{"embeddable":true,"href":"https:\/\/projectes.xtec.cat\/empresafp\/wp-json\/wp\/v2\/users\/5"}],"replies":[{"embeddable":true,"href":"https:\/\/projectes.xtec.cat\/empresafp\/wp-json\/wp\/v2\/comments?post=8552"}],"version-history":[{"count":4,"href":"https:\/\/projectes.xtec.cat\/empresafp\/wp-json\/wp\/v2\/pages\/8552\/revisions"}],"predecessor-version":[{"id":8993,"href":"https:\/\/projectes.xtec.cat\/empresafp\/wp-json\/wp\/v2\/pages\/8552\/revisions\/8993"}],"wp:attachment":[{"href":"https:\/\/projectes.xtec.cat\/empresafp\/wp-json\/wp\/v2\/media?parent=8552"}],"curies":[{"name":"wp","href":"https:\/\/api.w.org\/{rel}","templated":true}]}}