{"id":8710,"date":"2021-01-15T10:20:39","date_gmt":"2021-01-15T09:20:39","guid":{"rendered":"https:\/\/projectes.xtec.cat\/empresafp\/?page_id=8710"},"modified":"2021-03-01T14:34:34","modified_gmt":"2021-03-01T13:34:34","slug":"concurs-carta-de-serveis","status":"publish","type":"page","link":"https:\/\/projectes.xtec.cat\/empresafp\/concurs-carta-de-serveis\/","title":{"rendered":"Concurs cat\u00e0leg de serveis"},"content":{"rendered":"<p><a href=\"https:\/\/projectes.xtec.cat\/empresafp\/wp-content\/uploads\/usu779\/2021\/02\/Captura-de-pantalla-2021-02-11-a-las-13.00.19.png\"><img loading=\"lazy\" decoding=\"async\" class=\"size-full wp-image-8778 aligncenter\" src=\"https:\/\/projectes.xtec.cat\/empresafp\/wp-content\/uploads\/usu779\/2021\/02\/Captura-de-pantalla-2021-02-11-a-las-13.00.19.png\" alt=\"\" width=\"918\" height=\"512\" srcset=\"https:\/\/projectes.xtec.cat\/empresafp\/wp-content\/uploads\/usu779\/2021\/02\/Captura-de-pantalla-2021-02-11-a-las-13.00.19.png 918w, https:\/\/projectes.xtec.cat\/empresafp\/wp-content\/uploads\/usu779\/2021\/02\/Captura-de-pantalla-2021-02-11-a-las-13.00.19-300x167.png 300w, https:\/\/projectes.xtec.cat\/empresafp\/wp-content\/uploads\/usu779\/2021\/02\/Captura-de-pantalla-2021-02-11-a-las-13.00.19-768x428.png 768w\" sizes=\"auto, (max-width: 918px) 100vw, 918px\" \/><\/a><\/p>\n<p><span lang=\"CA\">Des de la <strong>Unitat EmpresaFP<\/strong> i en col.laboraci\u00f3 amb la fundaci\u00f3 <strong>Dualiza Bankia<\/strong> volem proporcionar als centres educatius una plantilla model per crear el seu cat\u00e0leg de serveis per a les empreses. Aix\u00ed doncs, <strong>si ets alumne o alumna \u00a0d&#8217;un cicle formatiu de la fam\u00edlia d\u2019Arts gr\u00e0fiques de Catalunya<\/strong> i vols participar en aquest concurs, a continuaci\u00f3 us presentem tota la informaci\u00f3:<\/span><\/p>\n<p><span lang=\"CA\">Es tracta de crear el disseny d\u2019un cat\u00e0leg de serveis per a que els centres la puguin editar i adaptar als seus serveis. Al seg\u00fcent enlla\u00e7 podeu veure un <a href=\"https:\/\/projectes.xtec.cat\/empresafp\/wp-content\/uploads\/usu779\/2021\/02\/Briefing.pdf\">briefing<\/a>\u00a0del cat\u00e0leg de serveis que es vol fer.<\/span><\/p>\n<h2><strong>Requisits<\/strong>:<\/h2>\n<p>S\u00b4han de complir tres requisits: format, contingut, i logotipus.<\/p>\n<p><em><strong>Format<\/strong><\/em>:Aquesta plantilla ha \u00a0de \u00a0tenir \u00a0e<span lang=\"CA\">ntre un i dos fulls (m\u00e0xim 4 cares) en format \u00a0Din A4. Ha de ser editable amb algun dels programes seg\u00fcents: Programes de la fam\u00edlia Adobe (InDesign, Illustrator) o amb software lliure com Inkscape, Scribus. <\/span><\/p>\n<p><em><strong>Contingut<\/strong><\/em>:<span lang=\"CA\">P<\/span>ortar els seg\u00fcents serveis amb el seg\u00fcent text:<\/p>\n<ul>\n<li><strong>FP dual i FP dual internacional.\u00a0<\/strong>Incorporar alumnat com a \u201caprenent\u201d de manera que combina la seva formaci\u00f3 en el centre educatiu amb l\u2019activitat a l\u2019empresa, amb una durada de 1000 hores, en centres de treball que poden estar ubicats en altres pa\u00efsos.<\/li>\n<li><strong>Pr\u00e0ctiques en empreses.\u00a0<\/strong>Acollir alumnat per fer les pr\u00e0ctiques d\u2019empresa obligat\u00f2ries al territori i en altres pa\u00efsos, amb una durada aproximada de 400 hores.<\/li>\n<li><strong>Estades formatives del professorat a empreses.\u00a0<\/strong>Acollir professorat per participar en l&#8217;activitat productiva de l&#8217;empresa.<\/li>\n<li><strong>Col\u00b7laboraci\u00f3 per la formaci\u00f3 en entorn laboral.\u00a0<\/strong>Facilitar espais i instal\u00b7lacions per a la formaci\u00f3 de l\u2019alumnat.<\/li>\n<li><strong>Actualitzaci\u00f3 de la formaci\u00f3 de docents i alumnes.\u00a0<\/strong>Participaci\u00f3 en accions d\u2019actualitzaci\u00f3 professional per a docents i alumnat del sistema de formaci\u00f3 professional de Catalunya.<\/li>\n<li><strong>Metodologies actives.\u00a0<\/strong>Participar en l\u2019aprenentatge basat en projectes a l&#8217;aula.<\/li>\n<li><strong>Orientaci\u00f3 del curr\u00edculum d&#8217;acord amb necessitats d&#8217;un sector.\u00a0<\/strong>Adaptar part del contingut del curr\u00edculum d&#8217;un cicle a les necessitats d\u2019un perfil professional.<\/li>\n<li><strong>Borsa de treball.\u00a0<\/strong>Posar en contacte l\u2019alumnat titulat que cerca feina i l\u2019oferta de treball de les empreses.<\/li>\n<li><strong>Matricula flexible.\u00a0<\/strong>Matricular personal treballador amb requisit d&#8217;acc\u00e9s o sense, per assolir tot o part d&#8217;un cicle formatiu amb correspond\u00e8ncia a unitats de compet\u00e8ncia o un certificat de professionalitat.<\/li>\n<li><strong>\u00a0<\/strong><strong>Servei d&#8217;assessorament per a l\u2019avaluaci\u00f3 i el reconeixement.\u00a0<\/strong>Assessorar als treballadors en l\u2019itinerari formatiu m\u00e9s adient per a la consecuci\u00f3 dels seus objectius .<\/li>\n<li><strong>Servei de reconeixement.\u00a0<\/strong>Recon\u00e8ixer acad\u00e8micament els aprenentatges assolits mitjan\u00e7ant l\u2019experi\u00e8ncia laboral o en activitats socials<\/li>\n<li><strong>Recon\u00e8ixer acad\u00e8micament la formaci\u00f3<\/strong> impartida per l\u2019empresa o entitats sense \u00e0nim de lucre.<\/li>\n<li><strong>Proves d\u2019acc\u00e9s a la formaci\u00f3 reglada.\u00a0<\/strong>Realitzar proves d&#8217;acc\u00e9s a la formaci\u00f3 reglada per a un grup de treballadors de l\u2019empresa.<\/li>\n<li><strong>Acreditaci\u00f3 de compet\u00e8ncies.\u00a0<\/strong>Avaluar i acreditar les compet\u00e8ncies d\u2019un treballador o d\u2019una treballadora amb la finalitat\u00a0 d\u2019obtenir una certificaci\u00f3 de professionalitat.<\/li>\n<li><strong>Formaci\u00f3 per a la reinserci\u00f3\/promoci\u00f3 o reciclatge professional.\u00a0<\/strong>Formar a un grup de treballadors i treballadores per atendre les necessitats d&#8217;inserci\u00f3 laboral, promoci\u00f3 o reciclatge mitjan\u00e7ant la formaci\u00f3 reglada .<\/li>\n<li><b>Llan\u00e7adora de reptes.<\/b><span style=\"font-weight: 400;\">Permetre que les empreses puguin llen\u00e7ar reptes als centres educatius.<\/span><\/li>\n<li><b>Servei d\u2019orientaci\u00f3 professional.\u00a0<\/b><span style=\"font-weight: 400;\">Assessorar en la definici\u00f3 dels perfils professionals idonis a les caracter\u00edstiques de la empresa.<\/span><\/li>\n<li><strong>Certificaci\u00f3 de qualitat de empreses de FP Dual.\u00a0<\/strong>Participar en la\u00a0 certificaci\u00f3 de qualitat de la formaci\u00f3 professional en alternan\u00e7a dual.<\/li>\n<li><strong>Projectes\u00a0 de foment d\u2019emprenedoria.\u00a0<\/strong>Col\u00b7laborar en projectes emprenedors.Patrocini de concursos emprenedors. Participaci\u00f3 en jornades.Mentoratge de d\u2019alumnes o exalumnes emprenedors<\/li>\n<li><strong>Projectes d&#8217;internacionalitzaci\u00f3.\u00a0<\/strong>Participar en projectes internacionals.<\/li>\n<li><strong>Projectes d\u2019innovaci\u00f3 i\u00a0 transfer\u00e8ncia del coneixement.\u00a0<\/strong>Col\u00b7laborar en projectes , campaments innovadors , jornades per millorar un producte, un servei, o un proc\u00e9s.Llan\u00e7ament de reptes en hackathons o processos d\u2019innovaci\u00f3 del centre.<\/li>\n<li><strong>Col\u00b7laboraci\u00f3 en projectes d\u2019orientaci\u00f3 professional o mentoratge.\u00a0<\/strong>Participar en projectes d\u2019orientaci\u00f3 i ajuda a l\u2019alumnat.<\/li>\n<\/ul>\n<p><em><strong>Logotipus<\/strong><\/em>: I afegir aquest <a href=\"https:\/\/projectes.xtec.cat\/empresafp\/wp-content\/uploads\/usu779\/2021\/02\/Imagen-1.png.zip\">Iogotip<\/a>.<\/p>\n<h2><strong>Terminis<\/strong>:<\/h2>\n<ul>\n<li>Inscripci\u00f3\u0301 : Del 3 de febrer fins al 28 de febrer de 2021 a la web del concurs.<\/li>\n<li>Publicaci\u00f3\u0301 d&#8217;admesos inscrits: 1 de Mar\u00e7 de 2021 s&#8217;enviar\u00e0 un correu als admesos.<\/li>\n<li>Lliurament : Fins el 15 abril incl\u00f2s a l&#8217;adre\u00e7a: <a href=\"mailto:empresafp.educacio@gencat.cat\">empresafp.educacio@gencat.cat<\/a><\/li>\n<li>Data de \u00a0lliurament de premis: maig 2021 \u2013 Data a confirmar .<\/li>\n<\/ul>\n<h2><strong>Exemples de cat\u00e0legs de serveis:<\/strong><\/h2>\n<p>Aqu\u00ed pots veure exemples de cat\u00e0legs de serveis de centres educatius:<\/p>\n<p><a href=\"https:\/\/institutperemartell.cat\/wp-content\/uploads\/2020\/04\/CARTA-DE-SERVEIS_web.pdf\">Exemple1<\/a><\/p>\n<p><a href=\"https:\/\/projectes.xtec.cat\/empresafp\/wp-content\/uploads\/usu779\/2021\/02\/Carta-de-serveis-La-Merc\u00e8-v12-sense-sang.pdf\">Exemple2<\/a><\/p>\n<h2><strong>Per a m\u00e9s informaci\u00f3:<\/strong><\/h2>\n<p><a href=\"https:\/\/projectes.xtec.cat\/empresafp\/wp-content\/uploads\/usu779\/2021\/02\/Bases-1.pdf\">Descarrega aqu\u00ed les bases del concurs.<\/a><\/p>\n<p><a href=\"mailto:empresafp.educacio@gencat.cat\">Contactar amb nosaltres per qualsevol dubte.<\/a><a href=\"https:\/\/projectes.xtec.cat\/empresafp\/wp-content\/uploads\/usu779\/2021\/02\/Imagen-1.png\"><img loading=\"lazy\" decoding=\"async\" class=\"wp-image-8744 aligncenter\" src=\"https:\/\/projectes.xtec.cat\/empresafp\/wp-content\/uploads\/usu779\/2021\/02\/Imagen-1.png\" alt=\"\" width=\"954\" height=\"205\" srcset=\"https:\/\/projectes.xtec.cat\/empresafp\/wp-content\/uploads\/usu779\/2021\/02\/Imagen-1.png 568w, https:\/\/projectes.xtec.cat\/empresafp\/wp-content\/uploads\/usu779\/2021\/02\/Imagen-1-300x64.png 300w\" sizes=\"auto, (max-width: 954px) 100vw, 954px\" \/><\/a><\/p>\n","protected":false},"excerpt":{"rendered":"<p><a href=\"https:\/\/projectes.xtec.cat\/empresafp\/wp-content\/uploads\/usu779\/2021\/02\/Captura-de-pantalla-2021-02-11-a-las-13.00.19.png\"><\/a><br \/>\nDes de la Unitat EmpresaFP i en col.laboraci\u00f3 amb la fundaci\u00f3 Dualiza Bankia volem proporcionar als centres educatius una plantilla model per crear el seu cat\u00e0leg de serveis per a les empreses. Aix\u00ed doncs, si ets alumne o alumna \u00a0d&#8217;un cicle formatiu de la&hellip;  <a href=\"https:\/\/projectes.xtec.cat\/empresafp\/concurs-carta-de-serveis\/\" title=\"Read Concurs cat\u00e0leg de serveis\">Llegeix m\u00e9s\u00bb<\/a><\/p>\n","protected":false},"author":16,"featured_media":0,"parent":0,"menu_order":0,"comment_status":"closed","ping_status":"closed","template":"","meta":{"_bbp_topic_count":0,"_bbp_reply_count":0,"_bbp_total_topic_count":0,"_bbp_total_reply_count":0,"_bbp_voice_count":0,"_bbp_anonymous_reply_count":0,"_bbp_topic_count_hidden":0,"_bbp_reply_count_hidden":0,"_bbp_forum_subforum_count":0,"footnotes":""},"class_list":["post-8710","page","type-page","status-publish","hentry"],"post_mailing_queue_ids":[],"_links":{"self":[{"href":"https:\/\/projectes.xtec.cat\/empresafp\/wp-json\/wp\/v2\/pages\/8710","targetHints":{"allow":["GET"]}}],"collection":[{"href":"https:\/\/projectes.xtec.cat\/empresafp\/wp-json\/wp\/v2\/pages"}],"about":[{"href":"https:\/\/projectes.xtec.cat\/empresafp\/wp-json\/wp\/v2\/types\/page"}],"author":[{"embeddable":true,"href":"https:\/\/projectes.xtec.cat\/empresafp\/wp-json\/wp\/v2\/users\/16"}],"replies":[{"embeddable":true,"href":"https:\/\/projectes.xtec.cat\/empresafp\/wp-json\/wp\/v2\/comments?post=8710"}],"version-history":[{"count":3,"href":"https:\/\/projectes.xtec.cat\/empresafp\/wp-json\/wp\/v2\/pages\/8710\/revisions"}],"predecessor-version":[{"id":8795,"href":"https:\/\/projectes.xtec.cat\/empresafp\/wp-json\/wp\/v2\/pages\/8710\/revisions\/8795"}],"wp:attachment":[{"href":"https:\/\/projectes.xtec.cat\/empresafp\/wp-json\/wp\/v2\/media?parent=8710"}],"curies":[{"name":"wp","href":"https:\/\/api.w.org\/{rel}","templated":true}]}}