{"id":8597,"date":"2020-01-27T12:38:01","date_gmt":"2020-01-27T11:38:01","guid":{"rendered":"https:\/\/projectes.xtec.cat\/encara-hi-som-a-temps\/?page_id=8597"},"modified":"2023-03-22T21:51:06","modified_gmt":"2023-03-22T20:51:06","slug":"reptes","status":"publish","type":"page","link":"https:\/\/projectes.xtec.cat\/encara-hi-som-a-temps\/reptes\/","title":{"rendered":"Reptes"},"content":{"rendered":"<p>En aquest espai us convidem els centres educatius a plantejar activitats, iniciatives i projectes al voltant de la problem\u00e0tica i les possibles mesures per a la millora del medi ambient. Us proposem un seguit de reptes adre\u00e7ats a l\u2019alumnat, als docents, a tota la comunitat educativa i a la poblaci\u00f3 en general. Us encoratgem a participar i confiem que aquestes petites accions siguin la for\u00e7a i empenta per canviar el m\u00f3n.<\/p>\n<p>Al llarg del curs es plantejarem diferent reptes. S\u2019inicia la proposta amb el <strong>repte inicial<\/strong> que ens ajudar\u00e0 a definir els reptes seg\u00fcents a partir de les vostres respostes i iniciatives.<\/p>\n<div style=\"background-color: #ddd; height: 300px; line-height: 300px; width: 300px; text-align: center; font-size: 1.2em; float: left; margin: 5px;\"><a href=\"https:\/\/projectes.xtec.cat\/encara-hi-som-a-temps\/reptes\/repte-inicial\/\">Repte inicial: Qu\u00e8 fem?<\/a><\/div>\n<div style=\"background-color: #ddd; height: 300px; width: 300px; display: inline-block; text-align: center; font-size: 1.2em; float: left; margin: 5px;\">\n<p style=\"margin-top: 120px;\"><a title=\"Repte 1: Ens comprometem a millorar la gesti\u00f3 de recursos energ\u00e8tics al centre!!!!\" href=\"https:\/\/projectes.xtec.cat\/encara-hi-som-a-temps\/reptes\/repte-1\/\">Repte 1: Ens comprometem a millorar la gesti\u00f3 de recursos energ\u00e8tics al centre!!!!<\/a><\/p>\n<\/div>\n<div style=\"background-color: #ddd; height: 300px; width: 300px; display: inline-block; text-align: center; font-size: 1.2em; float: left; margin: 5px;\">\n<p>&nbsp;<\/p>\n<p>&nbsp;<\/p>\n<p><a style=\"font-family: inherit; font-size: 1em;\" title=\"Repte 1: Ens comprometem a millorar la gesti\u00f3 de recursos energ\u00e8tics al centre!!!!\" href=\"https:\/\/projectes.xtec.cat\/encara-hi-som-a-temps\/reptes\/repte-2\/\">Repte 2: Fem una petita acci\u00f3 des de casa<\/a><a style=\"font-family: inherit; font-size: 1em;\" title=\"Repte 1: Ens comprometem a millorar la gesti\u00f3 de recursos energ\u00e8tics al centre!!!!\" href=\"https:\/\/projectes.xtec.cat\/encara-hi-som-a-temps\/reptes\/repte-2\/\">!!!!<\/a><\/p>\n<\/div>\n<p>&nbsp;<\/p>\n","protected":false},"excerpt":{"rendered":"<p>En aquest espai us convidem els centres educatius a plantejar activitats, iniciatives i projectes al voltant de la problem\u00e0tica i les possibles mesures per a la millora del medi ambient. Us proposem un seguit de reptes adre\u00e7ats a l\u2019alumnat, als docents, a tota la comunitat&hellip;  <a href=\"https:\/\/projectes.xtec.cat\/encara-hi-som-a-temps\/reptes\/\" title=\"Read Reptes\">Llegeix m\u00e9s\u00bb<\/a><\/p>\n","protected":false},"author":1,"featured_media":0,"parent":0,"menu_order":0,"comment_status":"closed","ping_status":"closed","template":"page-templates\/side-menu.php","meta":{"_bbp_topic_count":0,"_bbp_reply_count":0,"_bbp_total_topic_count":0,"_bbp_total_reply_count":0,"_bbp_voice_count":0,"_bbp_anonymous_reply_count":0,"_bbp_topic_count_hidden":0,"_bbp_reply_count_hidden":0,"_bbp_forum_subforum_count":0,"footnotes":""},"class_list":["post-8597","page","type-page","status-publish","hentry"],"post_mailing_queue_ids":[],"_links":{"self":[{"href":"https:\/\/projectes.xtec.cat\/encara-hi-som-a-temps\/wp-json\/wp\/v2\/pages\/8597","targetHints":{"allow":["GET"]}}],"collection":[{"href":"https:\/\/projectes.xtec.cat\/encara-hi-som-a-temps\/wp-json\/wp\/v2\/pages"}],"about":[{"href":"https:\/\/projectes.xtec.cat\/encara-hi-som-a-temps\/wp-json\/wp\/v2\/types\/page"}],"author":[{"embeddable":true,"href":"https:\/\/projectes.xtec.cat\/encara-hi-som-a-temps\/wp-json\/wp\/v2\/users\/1"}],"replies":[{"embeddable":true,"href":"https:\/\/projectes.xtec.cat\/encara-hi-som-a-temps\/wp-json\/wp\/v2\/comments?post=8597"}],"version-history":[{"count":7,"href":"https:\/\/projectes.xtec.cat\/encara-hi-som-a-temps\/wp-json\/wp\/v2\/pages\/8597\/revisions"}],"predecessor-version":[{"id":9064,"href":"https:\/\/projectes.xtec.cat\/encara-hi-som-a-temps\/wp-json\/wp\/v2\/pages\/8597\/revisions\/9064"}],"wp:attachment":[{"href":"https:\/\/projectes.xtec.cat\/encara-hi-som-a-temps\/wp-json\/wp\/v2\/media?parent=8597"}],"curies":[{"name":"wp","href":"https:\/\/api.w.org\/{rel}","templated":true}]}}

<p>En aquest espai us convidem els centres educatius a plantejar activitats, iniciatives i projectes al voltant de la problemàtica i les possibles mesures per a la millora del medi ambient. Us proposem un seguit de reptes adreçats a l’alumnat, als docents, a tota la comunitat educativa i a la població en general. Us encoratgem a participar i confiem que aquestes petites accions siguin la força i empenta per canviar el món.</p>
<p>Al llarg del curs es plantejarem diferent reptes. S’inicia la proposta amb el <strong>repte inicial</strong> que ens ajudarà a definir els reptes següents a partir de les vostres respostes i iniciatives.</p>
<div style="background-color: #ddd; height: 300px; line-height: 300px; width: 300px; text-align: center; font-size: 1.2em; float: left; margin: 5px;"><a href="https://projectes.xtec.cat/encara-hi-som-a-temps/reptes/repte-inicial/">Repte inicial: Què fem?</a></div>
<div style="background-color: #ddd; height: 300px; width: 300px; display: inline-block; text-align: center; font-size: 1.2em; float: left; margin: 5px;">
<p style="margin-top: 120px;"><a title="Repte 1: Ens comprometem a millorar la gestió de recursos energètics al centre!!!!" href="https://projectes.xtec.cat/encara-hi-som-a-temps/reptes/repte-1/">Repte 1: Ens comprometem a millorar la gestió de recursos energètics al centre!!!!</a></p>
</div>
<div style="background-color: #ddd; height: 300px; width: 300px; display: inline-block; text-align: center; font-size: 1.2em; float: left; margin: 5px;">
<p>&nbsp;</p>
<p>&nbsp;</p>
<p><a style="font-family: inherit; font-size: 1em;" title="Repte 1: Ens comprometem a millorar la gestió de recursos energètics al centre!!!!" href="https://projectes.xtec.cat/encara-hi-som-a-temps/reptes/repte-2/">Repte 2: Fem una petita acció des de casa</a><a style="font-family: inherit; font-size: 1em;" title="Repte 1: Ens comprometem a millorar la gestió de recursos energètics al centre!!!!" href="https://projectes.xtec.cat/encara-hi-som-a-temps/reptes/repte-2/">!!!!</a></p>
</div>
<p>&nbsp;</p>

<p>En aquest espai us convidem els centres educatius a plantejar activitats, iniciatives i projectes al voltant de la problemàtica i les possibles mesures per a la millora del medi ambient. Us proposem un seguit de reptes adreçats a l’alumnat, als docents, a tota la comunitat&hellip;  <a href="https://projectes.xtec.cat/encara-hi-som-a-temps/reptes/" title="Read Reptes">Llegeix més»</a></p>
