{"id":8687,"date":"2020-02-11T11:31:31","date_gmt":"2020-02-11T10:31:31","guid":{"rendered":"https:\/\/projectes.xtec.cat\/encara-hi-som-a-temps\/?page_id=8687"},"modified":"2023-03-22T21:51:06","modified_gmt":"2023-03-22T20:51:06","slug":"presentacio-ei-oriol-martorell","status":"publish","type":"page","link":"https:\/\/projectes.xtec.cat\/encara-hi-som-a-temps\/encara-hi-som-a-temps\/presentacio-ei-oriol-martorell\/","title":{"rendered":"Presentaci\u00f3 oficial del projecte. Escola Institut  Oriol Martorell (Barcelona)"},"content":{"rendered":"<p>El dimarts 28 de gener de 2020 es va fer la presentaci\u00f3 oficial del projecte amb la participaci\u00f3 de l&#8217;alumnat de primer d&#8217;ESO<strong> d&#8217;EI Oriol Martorell<\/strong>. En aquest acte va actuar en directe el grup <strong>Petit Taller de Can\u00e7ons<\/strong> amb la can\u00e7\u00f3 <strong>&#8220;No ens desdibuixeu&#8221;.<\/strong><\/p>\n<div style=\"padding: 56.25% 0 0 0; position: relative;\"><iframe style=\"position: absolute; top: 0; left: 0; width: 100%; height: 100%;\" src=\"https:\/\/www.youtube.com\/embed\/5afubYl8I84\" frameborder=\"0\" allowfullscreen=\"allowfullscreen\"><\/iframe><\/div>\n","protected":false},"excerpt":{"rendered":"<p>El dimarts 28 de gener de 2020 es va fer la presentaci\u00f3 oficial del projecte amb la participaci\u00f3 de l&#8217;alumnat de primer d&#8217;ESO d&#8217;EI Oriol Martorell. En aquest acte va actuar en directe el grup Petit Taller de Can\u00e7ons amb la can\u00e7\u00f3 &#8220;No ens desdibuixeu&#8221;.<\/p>\n","protected":false},"author":1,"featured_media":0,"parent":8496,"menu_order":20,"comment_status":"closed","ping_status":"closed","template":"page-templates\/side-menu.php","meta":{"_bbp_topic_count":0,"_bbp_reply_count":0,"_bbp_total_topic_count":0,"_bbp_total_reply_count":0,"_bbp_voice_count":0,"_bbp_anonymous_reply_count":0,"_bbp_topic_count_hidden":0,"_bbp_reply_count_hidden":0,"_bbp_forum_subforum_count":0,"footnotes":""},"class_list":["post-8687","page","type-page","status-publish","hentry"],"post_mailing_queue_ids":[],"_links":{"self":[{"href":"https:\/\/projectes.xtec.cat\/encara-hi-som-a-temps\/wp-json\/wp\/v2\/pages\/8687","targetHints":{"allow":["GET"]}}],"collection":[{"href":"https:\/\/projectes.xtec.cat\/encara-hi-som-a-temps\/wp-json\/wp\/v2\/pages"}],"about":[{"href":"https:\/\/projectes.xtec.cat\/encara-hi-som-a-temps\/wp-json\/wp\/v2\/types\/page"}],"author":[{"embeddable":true,"href":"https:\/\/projectes.xtec.cat\/encara-hi-som-a-temps\/wp-json\/wp\/v2\/users\/1"}],"replies":[{"embeddable":true,"href":"https:\/\/projectes.xtec.cat\/encara-hi-som-a-temps\/wp-json\/wp\/v2\/comments?post=8687"}],"version-history":[{"count":4,"href":"https:\/\/projectes.xtec.cat\/encara-hi-som-a-temps\/wp-json\/wp\/v2\/pages\/8687\/revisions"}],"predecessor-version":[{"id":8736,"href":"https:\/\/projectes.xtec.cat\/encara-hi-som-a-temps\/wp-json\/wp\/v2\/pages\/8687\/revisions\/8736"}],"up":[{"embeddable":true,"href":"https:\/\/projectes.xtec.cat\/encara-hi-som-a-temps\/wp-json\/wp\/v2\/pages\/8496"}],"wp:attachment":[{"href":"https:\/\/projectes.xtec.cat\/encara-hi-som-a-temps\/wp-json\/wp\/v2\/media?parent=8687"}],"curies":[{"name":"wp","href":"https:\/\/api.w.org\/{rel}","templated":true}]}}

Presentació oficial del projecte. Escola Institut  Oriol Martorell (Barcelona)

<p>El dimarts 28 de gener de 2020 es va fer la presentació oficial del projecte amb la participació de l&#8217;alumnat de primer d&#8217;ESO<strong> d&#8217;EI Oriol Martorell</strong>. En aquest acte va actuar en directe el grup <strong>Petit Taller de Cançons</strong> amb la cançó <strong>&#8220;No ens desdibuixeu&#8221;.</strong></p>
<div style="padding: 56.25% 0 0 0; position: relative;"><iframe style="position: absolute; top: 0; left: 0; width: 100%; height: 100%;" src="https://www.youtube.com/embed/5afubYl8I84" frameborder="0" allowfullscreen="allowfullscreen"></iframe></div>

<p>El dimarts 28 de gener de 2020 es va fer la presentació oficial del projecte amb la participació de l&#8217;alumnat de primer d&#8217;ESO d&#8217;EI Oriol Martorell. En aquest acte va actuar en directe el grup Petit Taller de Cançons amb la cançó &#8220;No ens desdibuixeu&#8221;.</p>
