{"id":8822,"date":"2020-02-12T18:10:28","date_gmt":"2020-02-12T17:10:28","guid":{"rendered":"https:\/\/projectes.xtec.cat\/encara-hi-som-a-temps\/?page_id=8822"},"modified":"2023-03-22T21:51:06","modified_gmt":"2023-03-22T20:51:06","slug":"que-feu-al-vostre-centre","status":"publish","type":"page","link":"https:\/\/projectes.xtec.cat\/encara-hi-som-a-temps\/que-feu-al-vostre-centre\/","title":{"rendered":"QU\u00c8 FEU AL VOSTRE CENTRE?"},"content":{"rendered":"<p>Ens agradaria saber qu\u00e8 feu al vostre centre relacionat amb la crisi clim\u00e0tica. La manera m\u00e9s senzilla \u00e9s que publiqueu una noticia a la vostra web de centre (preferiblement <a href=\"https:\/\/agora.xtec.cat\/nodes\">NODES<\/a>) inclouen un text al final de l&#8217;article que digui<strong> #encarahisomatemps .<\/strong>Tots els articles es visualitzaran en la seg\u00fcent Sinapsi:<\/p>\n<p><iframe src=\"https:\/\/sinapsi.xtec.cat\/ca\/embed\/?search=%23encara-hi-som-a-temps-que-fem&amp;search-box=true&amp;synapse=dona-la-nota&amp;section=everything&amp;view=optimal\" height=\"800\"><\/iframe><\/p>\n","protected":false},"excerpt":{"rendered":"<p>Ens agradaria saber qu\u00e8 feu al vostre centre relacionat amb la crisi clim\u00e0tica. La manera m\u00e9s senzilla \u00e9s que publiqueu una noticia a la vostra web de centre (preferiblement <a href=\"https:\/\/agora.xtec.cat\/nodes\">NODES<\/a>) inclouen un text al final de l&#8217;article que digui #encarahisomatemps .Tots els articles es&hellip;  <a href=\"https:\/\/projectes.xtec.cat\/encara-hi-som-a-temps\/que-feu-al-vostre-centre\/\" title=\"Read QU\u00c8 FEU AL VOSTRE CENTRE?\">Llegeix m\u00e9s\u00bb<\/a><\/p>\n","protected":false},"author":1,"featured_media":0,"parent":0,"menu_order":0,"comment_status":"closed","ping_status":"closed","template":"","meta":{"_bbp_topic_count":0,"_bbp_reply_count":0,"_bbp_total_topic_count":0,"_bbp_total_reply_count":0,"_bbp_voice_count":0,"_bbp_anonymous_reply_count":0,"_bbp_topic_count_hidden":0,"_bbp_reply_count_hidden":0,"_bbp_forum_subforum_count":0,"footnotes":""},"class_list":["post-8822","page","type-page","status-publish","hentry"],"post_mailing_queue_ids":[],"_links":{"self":[{"href":"https:\/\/projectes.xtec.cat\/encara-hi-som-a-temps\/wp-json\/wp\/v2\/pages\/8822","targetHints":{"allow":["GET"]}}],"collection":[{"href":"https:\/\/projectes.xtec.cat\/encara-hi-som-a-temps\/wp-json\/wp\/v2\/pages"}],"about":[{"href":"https:\/\/projectes.xtec.cat\/encara-hi-som-a-temps\/wp-json\/wp\/v2\/types\/page"}],"author":[{"embeddable":true,"href":"https:\/\/projectes.xtec.cat\/encara-hi-som-a-temps\/wp-json\/wp\/v2\/users\/1"}],"replies":[{"embeddable":true,"href":"https:\/\/projectes.xtec.cat\/encara-hi-som-a-temps\/wp-json\/wp\/v2\/comments?post=8822"}],"version-history":[{"count":3,"href":"https:\/\/projectes.xtec.cat\/encara-hi-som-a-temps\/wp-json\/wp\/v2\/pages\/8822\/revisions"}],"predecessor-version":[{"id":9133,"href":"https:\/\/projectes.xtec.cat\/encara-hi-som-a-temps\/wp-json\/wp\/v2\/pages\/8822\/revisions\/9133"}],"wp:attachment":[{"href":"https:\/\/projectes.xtec.cat\/encara-hi-som-a-temps\/wp-json\/wp\/v2\/media?parent=8822"}],"curies":[{"name":"wp","href":"https:\/\/api.w.org\/{rel}","templated":true}]}}