{"id":9093,"date":"2020-04-17T14:49:09","date_gmt":"2020-04-17T12:49:09","guid":{"rendered":"https:\/\/projectes.xtec.cat\/encara-hi-som-a-temps\/?page_id=9093"},"modified":"2023-03-22T21:51:06","modified_gmt":"2023-03-22T20:51:06","slug":"dona-la-nota-des-de-casa","status":"publish","type":"page","link":"https:\/\/projectes.xtec.cat\/encara-hi-som-a-temps\/dona-la-nota-des-de-casa\/","title":{"rendered":"Dona la nota des de casa"},"content":{"rendered":"<h3>BUSCA EL TEU MOMENT DE DESCONNEXI\u00d3 DIGITAL!!!<\/h3>\n<div style=\"float:left;width:66%\">\nBenvolgudes, Benvolguts,<\/p>\n<p>\u00c9s una realitat que en tots aquest dies de <strong>confinament<\/strong> a les nostres cases, les xarxes socials ens han ajudat a mantenir el contacte amb tota la gent que no tenim a prop, a poder treballar en equip i a rebre diferents propostes educatives. <strong>Aix\u00f2 est\u00e0 molt b\u00e9 i et felicitem!!!!<\/strong><br \/>\nPer\u00f2 tamb\u00e9\u2026<\/p>\n<p>Volem destacar que \u00e9s molt important dedicar temps a la fam\u00edlia, als amics i altres que tenim ben apropet de nosaltres.<br \/>\nAra et demanem que ens expliques quines accions, activitats, manualitats, receptes de cuina i altres activitats que millorin el medi ambient has estat fent en aquelles estones que no has <strong>ESTAT CONNECTAT O CONNECTADA<\/strong> a les xarxes, contribuint tamb\u00e9 aix\u00ed a un estalvi energ\u00e8tic al planeta.<br \/>\nEsperem que h\u00e0giu fet un munt de coses!!!<br \/>\n<br \/>\n<iframe loading=\"lazy\" src=\"https:\/\/edumet.cat\/areatac\/presentacions\/index.php?ID=1nyCwKqBUw_imwMRY5Rm5A-GJ5se1leBMcmb4XXg8dTQ&#038;config=plantFlipIco\" height=\"1000px\" width=\"100%\"><\/iframe>\n<\/div>\n<div style=\"float:right;width:33%\">\n<h3><img loading=\"lazy\" decoding=\"async\" class=\"wp-image-9097 alignright\" src=\"https:\/\/projectes.xtec.cat\/encara-hi-som-a-temps\/wp-content\/uploads\/usu2084\/2020\/04\/acasa1-1024x1024.jpeg\" alt=\"\" width=\"250\" height=\"250\" \/><br \/>\n<\/h3>\n<p>Ens podeu fer arribar l\u2019enlla\u00e7 de les vostres fotografies, v\u00eddeos, instagram, facebook, twitter i publicacions\u2026 al seg\u00fcent formulari:<\/p>\n<div style=\"text-align:center\">\n<a class=\"button alert\" style=\"border-radius: 5px; background-color: #418000; color: white !important;\" href=\"https:\/\/docs.google.com\/forms\/d\/e\/1FAIpQLSdsPtMQrPPFPbIow2ofp7zldP3KrEXqU_khDB--Kr56HEYBYA\/viewform?usp=sf_link\" target=\"_blank\" rel=\"noopener noreferrer\">Participa<\/a><\/p>\n<p style=\"text-align: left;\">No us oblideu d\u2019afegir<strong> @donalanota, #encarahisomatemps, #donalanota2020, #donalanotadesdecasa<\/strong><\/p>\n<div>\n<iframe loading=\"lazy\" src=\"https:\/\/edumet.cat\/areatac\/presentacions\/index.php?ID=1nyCwKqBUw_imwMRY5Rm5A-GJ5se1leBMcmb4XXg8dTQ&#038;config=plantMapa\" height=\"400px\" width=\"100%\"><\/iframe>\n<\/div>\n<\/div>\n","protected":false},"excerpt":{"rendered":"<p>BUSCA EL TEU MOMENT DE DESCONNEXI\u00d3 DIGITAL!!!<\/p>\n<p>Benvolgudes, Benvolguts,<br \/>\n\u00c9s una realitat que en tots aquest dies de confinament a les nostres cases, les xarxes socials ens han ajudat a mantenir el contacte amb tota la gent que no tenim a prop, a poder treballar en equip&hellip;  <a href=\"https:\/\/projectes.xtec.cat\/encara-hi-som-a-temps\/dona-la-nota-des-de-casa\/\" title=\"Read Dona la nota des de casa\">Llegeix m\u00e9s\u00bb<\/a><\/p>\n","protected":false},"author":1,"featured_media":0,"parent":0,"menu_order":0,"comment_status":"closed","ping_status":"closed","template":"","meta":{"_bbp_topic_count":0,"_bbp_reply_count":0,"_bbp_total_topic_count":0,"_bbp_total_reply_count":0,"_bbp_voice_count":0,"_bbp_anonymous_reply_count":0,"_bbp_topic_count_hidden":0,"_bbp_reply_count_hidden":0,"_bbp_forum_subforum_count":0,"footnotes":""},"class_list":["post-9093","page","type-page","status-publish","hentry"],"post_mailing_queue_ids":[],"_links":{"self":[{"href":"https:\/\/projectes.xtec.cat\/encara-hi-som-a-temps\/wp-json\/wp\/v2\/pages\/9093","targetHints":{"allow":["GET"]}}],"collection":[{"href":"https:\/\/projectes.xtec.cat\/encara-hi-som-a-temps\/wp-json\/wp\/v2\/pages"}],"about":[{"href":"https:\/\/projectes.xtec.cat\/encara-hi-som-a-temps\/wp-json\/wp\/v2\/types\/page"}],"author":[{"embeddable":true,"href":"https:\/\/projectes.xtec.cat\/encara-hi-som-a-temps\/wp-json\/wp\/v2\/users\/1"}],"replies":[{"embeddable":true,"href":"https:\/\/projectes.xtec.cat\/encara-hi-som-a-temps\/wp-json\/wp\/v2\/comments?post=9093"}],"version-history":[{"count":3,"href":"https:\/\/projectes.xtec.cat\/encara-hi-som-a-temps\/wp-json\/wp\/v2\/pages\/9093\/revisions"}],"predecessor-version":[{"id":9129,"href":"https:\/\/projectes.xtec.cat\/encara-hi-som-a-temps\/wp-json\/wp\/v2\/pages\/9093\/revisions\/9129"}],"wp:attachment":[{"href":"https:\/\/projectes.xtec.cat\/encara-hi-som-a-temps\/wp-json\/wp\/v2\/media?parent=9093"}],"curies":[{"name":"wp","href":"https:\/\/api.w.org\/{rel}","templated":true}]}}