{"id":9171,"date":"2020-06-04T14:58:46","date_gmt":"2020-06-04T12:58:46","guid":{"rendered":"https:\/\/projectes.xtec.cat\/encara-hi-som-a-temps\/?page_id=9171"},"modified":"2023-03-22T21:51:06","modified_gmt":"2023-03-22T20:51:06","slug":"manifest","status":"publish","type":"page","link":"https:\/\/projectes.xtec.cat\/encara-hi-som-a-temps\/manifest\/","title":{"rendered":"Manifest"},"content":{"rendered":"<p><strong>MANIFEST \u201cDONA LA NOTA: ENCARA HI SOM A TEMPS&#8230;\u201d<\/strong><\/p>\n<p>Ja no ho recordem&#8230; No podem o no volem recordar-ho&#8230; Fa tant de temps que vam acabar de pintar el quadre que ja ha passat a formar part de les nostres vides&#8230; \u00c9s la Terra&#8230; El gran decorat on ens movem, on vivim, on somiem&#8230;<\/p>\n<p>Fa molts, molt\u00edssims anys que vam acabar de dibuixar-la, de fer-la viure afegint-hi tota una gamma de colors inimaginable&#8230; I se\u2019ns van acabar les paraules per poder descriure tanta bellesa tra\u00e7ada en blaus de cristall pur, en verds assossegats, en ocres irisats i canviants, en blancs nets i silenciosos&#8230; Vam anar introduint-hi personatges diferents, en aquesta magn\u00edfica obra de teatre: les plantes, els animals, els n\u00favols capriciosos, els vents que fan viatjar tons de llum i de m\u00fasiques que ens bressolen l\u2019esperit&#8230; Pluges que ens conviden a la reflexi\u00f3, focs que ens desperten el respecte cap a la natura&#8230; Era una representaci\u00f3 inoblidable&#8230; I vam voler pinzellar els entreactes amb telons pintats de nit i farcits, tanmateix, de la blancor lluent dels estels i d\u2019una lluna canviant&#8230;<\/p>\n<p>Tot era vida, tot era moviment, tot era llum i colors esclatant en un m\u00f3n \u00fanic&#8230;<\/p>\n<p>De vegades, per\u00f2, quan creiem que hem creat una obra perenne i irrepetible, a la qual ja no s\u2019hi pot millorar res, l\u2019oblidem en un calaix i donem per fet que sempre mantindr\u00e0 la brillantor dels seus pigments originals&#8230; Malauradament, aquest gran quadre en moviment que hem fet entre tota la humanitat, aquesta funci\u00f3 ininterrompuda, se\u2019ns va anar desdibuixant davant nostre i no hem volgut adonar-nos-en&#8230; Alg\u00fa va comen\u00e7ar a enfosquir la llum, a empastifar parts de la pintura, a esborrar-ne els tons m\u00e9s vius, a diluir els seus marges&#8230; I vam deteriorar el sentit d\u2019all\u00f2 que vol\u00edem dibuixar fins a l\u00edmits insostenibles, perqu\u00e8 vam callar quan ho feien, perqu\u00e8 vam continuar muts quan la natura ens demanava ajuda&#8230; Perqu\u00e8 calia actuar, que \u00e9s el que s\u2019ha de fer en qualsevol teatre, i no ho vam fer&#8230; Ens vam quedar al camerino confortable del silenci i de la inacci\u00f3, esperant, nom\u00e9s, la nostra breu escena per retornar tot seguit a la protecci\u00f3 de les seves tristes parets pintades de gris&#8230;<\/p>\n<p>Per\u00f2 avui l\u2019esperan\u00e7a est\u00e0 en vosaltres, joves actors i actrius que encara no heu debutat en aquest infinit escenari que ens envolta&#8230;<br \/>\nRetorneu-hi els colors, la llum i la vida&#8230; Feu que el nostre estimat Planeta Blau retrobi el seu m\u00e0gic dest\u00ed&#8230;<br \/>\nVolem somiar que encara hi som a temps&#8230;!<\/p>\n<p><strong><em>Gibert d\u2019Artze, 2020<\/em><\/strong><\/p>\n","protected":false},"excerpt":{"rendered":"<p>MANIFEST \u201cDONA LA NOTA: ENCARA HI SOM A TEMPS&#8230;\u201d<br \/>\nJa no ho recordem&#8230; No podem o no volem recordar-ho&#8230; Fa tant de temps que vam acabar de pintar el quadre que ja ha passat a formar part de les nostres vides&#8230; \u00c9s la Terra&#8230; El gran&hellip;  <a href=\"https:\/\/projectes.xtec.cat\/encara-hi-som-a-temps\/manifest\/\" title=\"Read Manifest\">Llegeix m\u00e9s\u00bb<\/a><\/p>\n","protected":false},"author":1,"featured_media":0,"parent":0,"menu_order":0,"comment_status":"closed","ping_status":"closed","template":"","meta":{"_bbp_topic_count":0,"_bbp_reply_count":0,"_bbp_total_topic_count":0,"_bbp_total_reply_count":0,"_bbp_voice_count":0,"_bbp_anonymous_reply_count":0,"_bbp_topic_count_hidden":0,"_bbp_reply_count_hidden":0,"_bbp_forum_subforum_count":0,"footnotes":""},"class_list":["post-9171","page","type-page","status-publish","hentry"],"post_mailing_queue_ids":[],"_links":{"self":[{"href":"https:\/\/projectes.xtec.cat\/encara-hi-som-a-temps\/wp-json\/wp\/v2\/pages\/9171","targetHints":{"allow":["GET"]}}],"collection":[{"href":"https:\/\/projectes.xtec.cat\/encara-hi-som-a-temps\/wp-json\/wp\/v2\/pages"}],"about":[{"href":"https:\/\/projectes.xtec.cat\/encara-hi-som-a-temps\/wp-json\/wp\/v2\/types\/page"}],"author":[{"embeddable":true,"href":"https:\/\/projectes.xtec.cat\/encara-hi-som-a-temps\/wp-json\/wp\/v2\/users\/1"}],"replies":[{"embeddable":true,"href":"https:\/\/projectes.xtec.cat\/encara-hi-som-a-temps\/wp-json\/wp\/v2\/comments?post=9171"}],"version-history":[{"count":3,"href":"https:\/\/projectes.xtec.cat\/encara-hi-som-a-temps\/wp-json\/wp\/v2\/pages\/9171\/revisions"}],"predecessor-version":[{"id":9217,"href":"https:\/\/projectes.xtec.cat\/encara-hi-som-a-temps\/wp-json\/wp\/v2\/pages\/9171\/revisions\/9217"}],"wp:attachment":[{"href":"https:\/\/projectes.xtec.cat\/encara-hi-som-a-temps\/wp-json\/wp\/v2\/media?parent=9171"}],"curies":[{"name":"wp","href":"https:\/\/api.w.org\/{rel}","templated":true}]}}

<p><strong>MANIFEST “DONA LA NOTA: ENCARA HI SOM A TEMPS&#8230;”</strong></p>
<p>Ja no ho recordem&#8230; No podem o no volem recordar-ho&#8230; Fa tant de temps que vam acabar de pintar el quadre que ja ha passat a formar part de les nostres vides&#8230; És la Terra&#8230; El gran decorat on ens movem, on vivim, on somiem&#8230;</p>
<p>Fa molts, moltíssims anys que vam acabar de dibuixar-la, de fer-la viure afegint-hi tota una gamma de colors inimaginable&#8230; I se’ns van acabar les paraules per poder descriure tanta bellesa traçada en blaus de cristall pur, en verds assossegats, en ocres irisats i canviants, en blancs nets i silenciosos&#8230; Vam anar introduint-hi personatges diferents, en aquesta magnífica obra de teatre: les plantes, els animals, els núvols capriciosos, els vents que fan viatjar tons de llum i de músiques que ens bressolen l’esperit&#8230; Pluges que ens conviden a la reflexió, focs que ens desperten el respecte cap a la natura&#8230; Era una representació inoblidable&#8230; I vam voler pinzellar els entreactes amb telons pintats de nit i farcits, tanmateix, de la blancor lluent dels estels i d’una lluna canviant&#8230;</p>
<p>Tot era vida, tot era moviment, tot era llum i colors esclatant en un món únic&#8230;</p>
<p>De vegades, però, quan creiem que hem creat una obra perenne i irrepetible, a la qual ja no s’hi pot millorar res, l’oblidem en un calaix i donem per fet que sempre mantindrà la brillantor dels seus pigments originals&#8230; Malauradament, aquest gran quadre en moviment que hem fet entre tota la humanitat, aquesta funció ininterrompuda, se’ns va anar desdibuixant davant nostre i no hem volgut adonar-nos-en&#8230; Algú va començar a enfosquir la llum, a empastifar parts de la pintura, a esborrar-ne els tons més vius, a diluir els seus marges&#8230; I vam deteriorar el sentit d’allò que volíem dibuixar fins a límits insostenibles, perquè vam callar quan ho feien, perquè vam continuar muts quan la natura ens demanava ajuda&#8230; Perquè calia actuar, que és el que s’ha de fer en qualsevol teatre, i no ho vam fer&#8230; Ens vam quedar al camerino confortable del silenci i de la inacció, esperant, només, la nostra breu escena per retornar tot seguit a la protecció de les seves tristes parets pintades de gris&#8230;</p>
<p>Però avui l’esperança està en vosaltres, joves actors i actrius que encara no heu debutat en aquest infinit escenari que ens envolta&#8230;<br />
Retorneu-hi els colors, la llum i la vida&#8230; Feu que el nostre estimat Planeta Blau retrobi el seu màgic destí&#8230;<br />
Volem somiar que encara hi som a temps&#8230;!</p>
<p><strong><em>Gibert d’Artze, 2020</em></strong></p>

<p>MANIFEST “DONA LA NOTA: ENCARA HI SOM A TEMPS&#8230;”<br />
Ja no ho recordem&#8230; No podem o no volem recordar-ho&#8230; Fa tant de temps que vam acabar de pintar el quadre que ja ha passat a formar part de les nostres vides&#8230; És la Terra&#8230; El gran&hellip;  <a href="https://projectes.xtec.cat/encara-hi-som-a-temps/manifest/" title="Read Manifest">Llegeix més»</a></p>
