{"id":10578,"date":"2025-03-11T08:18:28","date_gmt":"2025-03-11T07:18:28","guid":{"rendered":"https:\/\/projectes.xtec.cat\/ere\/?page_id=10578"},"modified":"2025-05-13T14:56:48","modified_gmt":"2025-05-13T12:56:48","slug":"amics-unesco-bcn","status":"publish","type":"page","link":"https:\/\/projectes.xtec.cat\/ere\/talent-creatiu-i-empresa\/reconeixements-talent-creatiu-i-empresa-al-projectes-del-primer-quadrimestres-2024-2025\/amics-unesco-bcn\/","title":{"rendered":"AMICS UNESCO BCN"},"content":{"rendered":"<p><strong>Reconeixement:\u00a0<\/strong><\/p>\n<p>Nora LE\u00d3N, Yolanda PEREIRA i Ariadna PASTORA\u00a0 de <a href=\"https:\/\/www.arsenal.cat\/index.php\/ca\/\" target=\"_blank\" rel=\"noopener\">l&#8217;EA. Arsenal<\/a><\/p>\n<p><strong>Projecte:\u00a0<\/strong><\/p>\n<p>Disseny de la portada de la publicaci\u00f3 anual de presentaci\u00f3 del XXI Certamen Literari Escolar en Lleng\u00fces d\u2019Origen, on es recullen les millors redaccions presentades per alumnes de les Escoles en la seva llengua d\u2019origen i la seva traducci\u00f3 al catal\u00e0.<\/p>\n<p><strong>Argumentaci\u00f3 de la comissi\u00f3:\u00a0<\/strong><\/p>\n<p>Portada que respira: \u00e9s neta i alegre. Respon a la imatge creativa del Certamen. Recull una de les icones espec\u00edfiques de la ciutat de Barcelona sense detriment de l\u2019exposici\u00f3 del contingut que es demana i ho fa a trav\u00e9s d\u2019imatges de cares \u201ctrencadisses\u201d amb ulls divertits i dits que assenyalen l\u2019objectiu d\u2019enguany: \u201cL\u2019aventura de llegir\u201d<\/p>\n<p><a href=\"https:\/\/projectes.xtec.cat\/ere\/wp-content\/uploads\/usu2534\/2025\/03\/08038545-Nora-Yolanda-Ariadna_page-0001-scaled.jpg\"><img loading=\"lazy\" decoding=\"async\" class=\"size-large wp-image-10554 aligncenter\" src=\"https:\/\/projectes.xtec.cat\/ere\/wp-content\/uploads\/usu2534\/2025\/03\/08038545-Nora-Yolanda-Ariadna_page-0001-740x1024.jpg\" alt=\"\" width=\"740\" height=\"1024\" srcset=\"https:\/\/projectes.xtec.cat\/ere\/wp-content\/uploads\/usu2534\/2025\/03\/08038545-Nora-Yolanda-Ariadna_page-0001-740x1024.jpg 740w, https:\/\/projectes.xtec.cat\/ere\/wp-content\/uploads\/usu2534\/2025\/03\/08038545-Nora-Yolanda-Ariadna_page-0001-217x300.jpg 217w, https:\/\/projectes.xtec.cat\/ere\/wp-content\/uploads\/usu2534\/2025\/03\/08038545-Nora-Yolanda-Ariadna_page-0001-768x1063.jpg 768w, https:\/\/projectes.xtec.cat\/ere\/wp-content\/uploads\/usu2534\/2025\/03\/08038545-Nora-Yolanda-Ariadna_page-0001-1110x1536.jpg 1110w, https:\/\/projectes.xtec.cat\/ere\/wp-content\/uploads\/usu2534\/2025\/03\/08038545-Nora-Yolanda-Ariadna_page-0001-1480x2048.jpg 1480w, https:\/\/projectes.xtec.cat\/ere\/wp-content\/uploads\/usu2534\/2025\/03\/08038545-Nora-Yolanda-Ariadna_page-0001-scaled.jpg 1850w\" sizes=\"auto, (max-width: 740px) 100vw, 740px\" \/><\/a><\/p>\n","protected":false},"excerpt":{"rendered":"<p>Reconeixement:\u00a0<br \/>\nNora LE\u00d3N, Yolanda PEREIRA i Ariadna PASTORA\u00a0 de <a href=\"https:\/\/www.arsenal.cat\/index.php\/ca\/\" target=\"_blank\" rel=\"noopener\">l&#8217;EA. Arsenal<\/a><br \/>\nProjecte:\u00a0<br \/>\nDisseny de la portada de la publicaci\u00f3 anual de presentaci\u00f3 del XXI Certamen Literari Escolar en Lleng\u00fces d\u2019Origen, on es recullen les millors redaccions presentades per alumnes de les Escoles en la seva&hellip;  <a href=\"https:\/\/projectes.xtec.cat\/ere\/talent-creatiu-i-empresa\/reconeixements-talent-creatiu-i-empresa-al-projectes-del-primer-quadrimestres-2024-2025\/amics-unesco-bcn\/\" title=\"Read AMICS UNESCO BCN\">Llegeix m\u00e9s\u00bb<\/a><\/p>\n","protected":false},"author":1,"featured_media":0,"parent":10548,"menu_order":0,"comment_status":"closed","ping_status":"closed","template":"","meta":{"_bbp_topic_count":0,"_bbp_reply_count":0,"_bbp_total_topic_count":0,"_bbp_total_reply_count":0,"_bbp_voice_count":0,"_bbp_anonymous_reply_count":0,"_bbp_topic_count_hidden":0,"_bbp_reply_count_hidden":0,"_bbp_forum_subforum_count":0,"footnotes":""},"class_list":["post-10578","page","type-page","status-publish","hentry"],"post_mailing_queue_ids":[],"_links":{"self":[{"href":"https:\/\/projectes.xtec.cat\/ere\/wp-json\/wp\/v2\/pages\/10578","targetHints":{"allow":["GET"]}}],"collection":[{"href":"https:\/\/projectes.xtec.cat\/ere\/wp-json\/wp\/v2\/pages"}],"about":[{"href":"https:\/\/projectes.xtec.cat\/ere\/wp-json\/wp\/v2\/types\/page"}],"author":[{"embeddable":true,"href":"https:\/\/projectes.xtec.cat\/ere\/wp-json\/wp\/v2\/users\/1"}],"replies":[{"embeddable":true,"href":"https:\/\/projectes.xtec.cat\/ere\/wp-json\/wp\/v2\/comments?post=10578"}],"version-history":[{"count":6,"href":"https:\/\/projectes.xtec.cat\/ere\/wp-json\/wp\/v2\/pages\/10578\/revisions"}],"predecessor-version":[{"id":10791,"href":"https:\/\/projectes.xtec.cat\/ere\/wp-json\/wp\/v2\/pages\/10578\/revisions\/10791"}],"up":[{"embeddable":true,"href":"https:\/\/projectes.xtec.cat\/ere\/wp-json\/wp\/v2\/pages\/10548"}],"wp:attachment":[{"href":"https:\/\/projectes.xtec.cat\/ere\/wp-json\/wp\/v2\/media?parent=10578"}],"curies":[{"name":"wp","href":"https:\/\/api.w.org\/{rel}","templated":true}]}}

<p><strong>Reconeixement: </strong></p>
<p>Nora LEÓN, Yolanda PEREIRA i Ariadna PASTORA  de <a href="https://www.arsenal.cat/index.php/ca/" target="_blank" rel="noopener">l&#8217;EA. Arsenal</a></p>
<p><strong>Projecte: </strong></p>
<p>Disseny de la portada de la publicació anual de presentació del XXI Certamen Literari Escolar en Llengües d’Origen, on es recullen les millors redaccions presentades per alumnes de les Escoles en la seva llengua d’origen i la seva traducció al català.</p>
<p><strong>Argumentació de la comissió: </strong></p>
<p>Portada que respira: és neta i alegre. Respon a la imatge creativa del Certamen. Recull una de les icones específiques de la ciutat de Barcelona sense detriment de l’exposició del contingut que es demana i ho fa a través d’imatges de cares “trencadisses” amb ulls divertits i dits que assenyalen l’objectiu d’enguany: “L’aventura de llegir”</p>
<p><a href="https://projectes.xtec.cat/ere/wp-content/uploads/usu2534/2025/03/08038545-Nora-Yolanda-Ariadna_page-0001-scaled.jpg"><img loading="lazy" decoding="async" class="size-large wp-image-10554 aligncenter" src="https://projectes.xtec.cat/ere/wp-content/uploads/usu2534/2025/03/08038545-Nora-Yolanda-Ariadna_page-0001-740x1024.jpg" alt="" width="740" height="1024" srcset="https://projectes.xtec.cat/ere/wp-content/uploads/usu2534/2025/03/08038545-Nora-Yolanda-Ariadna_page-0001-740x1024.jpg 740w, https://projectes.xtec.cat/ere/wp-content/uploads/usu2534/2025/03/08038545-Nora-Yolanda-Ariadna_page-0001-217x300.jpg 217w, https://projectes.xtec.cat/ere/wp-content/uploads/usu2534/2025/03/08038545-Nora-Yolanda-Ariadna_page-0001-768x1063.jpg 768w, https://projectes.xtec.cat/ere/wp-content/uploads/usu2534/2025/03/08038545-Nora-Yolanda-Ariadna_page-0001-1110x1536.jpg 1110w, https://projectes.xtec.cat/ere/wp-content/uploads/usu2534/2025/03/08038545-Nora-Yolanda-Ariadna_page-0001-1480x2048.jpg 1480w, https://projectes.xtec.cat/ere/wp-content/uploads/usu2534/2025/03/08038545-Nora-Yolanda-Ariadna_page-0001-scaled.jpg 1850w" sizes="auto, (max-width: 740px) 100vw, 740px" /></a></p>

<p>Reconeixement: <br />
Nora LEÓN, Yolanda PEREIRA i Ariadna PASTORA  de <a href="https://www.arsenal.cat/index.php/ca/" target="_blank" rel="noopener">l&#8217;EA. Arsenal</a><br />
Projecte: <br />
Disseny de la portada de la publicació anual de presentació del XXI Certamen Literari Escolar en Llengües d’Origen, on es recullen les millors redaccions presentades per alumnes de les Escoles en la seva&hellip;  <a href="https://projectes.xtec.cat/ere/talent-creatiu-i-empresa/reconeixements-talent-creatiu-i-empresa-al-projectes-del-primer-quadrimestres-2024-2025/amics-unesco-bcn/" title="Read AMICS UNESCO BCN">Llegeix més»</a></p>
