{"id":10580,"date":"2025-03-11T08:19:30","date_gmt":"2025-03-11T07:19:30","guid":{"rendered":"https:\/\/projectes.xtec.cat\/ere\/?page_id=10580"},"modified":"2025-03-11T14:06:25","modified_gmt":"2025-03-11T13:06:25","slug":"fapaes","status":"publish","type":"page","link":"https:\/\/projectes.xtec.cat\/ere\/talent-creatiu-i-empresa\/reconeixements-talent-creatiu-i-empresa-al-projectes-del-primer-quadrimestres-2024-2025\/fapaes\/","title":{"rendered":"FAPAES"},"content":{"rendered":"<p><strong>Reconeixement:<\/strong><\/p>\n<p>Alumnes: Ricard Bosch, Oscar L\u00f3pez, Celia Pulpillo y Xinyue Xu<\/p>\n<p>Cicle i centre: 2n del CFGS de Gr\u00e0fica Interactiva, <a href=\"https:\/\/paugargallo.cat\/\" target=\"_blank\" rel=\"noopener\">EA Pau Gargallo de Badalona.<\/a><\/p>\n<p><strong>Projecte:<\/strong><\/p>\n<p>Actualitzaci\u00f3 de la imatge corporativa de la Federaci\u00f3: disseny de la plana web i de plantilles per a l\u2019enviament de correus i comunicacions.<\/p>\n<p><strong>Argumentaci\u00f3 de la comissi\u00f3:<\/strong><\/p>\n<p>L\u2019equip guanyador ha resolt amb professionalitat l\u2019enc\u00e0rrec per part de FAPAES, havent realitzat un gran treball d\u2019an\u00e0lisi i les possibilitats de millora de la nostra actual web, una \u00e0mplia investigaci\u00f3 de webs del sector i desenvolupant a la seva mem\u00f2ria una argumentaci\u00f3 s\u00f2lida. A m\u00e9s, han sabut treballar amb els suggeriments realitzats a la fase preliminar, aconseguint un resultat final convincent.<\/p>\n<p><iframe loading=\"lazy\" title=\"TCE FAPAES\" width=\"500\" height=\"281\" src=\"https:\/\/www.youtube.com\/embed\/eVf3k5Zk6f4?list=PLe7aFYNtl_hoFvfTotlSrvXW6h1pX7fRG\" frameborder=\"0\" allow=\"accelerometer; autoplay; clipboard-write; encrypted-media; gyroscope; picture-in-picture; web-share\" referrerpolicy=\"strict-origin-when-cross-origin\" allowfullscreen><\/iframe><\/p>\n","protected":false},"excerpt":{"rendered":"<p>Reconeixement:<br \/>\nAlumnes: Ricard Bosch, Oscar L\u00f3pez, Celia Pulpillo y Xinyue Xu<br \/>\nCicle i centre: 2n del CFGS de Gr\u00e0fica Interactiva, <a href=\"https:\/\/paugargallo.cat\/\" target=\"_blank\" rel=\"noopener\">EA Pau Gargallo de Badalona.<\/a><br \/>\nProjecte:<br \/>\nActualitzaci\u00f3 de la imatge corporativa de la Federaci\u00f3: disseny de la plana web i de plantilles per a l\u2019enviament de&hellip;  <a href=\"https:\/\/projectes.xtec.cat\/ere\/talent-creatiu-i-empresa\/reconeixements-talent-creatiu-i-empresa-al-projectes-del-primer-quadrimestres-2024-2025\/fapaes\/\" title=\"Read FAPAES\">Llegeix m\u00e9s\u00bb<\/a><\/p>\n","protected":false},"author":1,"featured_media":0,"parent":10548,"menu_order":0,"comment_status":"closed","ping_status":"closed","template":"","meta":{"_bbp_topic_count":0,"_bbp_reply_count":0,"_bbp_total_topic_count":0,"_bbp_total_reply_count":0,"_bbp_voice_count":0,"_bbp_anonymous_reply_count":0,"_bbp_topic_count_hidden":0,"_bbp_reply_count_hidden":0,"_bbp_forum_subforum_count":0,"footnotes":""},"class_list":["post-10580","page","type-page","status-publish","hentry"],"post_mailing_queue_ids":[],"_links":{"self":[{"href":"https:\/\/projectes.xtec.cat\/ere\/wp-json\/wp\/v2\/pages\/10580","targetHints":{"allow":["GET"]}}],"collection":[{"href":"https:\/\/projectes.xtec.cat\/ere\/wp-json\/wp\/v2\/pages"}],"about":[{"href":"https:\/\/projectes.xtec.cat\/ere\/wp-json\/wp\/v2\/types\/page"}],"author":[{"embeddable":true,"href":"https:\/\/projectes.xtec.cat\/ere\/wp-json\/wp\/v2\/users\/1"}],"replies":[{"embeddable":true,"href":"https:\/\/projectes.xtec.cat\/ere\/wp-json\/wp\/v2\/comments?post=10580"}],"version-history":[{"count":5,"href":"https:\/\/projectes.xtec.cat\/ere\/wp-json\/wp\/v2\/pages\/10580\/revisions"}],"predecessor-version":[{"id":10638,"href":"https:\/\/projectes.xtec.cat\/ere\/wp-json\/wp\/v2\/pages\/10580\/revisions\/10638"}],"up":[{"embeddable":true,"href":"https:\/\/projectes.xtec.cat\/ere\/wp-json\/wp\/v2\/pages\/10548"}],"wp:attachment":[{"href":"https:\/\/projectes.xtec.cat\/ere\/wp-json\/wp\/v2\/media?parent=10580"}],"curies":[{"name":"wp","href":"https:\/\/api.w.org\/{rel}","templated":true}]}}

<p><strong>Reconeixement:</strong></p>
<p>Alumnes: Ricard Bosch, Oscar López, Celia Pulpillo y Xinyue Xu</p>
<p>Cicle i centre: 2n del CFGS de Gràfica Interactiva, <a href="https://paugargallo.cat/" target="_blank" rel="noopener">EA Pau Gargallo de Badalona.</a></p>
<p><strong>Projecte:</strong></p>
<p>Actualització de la imatge corporativa de la Federació: disseny de la plana web i de plantilles per a l’enviament de correus i comunicacions.</p>
<p><strong>Argumentació de la comissió:</strong></p>
<p>L’equip guanyador ha resolt amb professionalitat l’encàrrec per part de FAPAES, havent realitzat un gran treball d’anàlisi i les possibilitats de millora de la nostra actual web, una àmplia investigació de webs del sector i desenvolupant a la seva memòria una argumentació sòlida. A més, han sabut treballar amb els suggeriments realitzats a la fase preliminar, aconseguint un resultat final convincent.</p>
<p><iframe loading="lazy" title="TCE FAPAES" width="500" height="281" src="https://www.youtube.com/embed/eVf3k5Zk6f4?list=PLe7aFYNtl_hoFvfTotlSrvXW6h1pX7fRG" frameborder="0" allow="accelerometer; autoplay; clipboard-write; encrypted-media; gyroscope; picture-in-picture; web-share" referrerpolicy="strict-origin-when-cross-origin" allowfullscreen></iframe></p>

<p>Reconeixement:<br />
Alumnes: Ricard Bosch, Oscar López, Celia Pulpillo y Xinyue Xu<br />
Cicle i centre: 2n del CFGS de Gràfica Interactiva, <a href="https://paugargallo.cat/" target="_blank" rel="noopener">EA Pau Gargallo de Badalona.</a><br />
Projecte:<br />
Actualització de la imatge corporativa de la Federació: disseny de la plana web i de plantilles per a l’enviament de&hellip;  <a href="https://projectes.xtec.cat/ere/talent-creatiu-i-empresa/reconeixements-talent-creatiu-i-empresa-al-projectes-del-primer-quadrimestres-2024-2025/fapaes/" title="Read FAPAES">Llegeix més»</a></p>
