{"id":10666,"date":"2025-03-18T11:56:41","date_gmt":"2025-03-18T10:56:41","guid":{"rendered":"https:\/\/projectes.xtec.cat\/ere\/?page_id=10666"},"modified":"2025-05-20T11:59:24","modified_gmt":"2025-05-20T09:59:24","slug":"icssl","status":"publish","type":"page","link":"https:\/\/projectes.xtec.cat\/ere\/icssl\/","title":{"rendered":"ICSSL"},"content":{"rendered":"<p><strong><em>PRIMER PROJECTE PROFESSIONAL<\/em><\/strong><\/p>\n<p><strong>Reconeixement\u00a0 Cartell Elena Juanola &#8220;28 d&#8217;abril&#8221;<\/strong><\/p>\n<p>Paula Perez \u2013 <a href=\"https:\/\/www.serraiabella.cat\/\" target=\"_blank\" rel=\"noopener\">EA Josep Serra i Abella\u00a0<\/a><\/p>\n<p><strong>Projecte:<\/strong><\/p>\n<p>Cartell de prevenci\u00f3 de riscos laborals: &#8220;La prevenci\u00f3, un valor segur&#8221;, commemoratiu del 28 d\u2019abril, Dia Internacional de la Seguretat i Salut en el Treball.<\/p>\n<p><strong>Argumentaci\u00f3 de la comissi\u00f3:<\/strong><\/p>\n<p>Per la creativitat de la proposta i la composici\u00f3 dels elements que formen el cartell, presentant un context \u00fanic, innovador i entretingut, que comunica un missatge clar de manera senzilla i efectiva.<\/p>\n<p>El cartell veur\u00e0 la llum el proper dia 28 d&#8217;abril, Dia internacional de la Seguretat i Salud en el Treball, en un acte promogut per la Consellera Empresa i Treball. Fins a les hores no es pot mostrar la imatge.<\/p>\n<p><strong>Mencions<\/strong><\/p>\n<ul>\n<li>Judith Garc\u00eda, Gisela Navarro i Ver\u00f3nica Ben\u00edtez &#8211; <a href=\"https:\/\/artlaindustrial.cat\/\">Escola La Industrial<\/a><\/li>\n<li>Paula Pe\u00f1uela i Xinguo Liu \u2013 <a href=\"https:\/\/artlaindustrial.cat\/\">Escola La Industrial<\/a><\/li>\n<li>Jaquelin Quesada Monyagut \u2013 <a href=\"https:\/\/agora.xtec.cat\/eamoralanova\/\">Escola Josep Casad\u00f3.<\/a><\/li>\n<li>Neus Ferandiz Mendoza \u2013 <a href=\"https:\/\/agora.xtec.cat\/eamoralanova\/\">Escola Josep Casad\u00f3<\/a><\/li>\n<li>Marina Rodr\u00edguez \u2013 <a href=\"https:\/\/www.serraiabella.cat\/\">Escola Josep Serra i Abella<\/a><\/li>\n<\/ul>\n<p><strong>Argumentaci\u00f3 de la Comissi\u00f3<\/strong><\/p>\n<p>Projectes que combinen rigor, coneixement i un enfocament creatiu.<\/p>\n<p>&nbsp;<\/p>\n<p><strong><em>SEGON PROJECTE PROFESSIONAL<\/em><\/strong><\/p>\n<p><strong>Reconeixement Pictogrames-Vano:<\/strong><\/p>\n<p>\u00c0lex Collados Cruz <strong>\u2013 <\/strong><a href=\"https:\/\/escolaart-manresa.cat\/\">EA MANRESA<\/a><\/p>\n<p><strong>Projecte: <\/strong>\u201cLa prevenci\u00f3 un valor segur\u201d<\/p>\n<p>Disseny d\u2019un ventall que incorpori en el seu estampat un m\u00ednim de tres pictogrames relacionats amb la calor.<\/p>\n<p>Col\u00b7lecci\u00f3 d\u2019un m\u00ednim de <strong>tres pictogrames<\/strong> originals i in\u00e8dits, gr\u00e0ficament homogenis, que sintetitzin missatges clars sobre la prevenci\u00f3 de riscos laborals.<\/p>\n<p><strong>Argumentaci\u00f3 de la comissi\u00f3:<\/strong><\/p>\n<p>Els pictogrames de l&#8217;\u00c0lex informen sobre les mesures preventives a aplicar davant dels riscos relacionats amb la calor durant la jornada de treball. Estan basats en formes simples i sint\u00e8tiques, aconseguint una r\u00e0pida comprensi\u00f3 i seguint una mateixa l\u00ednia gr\u00e0fica.<\/p>\n<p><strong>Menci\u00f3:<\/strong><\/p>\n<ul>\n<li><strong>Alexandra Hermida Bach \u2013 <\/strong><a href=\"https:\/\/escolaart-manresa.cat\/\">EA Manresa<\/a><\/li>\n<li>Lucia Castilla Guirado \u2013 <a href=\"https:\/\/escolaart-manresa.cat\/\">EA Manresa<\/a><\/li>\n<li>Maria Sanchez Lara \u2013 <a href=\"https:\/\/escolaart-manresa.cat\/\">EA Manresa<\/a><\/li>\n<li>Maitena Merlina Marquesini \u2013 <a href=\"https:\/\/escolaart-manresa.cat\/\">EA Manresa<\/a><\/li>\n<li>Neus Ferandiz Mendoza \u2013 <a href=\"https:\/\/agora.xtec.cat\/eamoralanova\/\">EA Josep Casad\u00f3<\/a><\/li>\n<li>Natalia S\u00e1nchez Valenzuela i Laura P\u00e9rez Vellve \u2013 <a href=\"https:\/\/agora.xtec.cat\/eamoralanova\/\">EA Josep Casad\u00f3<\/a><\/li>\n<li>Merc\u00e8 Ramos i Sandra Calv\u00e9 &#8211; <a href=\"https:\/\/agora.xtec.cat\/eamoralanova\/\">EA Josep Casad\u00f3<\/a><\/li>\n<li>Lucas Exp\u00f3sito i Leo Cardona &#8211; <a href=\"https:\/\/dev.arac.artedra.net\/\">EA Edra<\/a><\/li>\n<li>Nora Soubata, Erika Romero i Mar\u00eda Rosal \u2013 <a href=\"https:\/\/dev.arac.artedra.net\/\">EA Edra<\/a><\/li>\n<li>Alex Gonz\u00e1lez Dur\u00e1n i Sara Centelles P\u00e9rez \u2013<a href=\"https:\/\/dev.arac.artedra.net\/\"> EA Edra<\/a><\/li>\n<li>Muhammad El Machtirou i H\u00e9ctor P\u00e9rez Serrano \u2013<a href=\"https:\/\/dev.arac.artedra.net\/\"> EA Edra<\/a><\/li>\n<li>Marta Suero i Anna Chavarria \u2013 <a href=\"https:\/\/www.emav.com\/\">EMAV<\/a><\/li>\n<li>Pau Florensa i Cloe Fern\u00e1ndez \u2013<a href=\"https:\/\/www.emav.com\/\"> EMAV<\/a><\/li>\n<li>Alba Casas i Aided Eyzaguirre \u2013 <a href=\"https:\/\/www.emav.com\/\">EMAV<\/a><\/li>\n<\/ul>\n<p><strong>Argumentaci\u00f3 de la Comissi\u00f3<\/strong><\/p>\n<p>Projectes que combinen rigor, coneixement i un enfocament creativitat.<\/p>\n<p>&nbsp;<\/p>\n<p><strong><em>TERCER PROJECTE PROFESSIONAL<\/em><\/strong><\/p>\n<p><strong>Reconeixement cartells en refer\u00e8ncia amb riscos laborals i mesures preventives:<\/strong><\/p>\n<p>Pol Caball\u00e9 &#8211; <a href=\"https:\/\/www.llotja.cat\/\" target=\"_blank\" rel=\"noopener\">EA LLOTJA<\/a><\/p>\n<p><strong>Projecte: <\/strong>\u201cLa prevenci\u00f3 un valor segur\u201d<\/p>\n<p><span style=\"font-weight: 400;\">L\u00ednia gr\u00e0fica de m\u00ednim tres cartells en refer\u00e8ncia amb riscos laborals i mesures preventives<\/span><span style=\"font-weight: 400;\">\u00a0\u00a0<\/span><\/p>\n<p><strong>Argumentaci\u00f3 de la comissi\u00f3:<\/strong><\/p>\n<p><span style=\"font-weight: 400;\">\u00c9s tracta d&#8217;un conjunt de cartells ben cohesionat, que recull diverses mesures preventives amb enfocaments complementaris. Destaquen per l\u2019\u00fas original de recursos il\u00b7lustratius i simb\u00f2lics, i transmeten missatges clars, positius i efectius, amb una molt bona aplicaci\u00f3 de la met\u00e0fora gr\u00e0fica.<\/span><\/p>\n<p><strong>Menci\u00f3:<\/strong><\/p>\n<ul>\n<li style=\"font-weight: 400;\" aria-level=\"1\"><span style=\"font-weight: 400;\">Joel Casares \u2013 <a href=\"https:\/\/www.ciclesfp.cat\/ca\/\" target=\"_blank\" rel=\"noopener\">INS Jaume Mim\u00f3<\/a><\/span><\/li>\n<li style=\"font-weight: 400;\" aria-level=\"1\"><span style=\"font-weight: 400;\">Valeri\u00e0 C\u00e1rdenas\u00a0 \u2013 <a href=\"https:\/\/www.ciclesfp.cat\/ca\/\" target=\"_blank\" rel=\"noopener\">INS Jaume Mim\u00f3<\/a><\/span><\/li>\n<li style=\"font-weight: 400;\" aria-level=\"1\"><span style=\"font-weight: 400;\">Aina Alsina \u2013 <a href=\"https:\/\/www.llotja.cat\/\" target=\"_blank\" rel=\"noopener\">EA LLOTJA<\/a><\/span><\/li>\n<li style=\"font-weight: 400;\" aria-level=\"1\"><span style=\"font-weight: 400;\">David Ju \u2013 <a href=\"https:\/\/www.llotja.cat\/\" target=\"_blank\" rel=\"noopener\">EA LLOTJA<\/a><\/span><\/li>\n<li style=\"font-weight: 400;\" aria-level=\"1\"><span style=\"font-weight: 400;\">Esther Ram\u00edrez \u2013 <a href=\"https:\/\/www.llotja.cat\/\" target=\"_blank\" rel=\"noopener\">EA LLOTJA<\/a><\/span><\/li>\n<li style=\"font-weight: 400;\" aria-level=\"1\"><span style=\"font-weight: 400;\">Marta D\u00edaz \u2013<a href=\"https:\/\/www.llotja.cat\/\" target=\"_blank\" rel=\"noopener\"> EA LLOTJA<\/a><\/span><\/li>\n<li style=\"font-weight: 400;\" aria-level=\"1\"><span style=\"font-weight: 400;\">Paula Casas \u2013 <a href=\"https:\/\/www.llotja.cat\/\" target=\"_blank\" rel=\"noopener\">EA LLOTJA<\/a><\/span><\/li>\n<li style=\"font-weight: 400;\" aria-level=\"1\"><span style=\"font-weight: 400;\">Sara Herrero \u2013 <a href=\"https:\/\/www.llotja.cat\/\" target=\"_blank\" rel=\"noopener\">EA LLOTJA<\/a><\/span><\/li>\n<\/ul>\n<p><strong>Argumentaci\u00f3 de la Comissi\u00f3:<\/strong><\/p>\n<p><span style=\"font-weight: 400;\">Grans treballs amb rigor, coneixement i creativitat<\/span><\/p>\n<p>&nbsp;<\/p>\n<p><strong><em>QUART PROJECTE PROFESSIONAL<\/em><\/strong><\/p>\n<p><strong>Reconeixement d&#8217;un spot inspirat en la prevenci\u00f3 de riscos laborals:<\/strong><\/p>\n<p><span style=\"font-weight: 400;\">David Emwiongbon, Alex Puche i Val Rodr\u00edguez\u00a0 \u2013 <a href=\"https:\/\/paugargallo.cat\/\" target=\"_blank\" rel=\"noopener\">EA PAU GARGALLO<\/a><\/span><\/p>\n<p><strong>Projecte:\u00a0<\/strong>\u201cLa prevenci\u00f3 un valor segur\u201d<\/p>\n<p><span style=\"font-weight: 400;\">Idear i produir un producte multim\u00e8dia en forma d\u2019espot inspirat en la prevenci\u00f3 de riscos laborals<\/span><span style=\"font-weight: 400;\">.<\/span><\/p>\n<p><strong>Argumentaci\u00f3 de la comissi\u00f3:<\/strong><\/p>\n<p><span style=\"font-weight: 400;\">Consciencia la ciutadania sobre la import\u00e0ncia de prevenir els riscos laborals. Ho fa transmetent valors preventius d\u2019una manera imaginativa, espont\u00e0nia i divertida. \u00c9s una proposta molt creativa i amb un enfocament original.<\/span><\/p>\n<p><strong>Menci\u00f3:<\/strong><\/p>\n<ul>\n<li style=\"font-weight: 400;\" aria-level=\"1\"><span style=\"font-weight: 400;\">David\u00a0Avenda\u00f1o, Marc\u00a0Calvo, Patrick\u00a0Campos, Roger\u00a0Espelt, Gilda\u00a0Estrada, Sara Fernandez, Sergio\u00a0Gonzalez, Cristian\u00a0Lorca, Nuria\u00a0Marcos, Asme\u00a0Mero\u00f1o, Miriam\u00a0Miranda, Ariadna\u00a0Moix, Laura\u00a0R. Felices, Gisele\u00a0Sornoza, Ariadna\u00a0Sospedra, Xiomara\u00a0Tucno, Marta\u00a0Zafra \u2013 <a href=\"https:\/\/artlaindustrial.cat\/\" target=\"_blank\" rel=\"noopener\">EA LA INDUSTRIAL\u00a0<\/a><\/span><\/li>\n<li style=\"font-weight: 400;\" aria-level=\"1\"><span style=\"font-weight: 400;\">Marta Vicente, Estefania Murcia, Isaac Casado, Mireia Duran &#8211; <a href=\"https:\/\/paugargallo.cat\/\" target=\"_blank\" rel=\"noopener\">EA PAU GARGALLO<\/a><\/span><\/li>\n<li style=\"font-weight: 400;\" aria-level=\"1\"><span style=\"font-weight: 400;\">Ariadna Sarria, Daniela Valero, Mireia Florels, Ilgin G\u00fcrb\u00fcz &#8211;\u00a0 <a href=\"https:\/\/paugargallo.cat\/\" target=\"_blank\" rel=\"noopener\">EA PAU GARGALLO<\/a><\/span><\/li>\n<li style=\"font-weight: 400;\" aria-level=\"1\"><span style=\"font-weight: 400;\">Aina Salvador, Alba C\u00f3nsul, Pau Sep\u00falveda, Artu Caparr\u00f3s i Pablo Fern\u00e1ndez &#8211; <a href=\"https:\/\/agora.xtec.cat\/ifp-alguero\/\" target=\"_blank\" rel=\"noopener\">IFP ANTONI ALGUER\u00d3<\/a><\/span><\/li>\n<\/ul>\n<p><strong>Argumentaci\u00f3 de la Comissi\u00f3:<\/strong><\/p>\n<p>Grans treballs amb rigor, coneixement i creativitat<\/p>\n<p>&nbsp;<\/p>\n<p><strong>FOTO CARTELL PROJECTE 1: CARTELL 28 D&#8217;ABRIL<\/strong><\/p>\n<p><a href=\"https:\/\/projectes.xtec.cat\/ere\/wp-content\/uploads\/usu2534\/2025\/05\/cartell28abril2.jpg\"><img loading=\"lazy\" decoding=\"async\" class=\"aligncenter wp-image-10795 size-full\" src=\"https:\/\/projectes.xtec.cat\/ere\/wp-content\/uploads\/usu2534\/2025\/05\/cartell28abril2.jpg\" alt=\"\" width=\"600\" height=\"800\" srcset=\"https:\/\/projectes.xtec.cat\/ere\/wp-content\/uploads\/usu2534\/2025\/05\/cartell28abril2.jpg 600w, https:\/\/projectes.xtec.cat\/ere\/wp-content\/uploads\/usu2534\/2025\/05\/cartell28abril2-225x300.jpg 225w\" sizes=\"auto, (max-width: 600px) 100vw, 600px\" \/><\/a><\/p>\n<p><a href=\"https:\/\/projectes.xtec.cat\/ere\/wp-content\/uploads\/usu2534\/2025\/05\/cartell28abril1-1.jpg\"><img loading=\"lazy\" decoding=\"async\" class=\"aligncenter wp-image-10798 size-full\" src=\"https:\/\/projectes.xtec.cat\/ere\/wp-content\/uploads\/usu2534\/2025\/05\/cartell28abril1-1.jpg\" alt=\"\" width=\"800\" height=\"600\" srcset=\"https:\/\/projectes.xtec.cat\/ere\/wp-content\/uploads\/usu2534\/2025\/05\/cartell28abril1-1.jpg 800w, https:\/\/projectes.xtec.cat\/ere\/wp-content\/uploads\/usu2534\/2025\/05\/cartell28abril1-1-300x225.jpg 300w, https:\/\/projectes.xtec.cat\/ere\/wp-content\/uploads\/usu2534\/2025\/05\/cartell28abril1-1-768x576.jpg 768w, https:\/\/projectes.xtec.cat\/ere\/wp-content\/uploads\/usu2534\/2025\/05\/cartell28abril1-1-200x150.jpg 200w\" sizes=\"auto, (max-width: 800px) 100vw, 800px\" \/><\/a><\/p>\n<p><a href=\"https:\/\/projectes.xtec.cat\/ere\/wp-content\/uploads\/usu2534\/2025\/05\/cartell28abril0-1-scaled.jpg\"><img loading=\"lazy\" decoding=\"async\" class=\"aligncenter wp-image-10799 size-large\" src=\"https:\/\/projectes.xtec.cat\/ere\/wp-content\/uploads\/usu2534\/2025\/05\/cartell28abril0-1-682x1024.jpg\" alt=\"\" width=\"682\" height=\"1024\" srcset=\"https:\/\/projectes.xtec.cat\/ere\/wp-content\/uploads\/usu2534\/2025\/05\/cartell28abril0-1-682x1024.jpg 682w, https:\/\/projectes.xtec.cat\/ere\/wp-content\/uploads\/usu2534\/2025\/05\/cartell28abril0-1-200x300.jpg 200w, https:\/\/projectes.xtec.cat\/ere\/wp-content\/uploads\/usu2534\/2025\/05\/cartell28abril0-1-768x1152.jpg 768w, https:\/\/projectes.xtec.cat\/ere\/wp-content\/uploads\/usu2534\/2025\/05\/cartell28abril0-1-1024x1536.jpg 1024w, https:\/\/projectes.xtec.cat\/ere\/wp-content\/uploads\/usu2534\/2025\/05\/cartell28abril0-1-1365x2048.jpg 1365w, https:\/\/projectes.xtec.cat\/ere\/wp-content\/uploads\/usu2534\/2025\/05\/cartell28abril0-1-scaled.jpg 1706w\" sizes=\"auto, (max-width: 682px) 100vw, 682px\" \/><\/a><\/p>\n<p>&nbsp;<\/p>\n<p><strong>FOTO PROJECTE\u00a0 2:\u00a0 PICTOGRAMA_VANO<\/strong><\/p>\n<p><a href=\"https:\/\/projectes.xtec.cat\/ere\/wp-content\/uploads\/usu2534\/2025\/04\/ICSSL_PICTOVANO_2.jpg\"><img loading=\"lazy\" decoding=\"async\" class=\"size-full wp-image-10754 aligncenter\" src=\"https:\/\/projectes.xtec.cat\/ere\/wp-content\/uploads\/usu2534\/2025\/04\/ICSSL_PICTOVANO_2.jpg\" alt=\"\" width=\"570\" height=\"760\" srcset=\"https:\/\/projectes.xtec.cat\/ere\/wp-content\/uploads\/usu2534\/2025\/04\/ICSSL_PICTOVANO_2.jpg 570w, https:\/\/projectes.xtec.cat\/ere\/wp-content\/uploads\/usu2534\/2025\/04\/ICSSL_PICTOVANO_2-225x300.jpg 225w\" sizes=\"auto, (max-width: 570px) 100vw, 570px\" \/><\/a> <a href=\"https:\/\/projectes.xtec.cat\/ere\/wp-content\/uploads\/usu2534\/2025\/04\/ICSSL_PICTOVANO_1.jpg\"><img loading=\"lazy\" decoding=\"async\" class=\"wp-image-10755 aligncenter\" src=\"https:\/\/projectes.xtec.cat\/ere\/wp-content\/uploads\/usu2534\/2025\/04\/ICSSL_PICTOVANO_1-1024x725.jpg\" alt=\"\" width=\"555\" height=\"393\" srcset=\"https:\/\/projectes.xtec.cat\/ere\/wp-content\/uploads\/usu2534\/2025\/04\/ICSSL_PICTOVANO_1-1024x725.jpg 1024w, https:\/\/projectes.xtec.cat\/ere\/wp-content\/uploads\/usu2534\/2025\/04\/ICSSL_PICTOVANO_1-300x212.jpg 300w, https:\/\/projectes.xtec.cat\/ere\/wp-content\/uploads\/usu2534\/2025\/04\/ICSSL_PICTOVANO_1-768x543.jpg 768w, https:\/\/projectes.xtec.cat\/ere\/wp-content\/uploads\/usu2534\/2025\/04\/ICSSL_PICTOVANO_1-1536x1087.jpg 1536w, https:\/\/projectes.xtec.cat\/ere\/wp-content\/uploads\/usu2534\/2025\/04\/ICSSL_PICTOVANO_1.jpg 1754w\" sizes=\"auto, (max-width: 555px) 100vw, 555px\" \/><\/a><\/p>\n<p><strong>FOTO PROJECTE\u00a0 3: CARTELLS &#8220;LA PREVENCI\u00d3 UN VALOR SEGUR&#8221;<\/strong><\/p>\n<p><a href=\"https:\/\/projectes.xtec.cat\/ere\/wp-content\/uploads\/usu2534\/2025\/05\/ICSSL_EASDLLOTJA_POLCABALLE_2.jpg\"><img loading=\"lazy\" decoding=\"async\" class=\"aligncenter wp-image-10794 size-large\" src=\"https:\/\/projectes.xtec.cat\/ere\/wp-content\/uploads\/usu2534\/2025\/05\/ICSSL_EASDLLOTJA_POLCABALLE_2-683x1024.jpg\" alt=\"\" width=\"683\" height=\"1024\" srcset=\"https:\/\/projectes.xtec.cat\/ere\/wp-content\/uploads\/usu2534\/2025\/05\/ICSSL_EASDLLOTJA_POLCABALLE_2-683x1024.jpg 683w, https:\/\/projectes.xtec.cat\/ere\/wp-content\/uploads\/usu2534\/2025\/05\/ICSSL_EASDLLOTJA_POLCABALLE_2-200x300.jpg 200w, https:\/\/projectes.xtec.cat\/ere\/wp-content\/uploads\/usu2534\/2025\/05\/ICSSL_EASDLLOTJA_POLCABALLE_2-768x1151.jpg 768w, https:\/\/projectes.xtec.cat\/ere\/wp-content\/uploads\/usu2534\/2025\/05\/ICSSL_EASDLLOTJA_POLCABALLE_2-1025x1536.jpg 1025w, https:\/\/projectes.xtec.cat\/ere\/wp-content\/uploads\/usu2534\/2025\/05\/ICSSL_EASDLLOTJA_POLCABALLE_2-1367x2048.jpg 1367w, https:\/\/projectes.xtec.cat\/ere\/wp-content\/uploads\/usu2534\/2025\/05\/ICSSL_EASDLLOTJA_POLCABALLE_2.jpg 1414w\" sizes=\"auto, (max-width: 683px) 100vw, 683px\" \/><\/a><\/p>\n<p>&nbsp;<\/p>\n<p><a href=\"https:\/\/projectes.xtec.cat\/ere\/wp-content\/uploads\/usu2534\/2025\/05\/ICSSL_EASDLLOTJA_POLCABALLE_3.jpg\"><img loading=\"lazy\" decoding=\"async\" class=\"aligncenter wp-image-10793 size-large\" src=\"https:\/\/projectes.xtec.cat\/ere\/wp-content\/uploads\/usu2534\/2025\/05\/ICSSL_EASDLLOTJA_POLCABALLE_3-683x1024.jpg\" alt=\"\" width=\"683\" height=\"1024\" srcset=\"https:\/\/projectes.xtec.cat\/ere\/wp-content\/uploads\/usu2534\/2025\/05\/ICSSL_EASDLLOTJA_POLCABALLE_3-683x1024.jpg 683w, https:\/\/projectes.xtec.cat\/ere\/wp-content\/uploads\/usu2534\/2025\/05\/ICSSL_EASDLLOTJA_POLCABALLE_3-200x300.jpg 200w, https:\/\/projectes.xtec.cat\/ere\/wp-content\/uploads\/usu2534\/2025\/05\/ICSSL_EASDLLOTJA_POLCABALLE_3-768x1152.jpg 768w, https:\/\/projectes.xtec.cat\/ere\/wp-content\/uploads\/usu2534\/2025\/05\/ICSSL_EASDLLOTJA_POLCABALLE_3-1024x1536.jpg 1024w, https:\/\/projectes.xtec.cat\/ere\/wp-content\/uploads\/usu2534\/2025\/05\/ICSSL_EASDLLOTJA_POLCABALLE_3-1365x2048.jpg 1365w, https:\/\/projectes.xtec.cat\/ere\/wp-content\/uploads\/usu2534\/2025\/05\/ICSSL_EASDLLOTJA_POLCABALLE_3.jpg 1416w\" sizes=\"auto, (max-width: 683px) 100vw, 683px\" \/><\/a><\/p>\n<p><a href=\"https:\/\/projectes.xtec.cat\/ere\/wp-content\/uploads\/usu2534\/2025\/05\/ICSSL_EASDLLOTJA_POLCABALLE.jpg\"><img loading=\"lazy\" decoding=\"async\" class=\"aligncenter wp-image-10792 size-large\" src=\"https:\/\/projectes.xtec.cat\/ere\/wp-content\/uploads\/usu2534\/2025\/05\/ICSSL_EASDLLOTJA_POLCABALLE-683x1024.jpg\" alt=\"\" width=\"683\" height=\"1024\" srcset=\"https:\/\/projectes.xtec.cat\/ere\/wp-content\/uploads\/usu2534\/2025\/05\/ICSSL_EASDLLOTJA_POLCABALLE-683x1024.jpg 683w, https:\/\/projectes.xtec.cat\/ere\/wp-content\/uploads\/usu2534\/2025\/05\/ICSSL_EASDLLOTJA_POLCABALLE-200x300.jpg 200w, https:\/\/projectes.xtec.cat\/ere\/wp-content\/uploads\/usu2534\/2025\/05\/ICSSL_EASDLLOTJA_POLCABALLE-768x1152.jpg 768w, https:\/\/projectes.xtec.cat\/ere\/wp-content\/uploads\/usu2534\/2025\/05\/ICSSL_EASDLLOTJA_POLCABALLE-1024x1536.jpg 1024w, https:\/\/projectes.xtec.cat\/ere\/wp-content\/uploads\/usu2534\/2025\/05\/ICSSL_EASDLLOTJA_POLCABALLE-1365x2048.jpg 1365w, https:\/\/projectes.xtec.cat\/ere\/wp-content\/uploads\/usu2534\/2025\/05\/ICSSL_EASDLLOTJA_POLCABALLE.jpg 1416w\" sizes=\"auto, (max-width: 683px) 100vw, 683px\" \/><\/a><\/p>\n<p>&nbsp;<\/p>\n<p>&nbsp;<\/p>\n<p>&nbsp;<\/p>\n<p>&nbsp;<\/p>\n<p>VIDEO PROJECTE 4: PRODUCTE MULTIM\u00c8DIA EN FORMA D&#8217;ESPOT<\/p>\n<p><iframe loading=\"lazy\" title=\"Talent Creatiu ICCSSL- Spot prevenci\u00f3 de riscos laborals\" width=\"500\" height=\"281\" src=\"https:\/\/www.youtube.com\/embed\/tonEtWEZats?feature=oembed\" frameborder=\"0\" allow=\"accelerometer; autoplay; clipboard-write; encrypted-media; gyroscope; picture-in-picture; web-share\" referrerpolicy=\"strict-origin-when-cross-origin\" allowfullscreen><\/iframe><\/p>\n","protected":false},"excerpt":{"rendered":"<p>PRIMER PROJECTE PROFESSIONAL<br \/>\nReconeixement\u00a0 Cartell Elena Juanola &#8220;28 d&#8217;abril&#8221;<br \/>\nPaula Perez \u2013 <a href=\"https:\/\/www.serraiabella.cat\/\" target=\"_blank\" rel=\"noopener\">EA Josep Serra i Abella\u00a0<\/a><br \/>\nProjecte:<br \/>\nCartell de prevenci\u00f3 de riscos laborals: &#8220;La prevenci\u00f3, un valor segur&#8221;, commemoratiu del 28 d\u2019abril, Dia Internacional de la Seguretat i Salut en el Treball.<br \/>\nArgumentaci\u00f3 de la comissi\u00f3:<br \/>\nPer&hellip;  <a href=\"https:\/\/projectes.xtec.cat\/ere\/icssl\/\" title=\"Read ICSSL\">Llegeix m\u00e9s\u00bb<\/a><\/p>\n","protected":false},"author":1,"featured_media":0,"parent":0,"menu_order":0,"comment_status":"closed","ping_status":"closed","template":"","meta":{"_bbp_topic_count":0,"_bbp_reply_count":0,"_bbp_total_topic_count":0,"_bbp_total_reply_count":0,"_bbp_voice_count":0,"_bbp_anonymous_reply_count":0,"_bbp_topic_count_hidden":0,"_bbp_reply_count_hidden":0,"_bbp_forum_subforum_count":0,"footnotes":""},"class_list":["post-10666","page","type-page","status-publish","hentry"],"post_mailing_queue_ids":[],"_links":{"self":[{"href":"https:\/\/projectes.xtec.cat\/ere\/wp-json\/wp\/v2\/pages\/10666","targetHints":{"allow":["GET"]}}],"collection":[{"href":"https:\/\/projectes.xtec.cat\/ere\/wp-json\/wp\/v2\/pages"}],"about":[{"href":"https:\/\/projectes.xtec.cat\/ere\/wp-json\/wp\/v2\/types\/page"}],"author":[{"embeddable":true,"href":"https:\/\/projectes.xtec.cat\/ere\/wp-json\/wp\/v2\/users\/1"}],"replies":[{"embeddable":true,"href":"https:\/\/projectes.xtec.cat\/ere\/wp-json\/wp\/v2\/comments?post=10666"}],"version-history":[{"count":6,"href":"https:\/\/projectes.xtec.cat\/ere\/wp-json\/wp\/v2\/pages\/10666\/revisions"}],"predecessor-version":[{"id":10802,"href":"https:\/\/projectes.xtec.cat\/ere\/wp-json\/wp\/v2\/pages\/10666\/revisions\/10802"}],"wp:attachment":[{"href":"https:\/\/projectes.xtec.cat\/ere\/wp-json\/wp\/v2\/media?parent=10666"}],"curies":[{"name":"wp","href":"https:\/\/api.w.org\/{rel}","templated":true}]}}