{"id":10669,"date":"2025-03-18T09:27:26","date_gmt":"2025-03-18T08:27:26","guid":{"rendered":"https:\/\/projectes.xtec.cat\/ere\/?page_id=10669"},"modified":"2025-03-21T08:36:35","modified_gmt":"2025-03-21T07:36:35","slug":"dmd-dret-a-morir-dignament","status":"publish","type":"page","link":"https:\/\/projectes.xtec.cat\/ere\/dmd-dret-a-morir-dignament\/","title":{"rendered":"DMD (DRET A MORIR DIGNAMENT)"},"content":{"rendered":"<p><strong>Reconeixement:\u00a0<\/strong><\/p>\n<p>&#8212;<\/p>\n<p><strong>Projecte:<\/strong><\/p>\n<p>Disseny d\u2019una campanya de xarxes i web per aconseguir noves col\u00b7laboracions amb Dret a Morir Dignament: m\u00e9s persones associades, m\u00e9s activistes, m\u00e9s donatius o m\u00e9s llegats.<\/p>\n<p><span data-teams=\"true\">\u00a0<\/span><strong>Argumentaci\u00f3 de la comissi\u00f3:<\/strong><\/p>\n<p>Volem fer const\u00e0ncia del treball realitzat. No obstant aix\u00f2, no hem acabat de trobar cap projecte que s&#8217;adequi a les especificacions que vol\u00edem per a l&#8217;enc\u00e0rrec professional.\u00a0 Ens sap greu, per\u00f2 creiem que donar un reconeixement contradiria l\u2019ess\u00e8ncia del programa.<\/p>\n<p>&nbsp;<\/p>\n","protected":false},"excerpt":{"rendered":"<p>Reconeixement:\u00a0<br \/>\n&#8212;<br \/>\nProjecte:<br \/>\nDisseny d\u2019una campanya de xarxes i web per aconseguir noves col\u00b7laboracions amb Dret a Morir Dignament: m\u00e9s persones associades, m\u00e9s activistes, m\u00e9s donatius o m\u00e9s llegats.<br \/>\n\u00a0Argumentaci\u00f3 de la comissi\u00f3:<br \/>\nVolem fer const\u00e0ncia del treball realitzat. No obstant aix\u00f2, no hem acabat de trobar cap projecte que&hellip;  <a href=\"https:\/\/projectes.xtec.cat\/ere\/dmd-dret-a-morir-dignament\/\" title=\"Read DMD (DRET A MORIR DIGNAMENT)\">Llegeix m\u00e9s\u00bb<\/a><\/p>\n","protected":false},"author":1,"featured_media":0,"parent":0,"menu_order":0,"comment_status":"closed","ping_status":"closed","template":"","meta":{"_bbp_topic_count":0,"_bbp_reply_count":0,"_bbp_total_topic_count":0,"_bbp_total_reply_count":0,"_bbp_voice_count":0,"_bbp_anonymous_reply_count":0,"_bbp_topic_count_hidden":0,"_bbp_reply_count_hidden":0,"_bbp_forum_subforum_count":0,"footnotes":""},"class_list":["post-10669","page","type-page","status-publish","hentry"],"post_mailing_queue_ids":[],"_links":{"self":[{"href":"https:\/\/projectes.xtec.cat\/ere\/wp-json\/wp\/v2\/pages\/10669","targetHints":{"allow":["GET"]}}],"collection":[{"href":"https:\/\/projectes.xtec.cat\/ere\/wp-json\/wp\/v2\/pages"}],"about":[{"href":"https:\/\/projectes.xtec.cat\/ere\/wp-json\/wp\/v2\/types\/page"}],"author":[{"embeddable":true,"href":"https:\/\/projectes.xtec.cat\/ere\/wp-json\/wp\/v2\/users\/1"}],"replies":[{"embeddable":true,"href":"https:\/\/projectes.xtec.cat\/ere\/wp-json\/wp\/v2\/comments?post=10669"}],"version-history":[{"count":6,"href":"https:\/\/projectes.xtec.cat\/ere\/wp-json\/wp\/v2\/pages\/10669\/revisions"}],"predecessor-version":[{"id":10702,"href":"https:\/\/projectes.xtec.cat\/ere\/wp-json\/wp\/v2\/pages\/10669\/revisions\/10702"}],"wp:attachment":[{"href":"https:\/\/projectes.xtec.cat\/ere\/wp-json\/wp\/v2\/media?parent=10669"}],"curies":[{"name":"wp","href":"https:\/\/api.w.org\/{rel}","templated":true}]}}