{"id":10804,"date":"2025-05-20T12:04:50","date_gmt":"2025-05-20T10:04:50","guid":{"rendered":"https:\/\/projectes.xtec.cat\/ere\/?page_id=10804"},"modified":"2025-05-20T12:04:50","modified_gmt":"2025-05-20T10:04:50","slug":"crec-coworking","status":"publish","type":"page","link":"https:\/\/projectes.xtec.cat\/ere\/crec-coworking\/","title":{"rendered":"CREC COWORKING"},"content":{"rendered":"<p><b>Reconeixement:<\/b><\/p>\n<p><i><span style=\"font-weight: 400;\">Alba Sol\u00e9 &#8211; LCI BARCELONA<\/span><\/i><\/p>\n<p><b>Projecte d&#8217;un espai de treball:<\/b><\/p>\n<p><span style=\"font-weight: 400;\">Chromatic Espai\u00a0. Un espai de treball on el color dimensiona i optimitza la feina<\/span><\/p>\n<p><b>Argumentaci\u00f3 de la comissi\u00f3: <\/b><span style=\"font-weight: 400;\">\u00a0<\/span><\/p>\n<p><span style=\"font-weight: 400;\">Chromatic Espai, compleix amb les condicions posades com a repte en aquestes jornades, d\u2019una manera creativa i resolutiva. A m\u00e9s ha estat capa\u00e7 de trobar un llenguatge de presentaci\u00f3 molt mes proper al mon real de treball que al marc estrictament educactiu<\/span><\/p>\n<p><span style=\"font-weight: 400;\">\u00a0<\/span><b>Menci\u00f3:\u00a0<\/b><\/p>\n<p><span style=\"font-weight: 400;\">A l\u2019escola LCI per trobar un model de treball dels projectes envers els alumnes molt personalitzat amb el criteri del \u201cclient\u201d, en aquest cas CREC Coworking<\/span><\/p>\n<p>&nbsp;<\/p>\n<p><strong>VIDEO ESPAI DE TREBALL:<\/strong><\/p>\n<p><iframe loading=\"lazy\" title=\"Talent Creatiu - Crec Coworkin- Espai Chromatic\" width=\"500\" height=\"281\" src=\"https:\/\/www.youtube.com\/embed\/vtdpx8Q5vs0?feature=oembed\" frameborder=\"0\" allow=\"accelerometer; autoplay; clipboard-write; encrypted-media; gyroscope; picture-in-picture; web-share\" referrerpolicy=\"strict-origin-when-cross-origin\" allowfullscreen><\/iframe><\/p>\n","protected":false},"excerpt":{"rendered":"<p>Reconeixement:<br \/>\nAlba Sol\u00e9 &#8211; LCI BARCELONA<br \/>\nProjecte d&#8217;un espai de treball:<br \/>\nChromatic Espai\u00a0. Un espai de treball on el color dimensiona i optimitza la feina<br \/>\nArgumentaci\u00f3 de la comissi\u00f3: \u00a0<br \/>\nChromatic Espai, compleix amb les condicions posades com a repte en aquestes jornades, d\u2019una manera creativa i resolutiva. A m\u00e9s&hellip;  <a href=\"https:\/\/projectes.xtec.cat\/ere\/crec-coworking\/\" title=\"Read CREC COWORKING\">Llegeix m\u00e9s\u00bb<\/a><\/p>\n","protected":false},"author":1,"featured_media":0,"parent":0,"menu_order":0,"comment_status":"closed","ping_status":"closed","template":"","meta":{"_bbp_topic_count":0,"_bbp_reply_count":0,"_bbp_total_topic_count":0,"_bbp_total_reply_count":0,"_bbp_voice_count":0,"_bbp_anonymous_reply_count":0,"_bbp_topic_count_hidden":0,"_bbp_reply_count_hidden":0,"_bbp_forum_subforum_count":0,"footnotes":""},"class_list":["post-10804","page","type-page","status-publish","hentry"],"post_mailing_queue_ids":[],"_links":{"self":[{"href":"https:\/\/projectes.xtec.cat\/ere\/wp-json\/wp\/v2\/pages\/10804","targetHints":{"allow":["GET"]}}],"collection":[{"href":"https:\/\/projectes.xtec.cat\/ere\/wp-json\/wp\/v2\/pages"}],"about":[{"href":"https:\/\/projectes.xtec.cat\/ere\/wp-json\/wp\/v2\/types\/page"}],"author":[{"embeddable":true,"href":"https:\/\/projectes.xtec.cat\/ere\/wp-json\/wp\/v2\/users\/1"}],"replies":[{"embeddable":true,"href":"https:\/\/projectes.xtec.cat\/ere\/wp-json\/wp\/v2\/comments?post=10804"}],"version-history":[{"count":1,"href":"https:\/\/projectes.xtec.cat\/ere\/wp-json\/wp\/v2\/pages\/10804\/revisions"}],"predecessor-version":[{"id":10805,"href":"https:\/\/projectes.xtec.cat\/ere\/wp-json\/wp\/v2\/pages\/10804\/revisions\/10805"}],"wp:attachment":[{"href":"https:\/\/projectes.xtec.cat\/ere\/wp-json\/wp\/v2\/media?parent=10804"}],"curies":[{"name":"wp","href":"https:\/\/api.w.org\/{rel}","templated":true}]}}

<p><b>Reconeixement:</b></p>
<p><i><span style="font-weight: 400;">Alba Solé &#8211; LCI BARCELONA</span></i></p>
<p><b>Projecte d&#8217;un espai de treball:</b></p>
<p><span style="font-weight: 400;">Chromatic Espai . Un espai de treball on el color dimensiona i optimitza la feina</span></p>
<p><b>Argumentació de la comissió: </b><span style="font-weight: 400;"> </span></p>
<p><span style="font-weight: 400;">Chromatic Espai, compleix amb les condicions posades com a repte en aquestes jornades, d’una manera creativa i resolutiva. A més ha estat capaç de trobar un llenguatge de presentació molt mes proper al mon real de treball que al marc estrictament educactiu</span></p>
<p><span style="font-weight: 400;"> </span><b>Menció: </b></p>
<p><span style="font-weight: 400;">A l’escola LCI per trobar un model de treball dels projectes envers els alumnes molt personalitzat amb el criteri del “client”, en aquest cas CREC Coworking</span></p>
<p>&nbsp;</p>
<p><strong>VIDEO ESPAI DE TREBALL:</strong></p>
<p><iframe loading="lazy" title="Talent Creatiu - Crec Coworkin- Espai Chromatic" width="500" height="281" src="https://www.youtube.com/embed/vtdpx8Q5vs0?feature=oembed" frameborder="0" allow="accelerometer; autoplay; clipboard-write; encrypted-media; gyroscope; picture-in-picture; web-share" referrerpolicy="strict-origin-when-cross-origin" allowfullscreen></iframe></p>

<p>Reconeixement:<br />
Alba Solé &#8211; LCI BARCELONA<br />
Projecte d&#8217;un espai de treball:<br />
Chromatic Espai . Un espai de treball on el color dimensiona i optimitza la feina<br />
Argumentació de la comissió:  <br />
Chromatic Espai, compleix amb les condicions posades com a repte en aquestes jornades, d’una manera creativa i resolutiva. A més&hellip;  <a href="https://projectes.xtec.cat/ere/crec-coworking/" title="Read CREC COWORKING">Llegeix més»</a></p>
