{"id":10841,"date":"2025-05-20T13:33:21","date_gmt":"2025-05-20T11:33:21","guid":{"rendered":"https:\/\/projectes.xtec.cat\/ere\/?page_id=10841"},"modified":"2025-05-21T12:25:03","modified_gmt":"2025-05-21T10:25:03","slug":"radio-canet-de-mar","status":"publish","type":"page","link":"https:\/\/projectes.xtec.cat\/ere\/radio-canet-de-mar\/","title":{"rendered":"R\u00c0DIO CANET DE MAR"},"content":{"rendered":"<p><span style=\"font-weight: 400;\">Aquest projecte compta, de moment, amb <\/span><b>6 mencions.<\/b><span style=\"font-weight: 400;\"> S\u00f3n els sis projectes triat per la Comissi\u00f3. D\u2019aqu\u00ed a pocs dies la proposta final, que rebr\u00e0 el reconeixement, ser\u00e0 el resultat d&#8217;una consulta popular al municipi de Canet Mar per tal que el logo final sigui rebut com una proposta fruit del consens popular i participatiu.<\/span><\/p>\n<p><em><b>PROJECTE<\/b><\/em><\/p>\n<p><span style=\"font-weight: 400;\">Dissenyar el nou logotip i la imatge corporativa de R\u00e0dio Canet en motiu del seu 45\u00e8 aniversari\u00a0<\/span><\/p>\n<p><strong><em>RECONEIXEMENT<\/em><\/strong><\/p>\n<p><span style=\"font-weight: 400;\">Rosi Jim\u00e9nez Hern\u00e1ndez &#8211; <a href=\"https:\/\/groc.cat\/\" target=\"_blank\" rel=\"noopener\">Escola Groc<\/a><\/span><\/p>\n<p><span style=\"font-weight: 400;\"><b>Argumentaci\u00f3 de la comissi\u00f3:\u00a0<\/b><\/span><\/p>\n<p><span style=\"font-weight: 400;\">Aquesta proposta destaca per la seva solidesa visual: les lletres de \u201cR\u00c0DIO CANET\u201d ja actuen com un logotip per si soles, sense necessitat de recursos gr\u00e0fics afegits. \u00c9s una proposta fina, elegant i molt vers\u00e0til, que pot aplicar-se tant en dues tintes com en una sola, amb resultats excel\u00b7lents. Transmet una identitat clara, professional i amb car\u00e0cter, capa\u00e7 de representar l\u2019emissora amb autoritat i estil.\u00a0\u00a0<\/span><\/p>\n<p><b>Menci\u00f3 1:<\/b><\/p>\n<p><span style=\"font-weight: 400;\">Alberto Cand\u00f3n, Alex De Haro, Luc\u00eda S\u00e1nchez \u2013 <a href=\"https:\/\/paugargallo.cat\/\" target=\"_blank\" rel=\"noopener\">EA Pau Gargallo<\/a><\/span><\/p>\n<p><b>Argumentaci\u00f3 de la comissi\u00f3:\u00a0<\/b><\/p>\n<p><span style=\"font-weight: 400;\">Aquesta proposta destaca per la seva claredat tipogr\u00e0fica i per una gamma crom\u00e0tica s\u00f2bria i institucional. Per\u00f2 all\u00f2 que realment la fa especial \u00e9s la cresta gr\u00e0fica, que es pot llegir tant com a refer\u00e8ncia a l\u2019origen radiof\u00f2nic de l\u2019emissora com com a flames, una met\u00e0fora visual que transmet energia, acci\u00f3 constant i vitalitat. El gruix equilibrat de les lletres, juntament amb la seva senzillesa i bona aplicabilitat en diferents formats, fan d\u2019aquest disseny una aposta molt funcional i amb for\u00e7a.<\/span><\/p>\n<p><b>Menci\u00f3 2:<\/b><\/p>\n<p><span style=\"font-weight: 400;\">Maria Hereza, Amaia Eslava, Alda D\u00edaz, Cristian Marranzini \u2013 <a href=\"https:\/\/paugargallo.cat\/\" target=\"_blank\" rel=\"noopener\">EA Pau Gargallo<\/a><\/span><\/p>\n<p><b>Argumentaci\u00f3 de la comissi\u00f3:\u00a0<\/b><\/p>\n<p><span style=\"font-weight: 400;\">\u00a0<\/span><span style=\"font-weight: 400;\">El que m\u00e9s ens ha captivat d\u2019aquesta proposta \u00e9s com les lletres es fonen amb una bafarada \u2014un recurs gr\u00e0fic que simbolitza la veu, l\u2019opini\u00f3, la conversa\u2014 i que esdev\u00e9 un element representatiu de l\u2019ess\u00e8ncia de R\u00e0dio Canet: un espai obert a la paraula i a la participaci\u00f3 de tothom. El disseny t\u00e9 una personalitat molt marcada, amb una gran adaptabilitat a suports digitals, especialment en xarxes socials, i ofereix una est\u00e8tica moderna, potent i connectada amb les noves formes de comunicaci\u00f3.<\/span><\/p>\n<p><b>Menci\u00f3 3:<\/b><\/p>\n<p><span style=\"font-weight: 400;\">Vlada Golloeva &#8211; <a href=\"https:\/\/escolaillaartidisseny.sabadell.cat\/\" target=\"_blank\" rel=\"noopener\">EA ILLA<\/a><\/span><\/p>\n<p><span style=\"font-weight: 400;\"><b>Argumentaci\u00f3 de la comissi\u00f3:\u00a0<\/b> <\/span><\/p>\n<p><span style=\"font-weight: 400;\">\u00a0<\/span><span style=\"font-weight: 400;\">Aquesta proposta ens parla directament del que \u00e9s la r\u00e0dio en estat pur: un mitj\u00e0 que es transmet a trav\u00e9s d\u2019ones, i que arriba a totes les cases amb senzillesa i intenci\u00f3. L\u2019estil \u00e9s molt net, minimalista i adaptatiu, per\u00f2 alhora amb un toc art\u00edstic que li d\u00f3na identitat. \u00c9s una proposta molt atractiva, conceptualment clara i gr\u00e0ficament refinada, que sap comunicar sense paraules, nom\u00e9s amb formes i ritmes visuals.<\/span><\/p>\n<p><b>Menci\u00f3 4:<\/b><\/p>\n<p><span style=\"font-weight: 400;\">Maria Recio Iglesias- <a href=\"https:\/\/escolaillaartidisseny.sabadell.cat\/\" target=\"_blank\" rel=\"noopener\">EA ILLA.<\/a><\/span><\/p>\n<p><span style=\"font-weight: 400;\"><b>Argumentaci\u00f3 de la comissi\u00f3:\u00a0<\/b><\/span><\/p>\n<p><span style=\"font-weight: 400;\">\u00a0<\/span><span style=\"font-weight: 400;\">Aquest disseny transmet frescor i proximitat des del primer moment. T\u00e9 una est\u00e8tica amable i reconeixible que el fa f\u00e0cilment memorable. Un dels detalls m\u00e9s encertats \u00e9s la incorporaci\u00f3 de les ones dins de la \u201cC\u201d de \u201cCanet\u201d, que posa el municipi al centre del relat visual. \u00c9s un logotip que juga amb codis gr\u00e0fics senzills per\u00f2 molt ben resolts, i que aconsegueix una imatge molt atractiva, propera i efectiva.<\/span><\/p>\n<p>&nbsp;<\/p>\n<p><b>Menci\u00f3 5:<\/b><\/p>\n<p><span style=\"font-weight: 400;\">Roger Galbarro Aloy &#8211; <a href=\"https:\/\/groc.cat\/\" target=\"_blank\" rel=\"noopener\">Escola Groc.<\/a><\/span><\/p>\n<p><span style=\"font-weight: 400;\"><b>Argumentaci\u00f3 de la comissi\u00f3:\u00a0<\/b><\/span><\/p>\n<p><span style=\"font-weight: 400;\">Aquesta proposta ens ha agradat per la seva originalitat i pel car\u00e0cter contemporani que transmet. T\u00e9 un disseny robust i amb un aire esportiu que li dona molta personalitat i dinamisme. \u00c9s una proposta que aposta per un format visual modern, amb una composici\u00f3 que impacta a primera vista i que pot funcionar molt b\u00e9 en contextos juvenils o informals, mantenint sempre la professionalitat.<\/span><\/p>\n<p>&nbsp;<\/p>\n<p><strong>FOTOS PROJECTE:<\/strong><\/p>\n<p>&nbsp;<\/p>\n<p><a href=\"https:\/\/projectes.xtec.cat\/ere\/wp-content\/uploads\/usu2534\/2025\/05\/RADIOCANET_GROC_RossyJimenez.jpg\"><img loading=\"lazy\" decoding=\"async\" class=\"aligncenter wp-image-10849 size-large\" src=\"https:\/\/projectes.xtec.cat\/ere\/wp-content\/uploads\/usu2534\/2025\/05\/RADIOCANET_GROC_RossyJimenez-1024x724.jpg\" alt=\"\" width=\"1024\" height=\"724\" srcset=\"https:\/\/projectes.xtec.cat\/ere\/wp-content\/uploads\/usu2534\/2025\/05\/RADIOCANET_GROC_RossyJimenez-1024x724.jpg 1024w, https:\/\/projectes.xtec.cat\/ere\/wp-content\/uploads\/usu2534\/2025\/05\/RADIOCANET_GROC_RossyJimenez-300x212.jpg 300w, https:\/\/projectes.xtec.cat\/ere\/wp-content\/uploads\/usu2534\/2025\/05\/RADIOCANET_GROC_RossyJimenez-768x543.jpg 768w, https:\/\/projectes.xtec.cat\/ere\/wp-content\/uploads\/usu2534\/2025\/05\/RADIOCANET_GROC_RossyJimenez.jpg 1170w\" sizes=\"auto, (max-width: 1024px) 100vw, 1024px\" \/><\/a><\/p>\n<p><a href=\"https:\/\/projectes.xtec.cat\/ere\/wp-content\/uploads\/usu2534\/2025\/05\/Radio-canet2.jpg\"><img loading=\"lazy\" decoding=\"async\" class=\"aligncenter wp-image-10868 size-large\" src=\"https:\/\/projectes.xtec.cat\/ere\/wp-content\/uploads\/usu2534\/2025\/05\/Radio-canet2-1024x696.jpg\" alt=\"\" width=\"1024\" height=\"696\" srcset=\"https:\/\/projectes.xtec.cat\/ere\/wp-content\/uploads\/usu2534\/2025\/05\/Radio-canet2-1024x696.jpg 1024w, https:\/\/projectes.xtec.cat\/ere\/wp-content\/uploads\/usu2534\/2025\/05\/Radio-canet2-300x204.jpg 300w, https:\/\/projectes.xtec.cat\/ere\/wp-content\/uploads\/usu2534\/2025\/05\/Radio-canet2-768x522.jpg 768w, https:\/\/projectes.xtec.cat\/ere\/wp-content\/uploads\/usu2534\/2025\/05\/Radio-canet2.jpg 1113w\" sizes=\"auto, (max-width: 1024px) 100vw, 1024px\" \/><\/a><\/p>\n","protected":false},"excerpt":{"rendered":"<p>Aquest projecte compta, de moment, amb 6 mencions. S\u00f3n els sis projectes triat per la Comissi\u00f3. D\u2019aqu\u00ed a pocs dies la proposta final, que rebr\u00e0 el reconeixement, ser\u00e0 el resultat d&#8217;una consulta popular al municipi de Canet Mar per tal que el logo final sigui&hellip;  <a href=\"https:\/\/projectes.xtec.cat\/ere\/radio-canet-de-mar\/\" title=\"Read R\u00c0DIO CANET DE MAR\">Llegeix m\u00e9s\u00bb<\/a><\/p>\n","protected":false},"author":1,"featured_media":0,"parent":0,"menu_order":0,"comment_status":"closed","ping_status":"closed","template":"","meta":{"_bbp_topic_count":0,"_bbp_reply_count":0,"_bbp_total_topic_count":0,"_bbp_total_reply_count":0,"_bbp_voice_count":0,"_bbp_anonymous_reply_count":0,"_bbp_topic_count_hidden":0,"_bbp_reply_count_hidden":0,"_bbp_forum_subforum_count":0,"footnotes":""},"class_list":["post-10841","page","type-page","status-publish","hentry"],"post_mailing_queue_ids":[],"_links":{"self":[{"href":"https:\/\/projectes.xtec.cat\/ere\/wp-json\/wp\/v2\/pages\/10841","targetHints":{"allow":["GET"]}}],"collection":[{"href":"https:\/\/projectes.xtec.cat\/ere\/wp-json\/wp\/v2\/pages"}],"about":[{"href":"https:\/\/projectes.xtec.cat\/ere\/wp-json\/wp\/v2\/types\/page"}],"author":[{"embeddable":true,"href":"https:\/\/projectes.xtec.cat\/ere\/wp-json\/wp\/v2\/users\/1"}],"replies":[{"embeddable":true,"href":"https:\/\/projectes.xtec.cat\/ere\/wp-json\/wp\/v2\/comments?post=10841"}],"version-history":[{"count":4,"href":"https:\/\/projectes.xtec.cat\/ere\/wp-json\/wp\/v2\/pages\/10841\/revisions"}],"predecessor-version":[{"id":10871,"href":"https:\/\/projectes.xtec.cat\/ere\/wp-json\/wp\/v2\/pages\/10841\/revisions\/10871"}],"wp:attachment":[{"href":"https:\/\/projectes.xtec.cat\/ere\/wp-json\/wp\/v2\/media?parent=10841"}],"curies":[{"name":"wp","href":"https:\/\/api.w.org\/{rel}","templated":true}]}}

RÀDIO CANET DE MAR

<p><span style="font-weight: 400;">Aquest projecte compta, de moment, amb </span><b>6 mencions.</b><span style="font-weight: 400;"> Són els sis projectes triat per la Comissió. D’aquí a pocs dies la proposta final, que rebrà el reconeixement, serà el resultat d&#8217;una consulta popular al municipi de Canet Mar per tal que el logo final sigui rebut com una proposta fruit del consens popular i participatiu.</span></p>
<p><em><b>PROJECTE</b></em></p>
<p><span style="font-weight: 400;">Dissenyar el nou logotip i la imatge corporativa de Ràdio Canet en motiu del seu 45è aniversari </span></p>
<p><strong><em>RECONEIXEMENT</em></strong></p>
<p><span style="font-weight: 400;">Rosi Jiménez Hernández &#8211; <a href="https://groc.cat/" target="_blank" rel="noopener">Escola Groc</a></span></p>
<p><span style="font-weight: 400;"><b>Argumentació de la comissió: </b></span></p>
<p><span style="font-weight: 400;">Aquesta proposta destaca per la seva solidesa visual: les lletres de “RÀDIO CANET” ja actuen com un logotip per si soles, sense necessitat de recursos gràfics afegits. És una proposta fina, elegant i molt versàtil, que pot aplicar-se tant en dues tintes com en una sola, amb resultats excel·lents. Transmet una identitat clara, professional i amb caràcter, capaç de representar l’emissora amb autoritat i estil.  </span></p>
<p><b>Menció 1:</b></p>
<p><span style="font-weight: 400;">Alberto Candón, Alex De Haro, Lucía Sánchez – <a href="https://paugargallo.cat/" target="_blank" rel="noopener">EA Pau Gargallo</a></span></p>
<p><b>Argumentació de la comissió: </b></p>
<p><span style="font-weight: 400;">Aquesta proposta destaca per la seva claredat tipogràfica i per una gamma cromàtica sòbria i institucional. Però allò que realment la fa especial és la cresta gràfica, que es pot llegir tant com a referència a l’origen radiofònic de l’emissora com com a flames, una metàfora visual que transmet energia, acció constant i vitalitat. El gruix equilibrat de les lletres, juntament amb la seva senzillesa i bona aplicabilitat en diferents formats, fan d’aquest disseny una aposta molt funcional i amb força.</span></p>
<p><b>Menció 2:</b></p>
<p><span style="font-weight: 400;">Maria Hereza, Amaia Eslava, Alda Díaz, Cristian Marranzini – <a href="https://paugargallo.cat/" target="_blank" rel="noopener">EA Pau Gargallo</a></span></p>
<p><b>Argumentació de la comissió: </b></p>
<p><span style="font-weight: 400;"> </span><span style="font-weight: 400;">El que més ens ha captivat d’aquesta proposta és com les lletres es fonen amb una bafarada —un recurs gràfic que simbolitza la veu, l’opinió, la conversa— i que esdevé un element representatiu de l’essència de Ràdio Canet: un espai obert a la paraula i a la participació de tothom. El disseny té una personalitat molt marcada, amb una gran adaptabilitat a suports digitals, especialment en xarxes socials, i ofereix una estètica moderna, potent i connectada amb les noves formes de comunicació.</span></p>
<p><b>Menció 3:</b></p>
<p><span style="font-weight: 400;">Vlada Golloeva &#8211; <a href="https://escolaillaartidisseny.sabadell.cat/" target="_blank" rel="noopener">EA ILLA</a></span></p>
<p><span style="font-weight: 400;"><b>Argumentació de la comissió: </b> </span></p>
<p><span style="font-weight: 400;"> </span><span style="font-weight: 400;">Aquesta proposta ens parla directament del que és la ràdio en estat pur: un mitjà que es transmet a través d’ones, i que arriba a totes les cases amb senzillesa i intenció. L’estil és molt net, minimalista i adaptatiu, però alhora amb un toc artístic que li dóna identitat. És una proposta molt atractiva, conceptualment clara i gràficament refinada, que sap comunicar sense paraules, només amb formes i ritmes visuals.</span></p>
<p><b>Menció 4:</b></p>
<p><span style="font-weight: 400;">Maria Recio Iglesias- <a href="https://escolaillaartidisseny.sabadell.cat/" target="_blank" rel="noopener">EA ILLA.</a></span></p>
<p><span style="font-weight: 400;"><b>Argumentació de la comissió: </b></span></p>
<p><span style="font-weight: 400;"> </span><span style="font-weight: 400;">Aquest disseny transmet frescor i proximitat des del primer moment. Té una estètica amable i reconeixible que el fa fàcilment memorable. Un dels detalls més encertats és la incorporació de les ones dins de la “C” de “Canet”, que posa el municipi al centre del relat visual. És un logotip que juga amb codis gràfics senzills però molt ben resolts, i que aconsegueix una imatge molt atractiva, propera i efectiva.</span></p>
<p>&nbsp;</p>
<p><b>Menció 5:</b></p>
<p><span style="font-weight: 400;">Roger Galbarro Aloy &#8211; <a href="https://groc.cat/" target="_blank" rel="noopener">Escola Groc.</a></span></p>
<p><span style="font-weight: 400;"><b>Argumentació de la comissió: </b></span></p>
<p><span style="font-weight: 400;">Aquesta proposta ens ha agradat per la seva originalitat i pel caràcter contemporani que transmet. Té un disseny robust i amb un aire esportiu que li dona molta personalitat i dinamisme. És una proposta que aposta per un format visual modern, amb una composició que impacta a primera vista i que pot funcionar molt bé en contextos juvenils o informals, mantenint sempre la professionalitat.</span></p>
<p>&nbsp;</p>
<p><strong>FOTOS PROJECTE:</strong></p>
<p>&nbsp;</p>
<p><a href="https://projectes.xtec.cat/ere/wp-content/uploads/usu2534/2025/05/RADIOCANET_GROC_RossyJimenez.jpg"><img loading="lazy" decoding="async" class="aligncenter wp-image-10849 size-large" src="https://projectes.xtec.cat/ere/wp-content/uploads/usu2534/2025/05/RADIOCANET_GROC_RossyJimenez-1024x724.jpg" alt="" width="1024" height="724" srcset="https://projectes.xtec.cat/ere/wp-content/uploads/usu2534/2025/05/RADIOCANET_GROC_RossyJimenez-1024x724.jpg 1024w, https://projectes.xtec.cat/ere/wp-content/uploads/usu2534/2025/05/RADIOCANET_GROC_RossyJimenez-300x212.jpg 300w, https://projectes.xtec.cat/ere/wp-content/uploads/usu2534/2025/05/RADIOCANET_GROC_RossyJimenez-768x543.jpg 768w, https://projectes.xtec.cat/ere/wp-content/uploads/usu2534/2025/05/RADIOCANET_GROC_RossyJimenez.jpg 1170w" sizes="auto, (max-width: 1024px) 100vw, 1024px" /></a></p>
<p><a href="https://projectes.xtec.cat/ere/wp-content/uploads/usu2534/2025/05/Radio-canet2.jpg"><img loading="lazy" decoding="async" class="aligncenter wp-image-10868 size-large" src="https://projectes.xtec.cat/ere/wp-content/uploads/usu2534/2025/05/Radio-canet2-1024x696.jpg" alt="" width="1024" height="696" srcset="https://projectes.xtec.cat/ere/wp-content/uploads/usu2534/2025/05/Radio-canet2-1024x696.jpg 1024w, https://projectes.xtec.cat/ere/wp-content/uploads/usu2534/2025/05/Radio-canet2-300x204.jpg 300w, https://projectes.xtec.cat/ere/wp-content/uploads/usu2534/2025/05/Radio-canet2-768x522.jpg 768w, https://projectes.xtec.cat/ere/wp-content/uploads/usu2534/2025/05/Radio-canet2.jpg 1113w" sizes="auto, (max-width: 1024px) 100vw, 1024px" /></a></p>

<p>Aquest projecte compta, de moment, amb 6 mencions. Són els sis projectes triat per la Comissió. D’aquí a pocs dies la proposta final, que rebrà el reconeixement, serà el resultat d&#8217;una consulta popular al municipi de Canet Mar per tal que el logo final sigui&hellip;  <a href="https://projectes.xtec.cat/ere/radio-canet-de-mar/" title="Read RÀDIO CANET DE MAR">Llegeix més»</a></p>
