{"id":8377,"date":"2021-08-16T10:40:25","date_gmt":"2021-08-16T08:40:25","guid":{"rendered":"https:\/\/projectes.xtec.cat\/ere\/?page_id=8377"},"modified":"2024-06-18T11:27:20","modified_gmt":"2024-06-18T09:27:20","slug":"trobades-de-corals","status":"publish","type":"page","link":"https:\/\/projectes.xtec.cat\/ere\/trobades-de-corals\/","title":{"rendered":"Trobades de corals"},"content":{"rendered":"<p><a href=\"http:\/\/xtec.gencat.cat\/ca\/curriculum\/professionals\/artistics\/musica\/corals\/\" target=\"_blank\" rel=\"noopener\">Informaci\u00f3 XTEC<\/a><\/p>\n<p><a href=\"https:\/\/odissea.xtec.cat\/course\/view.php?id=92132\" target=\"_blank\" rel=\"noopener\">Entorn de coordinaci\u00f3 (Odissea)<\/a><\/p>\n<table style=\"border-collapse: collapse; width: 43.4111%; height: 38px;\">\n<tbody>\n<tr style=\"height: 34px;\">\n<td style=\"width: 100%; height: 10px;\"><strong>CorArts 2024: v\u00eddeos dels concerts<\/strong><\/td>\n<\/tr>\n<tr style=\"height: 32px;\">\n<td style=\"width: 100%; height: 28px;\"><a href=\"https:\/\/youtu.be\/AZgbhKCy8NI?si=0JBiRbY2Nv-A7wjH\" target=\"_blank\" rel=\"noopener\">Concert Manresa<\/a><\/td>\n<\/tr>\n<\/tbody>\n<\/table>\n<table style=\"border-collapse: collapse; width: 43.4111%; height: 169px;\">\n<tbody>\n<tr style=\"height: 34px;\">\n<td style=\"width: 100%; height: 34px;\"><strong>CorArts 2021: v\u00eddeos dels concerts<\/strong><\/td>\n<\/tr>\n<tr style=\"height: 32px;\">\n<td style=\"width: 100%; height: 32px;\"><a href=\"https:\/\/drive.google.com\/file\/d\/1bYsj2aK3pO-05H0htnl4Nfjsj0YuCsq7\/view?usp=sharing\" target=\"_blank\" rel=\"noopener\" data-saferedirecturl=\"https:\/\/www.google.com\/url?q=https:\/\/drive.google.com\/file\/d\/1bYsj2aK3pO-05H0htnl4Nfjsj0YuCsq7\/view?usp%3Dsharing&amp;source=gmail&amp;ust=1629265157085000&amp;usg=AFQjCNGezL6p3s13Y412RV8oWQqC_OUfsg\">Concert ST Tarragona<\/a><\/td>\n<\/tr>\n<tr style=\"height: 34px;\">\n<td style=\"width: 100%; height: 34px;\"><a href=\"https:\/\/drive.google.com\/file\/d\/1YFaLiZypv48DThXE7idha5wiPPcz7JGB\/view?usp=sharing\" target=\"_blank\" rel=\"noopener\" data-saferedirecturl=\"https:\/\/www.google.com\/url?q=https:\/\/drive.google.com\/file\/d\/1YFaLiZypv48DThXE7idha5wiPPcz7JGB\/view?usp%3Dsharing&amp;source=gmail&amp;ust=1629265157085000&amp;usg=AFQjCNEbnYB9CBeMAu5LHsT9AweN_naVeg\">Concert Maresme-Vall\u00e8s Oriental<\/a><\/td>\n<\/tr>\n<tr style=\"height: 34px;\">\n<td style=\"width: 100%; height: 34px;\"><a href=\"https:\/\/drive.google.com\/file\/d\/15DAXbKcjqCzdgo_dqqV3gSD9xJ69WXyc\/view?usp=sharing\" target=\"_blank\" rel=\"noopener\" data-saferedirecturl=\"https:\/\/www.google.com\/url?q=https:\/\/drive.google.com\/file\/d\/15DAXbKcjqCzdgo_dqqV3gSD9xJ69WXyc\/view?usp%3Dsharing&amp;source=gmail&amp;ust=1629265157085000&amp;usg=AFQjCNGZYs43Ssa0urMiL7QP4MXLQtRPjA\">Concert ST Terres de l&#8217;Ebre, Baix Llobregat i Vall\u00e8s Occidental<\/a><\/td>\n<\/tr>\n<tr style=\"height: 35px;\">\n<td style=\"width: 100%; height: 35px;\"><a href=\"https:\/\/drive.google.com\/file\/d\/15NhGT-o_zwSzA0lswVG-ZNWKYLTSz2rK\/view?usp=sharing\" target=\"_blank\" rel=\"noopener\" data-saferedirecturl=\"https:\/\/www.google.com\/url?q=https:\/\/drive.google.com\/file\/d\/15NhGT-o_zwSzA0lswVG-ZNWKYLTSz2rK\/view?usp%3Dsharing&amp;source=gmail&amp;ust=1629265157085000&amp;usg=AFQjCNFtwtddxi9Cf4mDp5f7GPIbPH_pZw\">Concert ST Lleida, Consorci d&#8217;Educaci\u00f3 de Barcelona, ST Barcelona comarques i ST Catalunya central<\/a><\/td>\n<\/tr>\n<\/tbody>\n<\/table>\n<table style=\"border-collapse: collapse; width: 64.3606%; height: 256px;\">\n<tbody>\n<tr style=\"height: 32px;\">\n<td style=\"width: 100%; height: 32px;\"><strong>XVIII Trobada de corals d&#8217;Educaci\u00f3 Infantil i Prim\u00e0ria: v\u00eddeos dels concerts<\/strong><\/td>\n<\/tr>\n<tr style=\"height: 32px;\">\n<td style=\"width: 100%; height: 32px;\">Concerts ST de Girona: <a href=\"https:\/\/drive.google.com\/file\/d\/1kqIkCMLF7yLDX6m-J69dlpfsek809YRS\/view\" target=\"_blank\" rel=\"noopener\">20\/4\/21<\/a>, <a href=\"https:\/\/drive.google.com\/file\/d\/1FmLMNoESPEasLhdon3Sqg5cS474EZkkt\/view\" target=\"_blank\" rel=\"noopener\">22\/4\/21<\/a> i <a href=\"https:\/\/eur03.safelinks.protection.outlook.com\/?url=https%3A%2F%2Fdrive.google.com%2Ffile%2Fd%2F1t95noQg0HJkoPVfo2MWi-KDjRtIAoOJm%2Fview%3Fusp%3Dsharing&amp;data=04%7C01%7Cmerce.plana%40gencat.cat%7C9585993c60714dc8770208d987cbaeef%7C3b9427dcd30e43bc8c06ff7253676fec%7C1%7C0%7C637690131147057383%7CUnknown%7CTWFpbGZsb3d8eyJWIjoiMC4wLjAwMDAiLCJQIjoiV2luMzIiLCJBTiI6Ik1haWwiLCJXVCI6Mn0%3D%7C1000&amp;sdata=T2ZYv8CmfHhdtmoQmkgS4%2FpnzF6bN45w5Ie%2BU0T9Fec%3D&amp;reserved=0\" target=\"_blank\" rel=\"noopener\">27\/5\/21<\/a><\/td>\n<\/tr>\n<tr style=\"height: 32px;\">\n<td style=\"width: 100%; height: 32px;\"><a href=\"https:\/\/youtu.be\/SmjTbKUt6I4\" target=\"_blank\" rel=\"noopener\">Concert del ST de Terres de l\u2019Ebre, ST Maresme-Vall\u00e8s Oriental, ST de Barcelona comarques, Consorci d&#8217;Educaci\u00f3 de Barcelona i ST del Baix Llobregat 29\/4\/21<\/a><\/td>\n<\/tr>\n<tr style=\"height: 32px;\">\n<td style=\"width: 100%; height: 32px;\"><a href=\"https:\/\/drive.google.com\/open?id=1OFCx9hd4KVw1O_BT6ZcigtlgwuJ_2Hj0&amp;authuser=mplana16%40xtec.cat&amp;usp=drive_fs\" target=\"_blank\" rel=\"noopener\">Concert ST de Tarragona 7\/5\/21<\/a><\/td>\n<\/tr>\n<tr style=\"height: 32px;\">\n<td style=\"width: 100%; height: 32px;\"><a href=\"https:\/\/drive.google.com\/file\/d\/1XSTjxGsUsr-zmQk76MCDOVSQImwAmfpK\/view?usp=sharing\" target=\"_blank\" rel=\"noopener\">Concert ST a la Catalunya central 12\/5\/21<\/a><\/td>\n<\/tr>\n<tr style=\"height: 32px;\">\n<td style=\"width: 100%; height: 32px;\"><a href=\"https:\/\/drive.google.com\/open?id=15ZByfbgBOqDDlfLCSqBidTrwwtHF_UAF&amp;authuser=mplana16%40xtec.cat&amp;usp=drive_fs\" target=\"_blank\" rel=\"noopener\">Lleida 13\/5\/21<\/a><\/td>\n<\/tr>\n<\/tbody>\n<\/table>\n","protected":false},"excerpt":{"rendered":"<p><a href=\"http:\/\/xtec.gencat.cat\/ca\/curriculum\/professionals\/artistics\/musica\/corals\/\" target=\"_blank\" rel=\"noopener\">Informaci\u00f3 XTEC<\/a><br \/>\n<a href=\"https:\/\/odissea.xtec.cat\/course\/view.php?id=92132\" target=\"_blank\" rel=\"noopener\">Entorn de coordinaci\u00f3 (Odissea)<\/a><\/p>\n<p>CorArts 2024: v\u00eddeos dels concerts<\/p>\n<p><a href=\"https:\/\/youtu.be\/AZgbhKCy8NI?si=0JBiRbY2Nv-A7wjH\" target=\"_blank\" rel=\"noopener\">Concert Manresa<\/a><\/p>\n<p>CorArts 2021: v\u00eddeos dels concerts<\/p>\n<p><a href=\"https:\/\/drive.google.com\/file\/d\/1bYsj2aK3pO-05H0htnl4Nfjsj0YuCsq7\/view?usp=sharing\" target=\"_blank\" rel=\"noopener\" data-saferedirecturl=\"https:\/\/www.google.com\/url?q=https:\/\/drive.google.com\/file\/d\/1bYsj2aK3pO-05H0htnl4Nfjsj0YuCsq7\/view?usp%3Dsharing&amp;source=gmail&amp;ust=1629265157085000&amp;usg=AFQjCNGezL6p3s13Y412RV8oWQqC_OUfsg\">Concert ST Tarragona<\/a><\/p>\n<p><a href=\"https:\/\/drive.google.com\/file\/d\/1YFaLiZypv48DThXE7idha5wiPPcz7JGB\/view?usp=sharing\" target=\"_blank\" rel=\"noopener\" data-saferedirecturl=\"https:\/\/www.google.com\/url?q=https:\/\/drive.google.com\/file\/d\/1YFaLiZypv48DThXE7idha5wiPPcz7JGB\/view?usp%3Dsharing&amp;source=gmail&amp;ust=1629265157085000&amp;usg=AFQjCNEbnYB9CBeMAu5LHsT9AweN_naVeg\">Concert Maresme-Vall\u00e8s Oriental<\/a><\/p>\n<p><a href=\"https:\/\/drive.google.com\/file\/d\/15DAXbKcjqCzdgo_dqqV3gSD9xJ69WXyc\/view?usp=sharing\" target=\"_blank\" rel=\"noopener\" data-saferedirecturl=\"https:\/\/www.google.com\/url?q=https:\/\/drive.google.com\/file\/d\/15DAXbKcjqCzdgo_dqqV3gSD9xJ69WXyc\/view?usp%3Dsharing&amp;source=gmail&amp;ust=1629265157085000&amp;usg=AFQjCNGZYs43Ssa0urMiL7QP4MXLQtRPjA\">Concert ST Terres de l&#8217;Ebre, Baix Llobregat&hellip;  <a href=\"https:\/\/projectes.xtec.cat\/ere\/trobades-de-corals\/\" title=\"Read Trobades de corals\">Llegeix m\u00e9s\u00bb<\/a><\/p>\n","protected":false},"author":1,"featured_media":0,"parent":0,"menu_order":0,"comment_status":"closed","ping_status":"closed","template":"","meta":{"_bbp_topic_count":0,"_bbp_reply_count":0,"_bbp_total_topic_count":0,"_bbp_total_reply_count":0,"_bbp_voice_count":0,"_bbp_anonymous_reply_count":0,"_bbp_topic_count_hidden":0,"_bbp_reply_count_hidden":0,"_bbp_forum_subforum_count":0,"footnotes":""},"class_list":["post-8377","page","type-page","status-publish","hentry"],"post_mailing_queue_ids":[],"_links":{"self":[{"href":"https:\/\/projectes.xtec.cat\/ere\/wp-json\/wp\/v2\/pages\/8377","targetHints":{"allow":["GET"]}}],"collection":[{"href":"https:\/\/projectes.xtec.cat\/ere\/wp-json\/wp\/v2\/pages"}],"about":[{"href":"https:\/\/projectes.xtec.cat\/ere\/wp-json\/wp\/v2\/types\/page"}],"author":[{"embeddable":true,"href":"https:\/\/projectes.xtec.cat\/ere\/wp-json\/wp\/v2\/users\/1"}],"replies":[{"embeddable":true,"href":"https:\/\/projectes.xtec.cat\/ere\/wp-json\/wp\/v2\/comments?post=8377"}],"version-history":[{"count":5,"href":"https:\/\/projectes.xtec.cat\/ere\/wp-json\/wp\/v2\/pages\/8377\/revisions"}],"predecessor-version":[{"id":10218,"href":"https:\/\/projectes.xtec.cat\/ere\/wp-json\/wp\/v2\/pages\/8377\/revisions\/10218"}],"wp:attachment":[{"href":"https:\/\/projectes.xtec.cat\/ere\/wp-json\/wp\/v2\/media?parent=8377"}],"curies":[{"name":"wp","href":"https:\/\/api.w.org\/{rel}","templated":true}]}}

<p><a href="http://xtec.gencat.cat/ca/curriculum/professionals/artistics/musica/corals/" target="_blank" rel="noopener">Informació XTEC</a></p>
<p><a href="https://odissea.xtec.cat/course/view.php?id=92132" target="_blank" rel="noopener">Entorn de coordinació (Odissea)</a></p>
<table style="border-collapse: collapse; width: 43.4111%; height: 38px;">
<tbody>
<tr style="height: 34px;">
<td style="width: 100%; height: 10px;"><strong>CorArts 2024: vídeos dels concerts</strong></td>
</tr>
<tr style="height: 32px;">
<td style="width: 100%; height: 28px;"><a href="https://youtu.be/AZgbhKCy8NI?si=0JBiRbY2Nv-A7wjH" target="_blank" rel="noopener">Concert Manresa</a></td>
</tr>
</tbody>
</table>
<table style="border-collapse: collapse; width: 43.4111%; height: 169px;">
<tbody>
<tr style="height: 34px;">
<td style="width: 100%; height: 34px;"><strong>CorArts 2021: vídeos dels concerts</strong></td>
</tr>
<tr style="height: 32px;">
<td style="width: 100%; height: 32px;"><a href="https://drive.google.com/file/d/1bYsj2aK3pO-05H0htnl4Nfjsj0YuCsq7/view?usp=sharing" target="_blank" rel="noopener" data-saferedirecturl="https://www.google.com/url?q=https://drive.google.com/file/d/1bYsj2aK3pO-05H0htnl4Nfjsj0YuCsq7/view?usp%3Dsharing&amp;source=gmail&amp;ust=1629265157085000&amp;usg=AFQjCNGezL6p3s13Y412RV8oWQqC_OUfsg">Concert ST Tarragona</a></td>
</tr>
<tr style="height: 34px;">
<td style="width: 100%; height: 34px;"><a href="https://drive.google.com/file/d/1YFaLiZypv48DThXE7idha5wiPPcz7JGB/view?usp=sharing" target="_blank" rel="noopener" data-saferedirecturl="https://www.google.com/url?q=https://drive.google.com/file/d/1YFaLiZypv48DThXE7idha5wiPPcz7JGB/view?usp%3Dsharing&amp;source=gmail&amp;ust=1629265157085000&amp;usg=AFQjCNEbnYB9CBeMAu5LHsT9AweN_naVeg">Concert Maresme-Vallès Oriental</a></td>
</tr>
<tr style="height: 34px;">
<td style="width: 100%; height: 34px;"><a href="https://drive.google.com/file/d/15DAXbKcjqCzdgo_dqqV3gSD9xJ69WXyc/view?usp=sharing" target="_blank" rel="noopener" data-saferedirecturl="https://www.google.com/url?q=https://drive.google.com/file/d/15DAXbKcjqCzdgo_dqqV3gSD9xJ69WXyc/view?usp%3Dsharing&amp;source=gmail&amp;ust=1629265157085000&amp;usg=AFQjCNGZYs43Ssa0urMiL7QP4MXLQtRPjA">Concert ST Terres de l&#8217;Ebre, Baix Llobregat i Vallès Occidental</a></td>
</tr>
<tr style="height: 35px;">
<td style="width: 100%; height: 35px;"><a href="https://drive.google.com/file/d/15NhGT-o_zwSzA0lswVG-ZNWKYLTSz2rK/view?usp=sharing" target="_blank" rel="noopener" data-saferedirecturl="https://www.google.com/url?q=https://drive.google.com/file/d/15NhGT-o_zwSzA0lswVG-ZNWKYLTSz2rK/view?usp%3Dsharing&amp;source=gmail&amp;ust=1629265157085000&amp;usg=AFQjCNFtwtddxi9Cf4mDp5f7GPIbPH_pZw">Concert ST Lleida, Consorci d&#8217;Educació de Barcelona, ST Barcelona comarques i ST Catalunya central</a></td>
</tr>
</tbody>
</table>
<table style="border-collapse: collapse; width: 64.3606%; height: 256px;">
<tbody>
<tr style="height: 32px;">
<td style="width: 100%; height: 32px;"><strong>XVIII Trobada de corals d&#8217;Educació Infantil i Primària: vídeos dels concerts</strong></td>
</tr>
<tr style="height: 32px;">
<td style="width: 100%; height: 32px;">Concerts ST de Girona: <a href="https://drive.google.com/file/d/1kqIkCMLF7yLDX6m-J69dlpfsek809YRS/view" target="_blank" rel="noopener">20/4/21</a>, <a href="https://drive.google.com/file/d/1FmLMNoESPEasLhdon3Sqg5cS474EZkkt/view" target="_blank" rel="noopener">22/4/21</a> i <a href="https://eur03.safelinks.protection.outlook.com/?url=https%3A%2F%2Fdrive.google.com%2Ffile%2Fd%2F1t95noQg0HJkoPVfo2MWi-KDjRtIAoOJm%2Fview%3Fusp%3Dsharing&amp;data=04%7C01%7Cmerce.plana%40gencat.cat%7C9585993c60714dc8770208d987cbaeef%7C3b9427dcd30e43bc8c06ff7253676fec%7C1%7C0%7C637690131147057383%7CUnknown%7CTWFpbGZsb3d8eyJWIjoiMC4wLjAwMDAiLCJQIjoiV2luMzIiLCJBTiI6Ik1haWwiLCJXVCI6Mn0%3D%7C1000&amp;sdata=T2ZYv8CmfHhdtmoQmkgS4%2FpnzF6bN45w5Ie%2BU0T9Fec%3D&amp;reserved=0" target="_blank" rel="noopener">27/5/21</a></td>
</tr>
<tr style="height: 32px;">
<td style="width: 100%; height: 32px;"><a href="https://youtu.be/SmjTbKUt6I4" target="_blank" rel="noopener">Concert del ST de Terres de l’Ebre, ST Maresme-Vallès Oriental, ST de Barcelona comarques, Consorci d&#8217;Educació de Barcelona i ST del Baix Llobregat 29/4/21</a></td>
</tr>
<tr style="height: 32px;">
<td style="width: 100%; height: 32px;"><a href="https://drive.google.com/open?id=1OFCx9hd4KVw1O_BT6ZcigtlgwuJ_2Hj0&amp;authuser=mplana16%40xtec.cat&amp;usp=drive_fs" target="_blank" rel="noopener">Concert ST de Tarragona 7/5/21</a></td>
</tr>
<tr style="height: 32px;">
<td style="width: 100%; height: 32px;"><a href="https://drive.google.com/file/d/1XSTjxGsUsr-zmQk76MCDOVSQImwAmfpK/view?usp=sharing" target="_blank" rel="noopener">Concert ST a la Catalunya central 12/5/21</a></td>
</tr>
<tr style="height: 32px;">
<td style="width: 100%; height: 32px;"><a href="https://drive.google.com/open?id=15ZByfbgBOqDDlfLCSqBidTrwwtHF_UAF&amp;authuser=mplana16%40xtec.cat&amp;usp=drive_fs" target="_blank" rel="noopener">Lleida 13/5/21</a></td>
</tr>
</tbody>
</table>

<p><a href="http://xtec.gencat.cat/ca/curriculum/professionals/artistics/musica/corals/" target="_blank" rel="noopener">Informació XTEC</a><br />
<a href="https://odissea.xtec.cat/course/view.php?id=92132" target="_blank" rel="noopener">Entorn de coordinació (Odissea)</a></p>
<p>CorArts 2024: vídeos dels concerts</p>
<p><a href="https://youtu.be/AZgbhKCy8NI?si=0JBiRbY2Nv-A7wjH" target="_blank" rel="noopener">Concert Manresa</a></p>
<p>CorArts 2021: vídeos dels concerts</p>
<p><a href="https://drive.google.com/file/d/1bYsj2aK3pO-05H0htnl4Nfjsj0YuCsq7/view?usp=sharing" target="_blank" rel="noopener" data-saferedirecturl="https://www.google.com/url?q=https://drive.google.com/file/d/1bYsj2aK3pO-05H0htnl4Nfjsj0YuCsq7/view?usp%3Dsharing&amp;source=gmail&amp;ust=1629265157085000&amp;usg=AFQjCNGezL6p3s13Y412RV8oWQqC_OUfsg">Concert ST Tarragona</a></p>
<p><a href="https://drive.google.com/file/d/1YFaLiZypv48DThXE7idha5wiPPcz7JGB/view?usp=sharing" target="_blank" rel="noopener" data-saferedirecturl="https://www.google.com/url?q=https://drive.google.com/file/d/1YFaLiZypv48DThXE7idha5wiPPcz7JGB/view?usp%3Dsharing&amp;source=gmail&amp;ust=1629265157085000&amp;usg=AFQjCNEbnYB9CBeMAu5LHsT9AweN_naVeg">Concert Maresme-Vallès Oriental</a></p>
<p><a href="https://drive.google.com/file/d/15DAXbKcjqCzdgo_dqqV3gSD9xJ69WXyc/view?usp=sharing" target="_blank" rel="noopener" data-saferedirecturl="https://www.google.com/url?q=https://drive.google.com/file/d/15DAXbKcjqCzdgo_dqqV3gSD9xJ69WXyc/view?usp%3Dsharing&amp;source=gmail&amp;ust=1629265157085000&amp;usg=AFQjCNGZYs43Ssa0urMiL7QP4MXLQtRPjA">Concert ST Terres de l&#8217;Ebre, Baix Llobregat&hellip;  <a href="https://projectes.xtec.cat/ere/trobades-de-corals/" title="Read Trobades de corals">Llegeix més»</a></p>
