{"id":8862,"date":"2022-05-17T12:31:05","date_gmt":"2022-05-17T10:31:05","guid":{"rendered":"https:\/\/projectes.xtec.cat\/ere\/?page_id=8862"},"modified":"2025-10-22T13:41:40","modified_gmt":"2025-10-22T11:41:40","slug":"dades-estadistiques-apd","status":"publish","type":"page","link":"https:\/\/projectes.xtec.cat\/ere\/dades-estadistiques-apd\/","title":{"rendered":"Informaci\u00f3 i dades APD"},"content":{"rendered":"<div><a href=\"https:\/\/educacio.gencat.cat\/ca\/departament\/estadistiques\/insercio-laboral\/\" target=\"_blank\" rel=\"noopener\">Inserci\u00f3 laboral dels Ensenyaments Professionals<\/a><\/div>\n<div><\/div>\n<div><\/div>\n<p>El Departament i el Consell General de les Cambres de Comer\u00e7 publiquen anualment l&#8217;Estudi sobre la inserci\u00f3 laboral dels graduats d&#8217;ensenyaments professionals, amb informaci\u00f3 sobre els graduats de formaci\u00f3 professional, ensenyaments d&#8217;arts pl\u00e0stiques i disseny, ensenyaments esportius i programes de formaci\u00f3 i inserci\u00f3.<\/p>\n<hr \/>\n<div><a href=\"https:\/\/educacio.gencat.cat\/ca\/departament\/estadistiques\/estadistiques-ensenyament\/\" target=\"_blank\" rel=\"noopener\">Estad\u00edstica de l&#8217;Ensenyament<\/a><\/div>\n<div><\/div>\n<div><\/div>\n<div>Acc\u00e9s a les dades d&#8217; alumnat matriculat, grups i unitats, centres, personal docent i resultats acad\u00e8mics del curs actual i cursos anteriors<\/div>\n<div>\n<hr \/>\n<\/div>\n<div><a href=\"https:\/\/projectes.xtec.cat\/ere\/calendari-apd\/\" target=\"_blank\" rel=\"noopener\">Calendari de reunions<\/a><\/div>\n","protected":false},"excerpt":{"rendered":"<p><a href=\"https:\/\/educacio.gencat.cat\/ca\/departament\/estadistiques\/insercio-laboral\/\" target=\"_blank\" rel=\"noopener\">Inserci\u00f3 laboral dels Ensenyaments Professionals<\/a><\/p>\n<p>El Departament i el Consell General de les Cambres de Comer\u00e7 publiquen anualment l&#8217;Estudi sobre la inserci\u00f3 laboral dels graduats d&#8217;ensenyaments professionals, amb informaci\u00f3 sobre els graduats de formaci\u00f3 professional, ensenyaments d&#8217;arts pl\u00e0stiques i disseny, ensenyaments esportius i&hellip;  <a href=\"https:\/\/projectes.xtec.cat\/ere\/dades-estadistiques-apd\/\" title=\"Read Informaci\u00f3 i dades APD\">Llegeix m\u00e9s\u00bb<\/a><\/p>\n","protected":false},"author":1,"featured_media":0,"parent":0,"menu_order":0,"comment_status":"closed","ping_status":"closed","template":"","meta":{"_bbp_topic_count":0,"_bbp_reply_count":0,"_bbp_total_topic_count":0,"_bbp_total_reply_count":0,"_bbp_voice_count":0,"_bbp_anonymous_reply_count":0,"_bbp_topic_count_hidden":0,"_bbp_reply_count_hidden":0,"_bbp_forum_subforum_count":0,"footnotes":""},"class_list":["post-8862","page","type-page","status-publish","hentry"],"post_mailing_queue_ids":[],"_links":{"self":[{"href":"https:\/\/projectes.xtec.cat\/ere\/wp-json\/wp\/v2\/pages\/8862","targetHints":{"allow":["GET"]}}],"collection":[{"href":"https:\/\/projectes.xtec.cat\/ere\/wp-json\/wp\/v2\/pages"}],"about":[{"href":"https:\/\/projectes.xtec.cat\/ere\/wp-json\/wp\/v2\/types\/page"}],"author":[{"embeddable":true,"href":"https:\/\/projectes.xtec.cat\/ere\/wp-json\/wp\/v2\/users\/1"}],"replies":[{"embeddable":true,"href":"https:\/\/projectes.xtec.cat\/ere\/wp-json\/wp\/v2\/comments?post=8862"}],"version-history":[{"count":6,"href":"https:\/\/projectes.xtec.cat\/ere\/wp-json\/wp\/v2\/pages\/8862\/revisions"}],"predecessor-version":[{"id":11040,"href":"https:\/\/projectes.xtec.cat\/ere\/wp-json\/wp\/v2\/pages\/8862\/revisions\/11040"}],"wp:attachment":[{"href":"https:\/\/projectes.xtec.cat\/ere\/wp-json\/wp\/v2\/media?parent=8862"}],"curies":[{"name":"wp","href":"https:\/\/api.w.org\/{rel}","templated":true}]}}