{"id":8868,"date":"2022-05-18T09:53:40","date_gmt":"2022-05-18T07:53:40","guid":{"rendered":"https:\/\/projectes.xtec.cat\/ere\/?page_id=8868"},"modified":"2024-04-09T12:44:46","modified_gmt":"2024-04-09T10:44:46","slug":"actes-i-esdeveniments-apd","status":"publish","type":"page","link":"https:\/\/projectes.xtec.cat\/ere\/actes-i-esdeveniments-apd\/","title":{"rendered":"Actes i esdeveniments APD"},"content":{"rendered":"<p><a href=\"https:\/\/projectes.xtec.cat\/ere\/innovacio-apd\/art-experience\/\"><strong>Art Experience<\/strong><\/a><\/p>\n<p><a href=\"https:\/\/projectes.xtec.cat\/ere\/wp-content\/uploads\/usu2534\/2024\/04\/Logo-Art-Experience-scaled.jpg\"><img loading=\"lazy\" decoding=\"async\" class=\"size-thumbnail wp-image-9856 alignleft\" src=\"https:\/\/projectes.xtec.cat\/ere\/wp-content\/uploads\/usu2534\/2024\/04\/Logo-Art-Experience-150x150.jpg\" alt=\"Logo Art Experience\" width=\"150\" height=\"150\" srcset=\"https:\/\/projectes.xtec.cat\/ere\/wp-content\/uploads\/usu2534\/2024\/04\/Logo-Art-Experience-150x150.jpg 150w, https:\/\/projectes.xtec.cat\/ere\/wp-content\/uploads\/usu2534\/2024\/04\/Logo-Art-Experience-300x300.jpg 300w, https:\/\/projectes.xtec.cat\/ere\/wp-content\/uploads\/usu2534\/2024\/04\/Logo-Art-Experience-1024x1024.jpg 1024w, https:\/\/projectes.xtec.cat\/ere\/wp-content\/uploads\/usu2534\/2024\/04\/Logo-Art-Experience-768x768.jpg 768w, https:\/\/projectes.xtec.cat\/ere\/wp-content\/uploads\/usu2534\/2024\/04\/Logo-Art-Experience-1536x1536.jpg 1536w, https:\/\/projectes.xtec.cat\/ere\/wp-content\/uploads\/usu2534\/2024\/04\/Logo-Art-Experience-2048x2048.jpg 2048w\" sizes=\"auto, (max-width: 150px) 100vw, 150px\" \/><\/a>Convocat\u00f2ria dirigida als alumnes de 2n dels cicles formatius de grau superior d\u2019arts pl\u00e0stiques i disseny de qualsevol fam\u00edlia professional. Els alumnes s\u2019han d\u2019enfrontar, des d\u2019equips formats per perfils diversos (alumnat de diferents especialitats i de diferents Escoles d\u2019Art) a un repte sobre un tema pr\u00e8viament definit per part de la Instituci\u00f3\/Empresa, i generar propostes de disseny d\u2019un producte. Cada grup ha de presentar un prototip o l\u2019esb\u00f3s d\u2019una idea, no un producte acabat, ja que l\u2019activitat es desenvolupa al llarg d\u2019una \u00fanica jornada de treball. Es valoren les idees originals sobre el tema plantejat, aix\u00ed com la iniciativa, el treball en equip i la capacitat de s\u00edntesi. La jornada conclou amb la presentaci\u00f3 per part de l\u2019alumnat dels projectes i plans de treball per a la seva possible aplicaci\u00f3. L\u2019empresa\/instituci\u00f3 selecciona el projecte que considera que reuneix de manera m\u00e9s efectiva els requisits plantejats.<\/p>\n<hr \/>\n<p><strong><a href=\"https:\/\/projectes.xtec.cat\/ere\/jornades-apd-de-lescola-a-lempresa\/\" target=\"_blank\" rel=\"noopener\">Jornades d&#8217;Art i Disseny: de l&#8217;escola a l&#8217;empresa<\/a><\/strong><\/p>\n<p><img loading=\"lazy\" decoding=\"async\" class=\"size-thumbnail wp-image-9852 alignleft\" src=\"https:\/\/projectes.xtec.cat\/ere\/wp-content\/uploads\/usu2534\/2024\/04\/Jornada-APD-150x150.jpg\" alt=\"Logo Jornada APD\" width=\"150\" height=\"150\" \/>Presentaci\u00f3 dels millors projectes de les escoles d&#8217;art i disseny, en el decurs d&#8217;una gala amb la participaci\u00f3 de l&#8217;alumnat, professorat i les empreses.<\/p>\n<p>&nbsp;<\/p>\n<p>&nbsp;<\/p>\n<p>&nbsp;<\/p>\n<hr \/>\n<p><a href=\"https:\/\/projectes.xtec.cat\/ere\/rodatge-maleit\/\"><strong>Rodatge Male\u00eft<\/strong><\/a><\/p>\n<p><a href=\"https:\/\/projectes.xtec.cat\/ere\/wp-content\/uploads\/usu2534\/2023\/11\/cartells-rodatge-malei\u0308t_p02_page-0012.jpg\"><img loading=\"lazy\" decoding=\"async\" class=\"size-thumbnail wp-image-9655 alignleft\" src=\"https:\/\/projectes.xtec.cat\/ere\/wp-content\/uploads\/usu2534\/2023\/11\/cartells-rodatge-malei\u0308t_p02_page-0012-150x150.jpg\" alt=\"Rodatge Male\u00eft\" width=\"150\" height=\"150\" \/><\/a>Durant el mes d&#8217;octubre de 2023, en el marc de la Setmana del Cinema Fant\u00e0stic de Sitges, la Direcci\u00f3 general\u202fd&#8217;FP\u202famb alumnat de Formaci\u00f3 professional i d\u2019 Ensenyaments de R\u00e8gim Especial d\u2019arts pl\u00e0stiques i disseny i d\u2019arts esc\u00e8niques d\u2019una cinquantena d&#8217;Escoles d&#8217;Art i Instituts d&#8217;FP de tot Catalunya han realitzat un espai experimental en format \u201cpassatge del terror\u201d anomenat el Rodatge male\u00eft, a l\u2019edifici del Centre cultural Miramar de Sitges. Prop de 13.000 persones han visitat aquest projecte innovador, fruit de la col\u00b7laboraci\u00f3 a tres bandes entre el Departament d\u2019Educaci\u00f3, l\u2019Ajuntament de Sitges i el Sitges Festival Internacional de Cinema Fant\u00e0stic. En el projecte, ideat per l\u2019empresa Creartiva, han estat implicats un total d\u2019uns 925 alumnes i 45 t\u00edtols professionalitzadors diferents.<\/p>\n<p><a href=\"https:\/\/projectes.xtec.cat\/ere\/rodatge-maleit\/\" target=\"_blank\" rel=\"noopener\">M\u00e9s informaci\u00f3<\/a><\/p>\n<hr \/>\n<p style=\"text-align: left;\"><strong><a href=\"https:\/\/projectes.xtec.cat\/ere\/jornada-de-les-arts\/\" target=\"_blank\" rel=\"noopener\">Jornada de les arts<\/a><\/strong><\/p>\n<p style=\"text-align: left;\"><a href=\"https:\/\/projectes.xtec.cat\/ere\/wp-content\/uploads\/usu2534\/2023\/04\/Jornada-Arts-2023.jpg\"><img loading=\"lazy\" decoding=\"async\" class=\"size-thumbnail wp-image-9745 alignleft\" src=\"https:\/\/projectes.xtec.cat\/ere\/wp-content\/uploads\/usu2534\/2023\/04\/Jornada-Arts-2023-150x150.jpg\" alt=\"Cartell de la Jornada de les Arts 2023\" width=\"150\" height=\"150\" \/><\/a>El 28 de mar\u00e7 de 2023 es va celebrar a la ciutat de Lleida la Jornada de les Arts, un esdeveniment multitudinari organitzat pel Departament d\u2019Educaci\u00f3 i l\u2019Ajuntament de Lleida adre\u00e7at a l&#8217;alumnat de 4t d\u2019ESO i Batxillerat per tal de donar a con\u00e8ixer l\u2019oferta educativa art\u00edstica de la capital del Segri\u00e0. M\u00e9s de 600 estudiants van poder fer tallers vinculats a la m\u00fasica, les arts pl\u00e0stiques i les arts esc\u00e8niques, per tal de viure en primera persona aquestes disciplines.<\/p>\n<p><a href=\"https:\/\/youtu.be\/6VIbGWaGluo\" target=\"_blank\" rel=\"noopener\">V\u00eddeo de la jornada<\/a><\/p>\n<p><a href=\"https:\/\/www.instagram.com\/jornada_de_les_arts\/\" target=\"_blank\" rel=\"noopener\">Mostra gr\u00e0fica de la jornada<\/a><\/p>\n<hr \/>\n<p><strong><a href=\"https:\/\/projectes.xtec.cat\/ere\/apd-en-accio\/\">APD en acci\u00f3<\/a><\/strong><\/p>\n<p><a href=\"https:\/\/projectes.xtec.cat\/ere\/wp-content\/uploads\/usu2534\/2022\/05\/APD-en-accio.jpg\"><img loading=\"lazy\" decoding=\"async\" class=\"size-thumbnail wp-image-8852 alignleft\" src=\"https:\/\/projectes.xtec.cat\/ere\/wp-content\/uploads\/usu2534\/2022\/05\/APD-en-accio-150x150.jpg\" alt=\"APD en acci\u00f3\" width=\"150\" height=\"150\" \/><\/a>Des del Servei d\u2019Ordenaci\u00f3 dels Ensenyaments de R\u00e8gim Especial del Departament d\u2019Educaci\u00f3\u00a0 s\u2019organitza l\u2019esdeveniment\u00a0<strong>APD en Acci\u00f3<\/strong>\u00a0que consisteix en un espai de trobada per identificar talent jove.<\/p>\n<p>L\u2019alumnat de l\u2019\u00faltim curs dels cicles formatius dels ensenyaments d\u2019Arts Pl\u00e0stiques i Disseny mostra el seu talent, a trav\u00e9s del seu portafolis,\u00a0\u00a0a empreses en taules que agrupen a estudiants i professionals.<\/p>\n<hr \/>\n<p><a href=\"https:\/\/projectes.xtec.cat\/ere\/?page_id=9901&amp;preview=true\" target=\"_blank\" rel=\"noopener\"><strong>Exposicions L&#8217;Illa Diagonal<\/strong><\/a><\/p>\n<p><a href=\"https:\/\/projectes.xtec.cat\/ere\/wp-content\/uploads\/usu2534\/2024\/04\/WhatsApp-Image-2023-04-25-at-08.12.45-1.jpeg\"><img loading=\"lazy\" decoding=\"async\" class=\"size-thumbnail wp-image-9902 alignleft\" src=\"https:\/\/projectes.xtec.cat\/ere\/wp-content\/uploads\/usu2534\/2024\/04\/WhatsApp-Image-2023-04-25-at-08.12.45-1-150x150.jpeg\" alt=\"Expo Illa Diagonal\" width=\"150\" height=\"150\" \/><\/a>Exposicions de les escoles d&#8217;art de Catalunya, al centre comercial L&#8217;Illa Diagonal, de Barcelona.<\/p>\n<p>&nbsp;<\/p>\n<p>&nbsp;<\/p>\n<p>&nbsp;<\/p>\n<hr \/>\n<p>&nbsp;<\/p>\n","protected":false},"excerpt":{"rendered":"<p><a href=\"https:\/\/projectes.xtec.cat\/ere\/innovacio-apd\/art-experience\/\">Art Experience<\/a><br \/>\n<a href=\"https:\/\/projectes.xtec.cat\/ere\/wp-content\/uploads\/usu2534\/2024\/04\/Logo-Art-Experience-scaled.jpg\"><\/a>Convocat\u00f2ria dirigida als alumnes de 2n dels cicles formatius de grau superior d\u2019arts pl\u00e0stiques i disseny de qualsevol fam\u00edlia professional. Els alumnes s\u2019han d\u2019enfrontar, des d\u2019equips formats per perfils diversos (alumnat de diferents especialitats i de diferents Escoles d\u2019Art) a un repte&hellip;  <a href=\"https:\/\/projectes.xtec.cat\/ere\/actes-i-esdeveniments-apd\/\" title=\"Read Actes i esdeveniments APD\">Llegeix m\u00e9s\u00bb<\/a><\/p>\n","protected":false},"author":1,"featured_media":0,"parent":0,"menu_order":0,"comment_status":"closed","ping_status":"closed","template":"","meta":{"_bbp_topic_count":0,"_bbp_reply_count":0,"_bbp_total_topic_count":0,"_bbp_total_reply_count":0,"_bbp_voice_count":0,"_bbp_anonymous_reply_count":0,"_bbp_topic_count_hidden":0,"_bbp_reply_count_hidden":0,"_bbp_forum_subforum_count":0,"footnotes":""},"class_list":["post-8868","page","type-page","status-publish","hentry"],"post_mailing_queue_ids":[],"_links":{"self":[{"href":"https:\/\/projectes.xtec.cat\/ere\/wp-json\/wp\/v2\/pages\/8868","targetHints":{"allow":["GET"]}}],"collection":[{"href":"https:\/\/projectes.xtec.cat\/ere\/wp-json\/wp\/v2\/pages"}],"about":[{"href":"https:\/\/projectes.xtec.cat\/ere\/wp-json\/wp\/v2\/types\/page"}],"author":[{"embeddable":true,"href":"https:\/\/projectes.xtec.cat\/ere\/wp-json\/wp\/v2\/users\/1"}],"replies":[{"embeddable":true,"href":"https:\/\/projectes.xtec.cat\/ere\/wp-json\/wp\/v2\/comments?post=8868"}],"version-history":[{"count":7,"href":"https:\/\/projectes.xtec.cat\/ere\/wp-json\/wp\/v2\/pages\/8868\/revisions"}],"predecessor-version":[{"id":9904,"href":"https:\/\/projectes.xtec.cat\/ere\/wp-json\/wp\/v2\/pages\/8868\/revisions\/9904"}],"wp:attachment":[{"href":"https:\/\/projectes.xtec.cat\/ere\/wp-json\/wp\/v2\/media?parent=8868"}],"curies":[{"name":"wp","href":"https:\/\/api.w.org\/{rel}","templated":true}]}}