{"id":9521,"date":"2023-03-23T09:51:43","date_gmt":"2023-03-23T08:51:43","guid":{"rendered":"https:\/\/projectes.xtec.cat\/ere\/?page_id=9521"},"modified":"2026-02-11T09:16:28","modified_gmt":"2026-02-11T08:16:28","slug":"orientacio-apd","status":"publish","type":"page","link":"https:\/\/projectes.xtec.cat\/ere\/orientacio-apd\/","title":{"rendered":"Orientaci\u00f3 APD"},"content":{"rendered":"<p><a href=\"https:\/\/padlet.com\/dbeltra1\/mapa-d-ensenyaments-d-arts-pl-stiques-i-disseny-blo3p29y7n5c3fpo\" target=\"_blank\" rel=\"noopener\">Mapa dels ensenyaments APD<\/a><\/p>\n<p><a href=\"https:\/\/padlet.com\/dbeltra1\/portes-obertes-escoles-arts-pl-stiques-i-disseny-b1dd81w9mi7uxvxp\">Calendari de portes obertes a les escoles d&#8217;art 2026<\/a><\/p>\n<p><a href=\"https:\/\/drive.google.com\/file\/d\/1D4c-u9AGkheRj6CaSLqWEAC2v15De0xI\/view?usp=sharing\">Infografia 10 motius per triar els estudis de les escoles d\u2019arts pl\u00e0stiques i disseny<\/a><\/p>\n<p><a href=\"https:\/\/xtec.gencat.cat\/ca\/curriculum\/professionals\/artistics\/artsplastdis\/orientacio-academica-i-professional\/\" target=\"_blank\" rel=\"noopener\">Orientaci\u00f3 acad\u00e8mica i professional a la XTEC<\/a><\/p>\n<p><a href=\"https:\/\/projectes.xtec.cat\/ere\/proves-dacces-apd\/\" target=\"_blank\" rel=\"noopener\">Informaci\u00f3 sobre proves d&#8217;acc\u00e9s als ensenyaments d&#8217;APD<\/a><\/p>\n<p><a href=\"https:\/\/projectes.xtec.cat\/ere\/at-diversitat-apd\/\" target=\"_blank\" rel=\"noopener\">Atenci\u00f3 a la diversitat<\/a><\/p>\n<p><a href=\"https:\/\/triaeducativa.gencat.cat\/ca\/artistics-esportius\/apd\/dubtes\/\" target=\"_blank\" rel=\"noopener\">PMF (Preguntes m\u00e9s freq\u00fcents) sobre els ensenyaments d&#8217;arts pl\u00e0stiques i disseny<\/a><\/p>\n<p>Llista de reproducci\u00f3 APD a YouTube<\/p>\n<p><iframe loading=\"lazy\" title=\"Arts Pl\u00e0stiques i Disseny\" width=\"500\" height=\"281\" src=\"https:\/\/www.youtube.com\/embed\/videoseries?list=PLe7aFYNtl_hp4vVaVVDPR7-N0rx390PYp\" frameborder=\"0\" allow=\"accelerometer; autoplay; clipboard-write; encrypted-media; gyroscope; picture-in-picture; web-share\" referrerpolicy=\"strict-origin-when-cross-origin\" allowfullscreen><\/iframe><\/p>\n<p>Llista de reproducci\u00f3 a YouTube <strong>I tu? Qu\u00e8 vols fer amb el teu futur?<\/strong><\/p>\n<p><iframe loading=\"lazy\" title=\"I tu, qu\u00e8 vols fer amb el teu futur?\" width=\"500\" height=\"281\" src=\"https:\/\/www.youtube.com\/embed\/videoseries?list=PLe7aFYNtl_hoMYKCZH6d6xIwO7hdH9pGx\" frameborder=\"0\" allow=\"accelerometer; autoplay; clipboard-write; encrypted-media; gyroscope; picture-in-picture; web-share\" referrerpolicy=\"strict-origin-when-cross-origin\" allowfullscreen><\/iframe><\/p>\n<p>&nbsp;<\/p>\n","protected":false},"excerpt":{"rendered":"<p><a href=\"https:\/\/padlet.com\/dbeltra1\/mapa-d-ensenyaments-d-arts-pl-stiques-i-disseny-blo3p29y7n5c3fpo\" target=\"_blank\" rel=\"noopener\">Mapa dels ensenyaments APD<\/a><br \/>\n<a href=\"https:\/\/padlet.com\/dbeltra1\/portes-obertes-escoles-arts-pl-stiques-i-disseny-b1dd81w9mi7uxvxp\">Calendari de portes obertes a les escoles d&#8217;art 2026<\/a><br \/>\n<a href=\"https:\/\/drive.google.com\/file\/d\/1D4c-u9AGkheRj6CaSLqWEAC2v15De0xI\/view?usp=sharing\">Infografia 10 motius per triar els estudis de les escoles d\u2019arts pl\u00e0stiques i disseny<\/a><br \/>\n<a href=\"https:\/\/xtec.gencat.cat\/ca\/curriculum\/professionals\/artistics\/artsplastdis\/orientacio-academica-i-professional\/\" target=\"_blank\" rel=\"noopener\">Orientaci\u00f3 acad\u00e8mica i professional a la XTEC<\/a><br \/>\n<a href=\"https:\/\/projectes.xtec.cat\/ere\/proves-dacces-apd\/\" target=\"_blank\" rel=\"noopener\">Informaci\u00f3 sobre proves d&#8217;acc\u00e9s&hellip;  <a href=\"https:\/\/projectes.xtec.cat\/ere\/orientacio-apd\/\" title=\"Read Orientaci\u00f3 APD\">Llegeix m\u00e9s\u00bb<\/a><\/p>\n","protected":false},"author":1,"featured_media":0,"parent":0,"menu_order":0,"comment_status":"closed","ping_status":"closed","template":"","meta":{"_bbp_topic_count":0,"_bbp_reply_count":0,"_bbp_total_topic_count":0,"_bbp_total_reply_count":0,"_bbp_voice_count":0,"_bbp_anonymous_reply_count":0,"_bbp_topic_count_hidden":0,"_bbp_reply_count_hidden":0,"_bbp_forum_subforum_count":0,"footnotes":""},"class_list":["post-9521","page","type-page","status-publish","hentry"],"post_mailing_queue_ids":[],"_links":{"self":[{"href":"https:\/\/projectes.xtec.cat\/ere\/wp-json\/wp\/v2\/pages\/9521","targetHints":{"allow":["GET"]}}],"collection":[{"href":"https:\/\/projectes.xtec.cat\/ere\/wp-json\/wp\/v2\/pages"}],"about":[{"href":"https:\/\/projectes.xtec.cat\/ere\/wp-json\/wp\/v2\/types\/page"}],"author":[{"embeddable":true,"href":"https:\/\/projectes.xtec.cat\/ere\/wp-json\/wp\/v2\/users\/1"}],"replies":[{"embeddable":true,"href":"https:\/\/projectes.xtec.cat\/ere\/wp-json\/wp\/v2\/comments?post=9521"}],"version-history":[{"count":6,"href":"https:\/\/projectes.xtec.cat\/ere\/wp-json\/wp\/v2\/pages\/9521\/revisions"}],"predecessor-version":[{"id":11156,"href":"https:\/\/projectes.xtec.cat\/ere\/wp-json\/wp\/v2\/pages\/9521\/revisions\/11156"}],"wp:attachment":[{"href":"https:\/\/projectes.xtec.cat\/ere\/wp-json\/wp\/v2\/media?parent=9521"}],"curies":[{"name":"wp","href":"https:\/\/api.w.org\/{rel}","templated":true}]}}

Orientació APD

<p><a href="https://padlet.com/dbeltra1/mapa-d-ensenyaments-d-arts-pl-stiques-i-disseny-blo3p29y7n5c3fpo" target="_blank" rel="noopener">Mapa dels ensenyaments APD</a></p>
<p><a href="https://padlet.com/dbeltra1/portes-obertes-escoles-arts-pl-stiques-i-disseny-b1dd81w9mi7uxvxp">Calendari de portes obertes a les escoles d&#8217;art 2026</a></p>
<p><a href="https://drive.google.com/file/d/1D4c-u9AGkheRj6CaSLqWEAC2v15De0xI/view?usp=sharing">Infografia 10 motius per triar els estudis de les escoles d’arts plàstiques i disseny</a></p>
<p><a href="https://xtec.gencat.cat/ca/curriculum/professionals/artistics/artsplastdis/orientacio-academica-i-professional/" target="_blank" rel="noopener">Orientació acadèmica i professional a la XTEC</a></p>
<p><a href="https://projectes.xtec.cat/ere/proves-dacces-apd/" target="_blank" rel="noopener">Informació sobre proves d&#8217;accés als ensenyaments d&#8217;APD</a></p>
<p><a href="https://projectes.xtec.cat/ere/at-diversitat-apd/" target="_blank" rel="noopener">Atenció a la diversitat</a></p>
<p><a href="https://triaeducativa.gencat.cat/ca/artistics-esportius/apd/dubtes/" target="_blank" rel="noopener">PMF (Preguntes més freqüents) sobre els ensenyaments d&#8217;arts plàstiques i disseny</a></p>
<p>Llista de reproducció APD a YouTube</p>
<p><iframe loading="lazy" title="Arts Plàstiques i Disseny" width="500" height="281" src="https://www.youtube.com/embed/videoseries?list=PLe7aFYNtl_hp4vVaVVDPR7-N0rx390PYp" frameborder="0" allow="accelerometer; autoplay; clipboard-write; encrypted-media; gyroscope; picture-in-picture; web-share" referrerpolicy="strict-origin-when-cross-origin" allowfullscreen></iframe></p>
<p>Llista de reproducció a YouTube <strong>I tu? Què vols fer amb el teu futur?</strong></p>
<p><iframe loading="lazy" title="I tu, què vols fer amb el teu futur?" width="500" height="281" src="https://www.youtube.com/embed/videoseries?list=PLe7aFYNtl_hoMYKCZH6d6xIwO7hdH9pGx" frameborder="0" allow="accelerometer; autoplay; clipboard-write; encrypted-media; gyroscope; picture-in-picture; web-share" referrerpolicy="strict-origin-when-cross-origin" allowfullscreen></iframe></p>
<p>&nbsp;</p>

<p><a href="https://padlet.com/dbeltra1/mapa-d-ensenyaments-d-arts-pl-stiques-i-disseny-blo3p29y7n5c3fpo" target="_blank" rel="noopener">Mapa dels ensenyaments APD</a><br />
<a href="https://padlet.com/dbeltra1/portes-obertes-escoles-arts-pl-stiques-i-disseny-b1dd81w9mi7uxvxp">Calendari de portes obertes a les escoles d&#8217;art 2026</a><br />
<a href="https://drive.google.com/file/d/1D4c-u9AGkheRj6CaSLqWEAC2v15De0xI/view?usp=sharing">Infografia 10 motius per triar els estudis de les escoles d’arts plàstiques i disseny</a><br />
<a href="https://xtec.gencat.cat/ca/curriculum/professionals/artistics/artsplastdis/orientacio-academica-i-professional/" target="_blank" rel="noopener">Orientació acadèmica i professional a la XTEC</a><br />
<a href="https://projectes.xtec.cat/ere/proves-dacces-apd/" target="_blank" rel="noopener">Informació sobre proves d&#8217;accés&hellip;  <a href="https://projectes.xtec.cat/ere/orientacio-apd/" title="Read Orientació APD">Llegeix més»</a></p>
