{"id":9832,"date":"2024-04-02T11:40:59","date_gmt":"2024-04-02T09:40:59","guid":{"rendered":"https:\/\/projectes.xtec.cat\/ere\/?page_id=9832"},"modified":"2024-08-27T08:01:22","modified_gmt":"2024-08-27T06:01:22","slug":"cooperart","status":"publish","type":"page","link":"https:\/\/projectes.xtec.cat\/ere\/cooperart\/","title":{"rendered":"Cooperart"},"content":{"rendered":"<p><strong>CooperArt<\/strong><\/p>\n<p><a href=\"https:\/\/projectes.xtec.cat\/ere\/wp-content\/uploads\/usu2534\/2022\/01\/CooperArt.png\"><img loading=\"lazy\" decoding=\"async\" class=\"wp-image-8578 alignleft\" src=\"https:\/\/projectes.xtec.cat\/ere\/wp-content\/uploads\/usu2534\/2022\/01\/CooperArt.png\" alt=\"CooperArt\" width=\"227\" height=\"275\" srcset=\"https:\/\/projectes.xtec.cat\/ere\/wp-content\/uploads\/usu2534\/2022\/01\/CooperArt.png 570w, https:\/\/projectes.xtec.cat\/ere\/wp-content\/uploads\/usu2534\/2022\/01\/CooperArt-247x300.png 247w\" sizes=\"auto, (max-width: 227px) 100vw, 227px\" \/><\/a>El programa d&#8217;innovaci\u00f3 i transfer\u00e8ncia de coneixement <strong>CooperArt<\/strong> desenvolupa metodologies d&#8217;innovaci\u00f3 i transfer\u00e8ncia de coneixement entre els centres i les empreses o entitats i integra formaci\u00f3 espec\u00edfica i de jornades d&#8217;intercanvi, amb l&#8217;objectiu que les escoles d&#8217;art es donin suport i comparteixin estrat\u00e8gies i experi\u00e8ncies.<\/p>\n<p>Aix\u00ed mateix, fomenta la innovaci\u00f3 i l&#8217;intercanvi de bones pr\u00e0ctiques amb altres centres educatius; promou el comprom\u00eds col\u00b7lectiu entre el professorat, l&#8217;alumnat i les empreses o entitats i el desenvolupament de capacitats clau com la responsabilitat, l&#8217;organitzaci\u00f3 del treball, l&#8217;emprenedoria, el treball en equip, l&#8217;autonomia, la resoluci\u00f3 de problemes, la comunicaci\u00f3 i l&#8217;aprendre a aprendre, davant de reptes amb sentit empresarial, i posa a les escoles d&#8217;art en disposici\u00f3 d&#8217;interactuar amb altres centres educatius, les empreses i les entitats per al desenvolupament, transfer\u00e8ncia i aplicaci\u00f3 de coneixements.<\/p>\n<p><strong>L\u2019escola d\u2019art, des del m\u00f2dul de Gesti\u00f3 de projectes professionals, pot atendre enc\u00e0rrecs d\u2019entitats o empreses que no suposin intrusisme professional o compet\u00e8ncia deslleial cap a altres empreses o professionals del sector, i sempre amb una clara vocaci\u00f3 pedag\u00f2gica.<\/strong><\/p>\n<p><a href=\"https:\/\/dogc.gencat.cat\/ca\/document-del-dogc\/?documentId=918014\">RESOLUCI\u00d3 EDU\/6\/2022, de 4 de gener, per la qual es crea el Programa d&#8217;innovaci\u00f3 i transfer\u00e8ncia de coneixement CooperArt<\/a><\/p>\n<p><a href=\"https:\/\/espai.educacio.gencat.cat\/Centres\/Innovacio-pedagogica\/Programes\/CooperArt\/Pagines\/default.aspx\" target=\"_blank\" rel=\"noopener\">Informaci\u00f3 CooperArt a la Intranet del Departament d&#8217;Educaci\u00f3<\/a><\/p>\n<p>\u00c0mbits<\/p>\n<ul>\n<li>Moda i complements<\/li>\n<li>Producte industrial i prototipatges<\/li>\n<li>Il\u00b7lustraci\u00f3 i animaci\u00f3<\/li>\n<li>Comunicaci\u00f3 gr\u00e0fica<\/li>\n<li>Espais, entorns i instal\u00b7lacions<\/li>\n<li>Escultura, pintura i cer\u00e0mica<\/li>\n<li>Imatge audiovisual i fotografia<\/li>\n<li>Web i interactius<\/li>\n<\/ul>\n<p><a href=\"https:\/\/projectes.xtec.cat\/ere\/?page_id=9662&amp;preview=true\" target=\"_blank\" rel=\"noopener\">Escoles participants al CooperArt<\/a><\/p>\n<p><a href=\"https:\/\/projectes.xtec.cat\/ere\/wp-content\/uploads\/usu2534\/2024\/05\/Compromis_de_collaboracio-CooperArt.docx\" target=\"_blank\" rel=\"noopener\">Comprom\u00eds de col\u00b7laboraci\u00f3<\/a><\/p>\n<p><a href=\"https:\/\/projectes.xtec.cat\/ere\/wp-content\/uploads\/usu2534\/2024\/05\/Model-carta-serveis-empreses-CooperArt.docx\" target=\"_blank\" rel=\"noopener\">Carta de serveis<\/a><\/p>\n<p><a href=\"https:\/\/projectes.xtec.cat\/ere\/cooperart\/projectes-cooperart-curs-2023-24\/\" target=\"_blank\" rel=\"noopener\">Projectes Cooperart<\/a><\/p>\n","protected":false},"excerpt":{"rendered":"<p>CooperArt<br \/>\n<a href=\"https:\/\/projectes.xtec.cat\/ere\/wp-content\/uploads\/usu2534\/2022\/01\/CooperArt.png\"><\/a>El programa d&#8217;innovaci\u00f3 i transfer\u00e8ncia de coneixement CooperArt desenvolupa metodologies d&#8217;innovaci\u00f3 i transfer\u00e8ncia de coneixement entre els centres i les empreses o entitats i integra formaci\u00f3 espec\u00edfica i de jornades d&#8217;intercanvi, amb l&#8217;objectiu que les escoles d&#8217;art es donin suport i comparteixin estrat\u00e8gies i&hellip;  <a href=\"https:\/\/projectes.xtec.cat\/ere\/cooperart\/\" title=\"Read Cooperart\">Llegeix m\u00e9s\u00bb<\/a><\/p>\n","protected":false},"author":1,"featured_media":0,"parent":0,"menu_order":0,"comment_status":"closed","ping_status":"closed","template":"","meta":{"_bbp_topic_count":0,"_bbp_reply_count":0,"_bbp_total_topic_count":0,"_bbp_total_reply_count":0,"_bbp_voice_count":0,"_bbp_anonymous_reply_count":0,"_bbp_topic_count_hidden":0,"_bbp_reply_count_hidden":0,"_bbp_forum_subforum_count":0,"footnotes":""},"class_list":["post-9832","page","type-page","status-publish","hentry"],"post_mailing_queue_ids":[],"_links":{"self":[{"href":"https:\/\/projectes.xtec.cat\/ere\/wp-json\/wp\/v2\/pages\/9832","targetHints":{"allow":["GET"]}}],"collection":[{"href":"https:\/\/projectes.xtec.cat\/ere\/wp-json\/wp\/v2\/pages"}],"about":[{"href":"https:\/\/projectes.xtec.cat\/ere\/wp-json\/wp\/v2\/types\/page"}],"author":[{"embeddable":true,"href":"https:\/\/projectes.xtec.cat\/ere\/wp-json\/wp\/v2\/users\/1"}],"replies":[{"embeddable":true,"href":"https:\/\/projectes.xtec.cat\/ere\/wp-json\/wp\/v2\/comments?post=9832"}],"version-history":[{"count":6,"href":"https:\/\/projectes.xtec.cat\/ere\/wp-json\/wp\/v2\/pages\/9832\/revisions"}],"predecessor-version":[{"id":10264,"href":"https:\/\/projectes.xtec.cat\/ere\/wp-json\/wp\/v2\/pages\/9832\/revisions\/10264"}],"wp:attachment":[{"href":"https:\/\/projectes.xtec.cat\/ere\/wp-json\/wp\/v2\/media?parent=9832"}],"curies":[{"name":"wp","href":"https:\/\/api.w.org\/{rel}","templated":true}]}}