{"id":9927,"date":"2024-04-22T11:57:48","date_gmt":"2024-04-22T09:57:48","guid":{"rendered":"https:\/\/projectes.xtec.cat\/ere\/?page_id=9927"},"modified":"2024-04-22T12:15:03","modified_gmt":"2024-04-22T10:15:03","slug":"bicentenari-josep-anselm-clave","status":"publish","type":"page","link":"https:\/\/projectes.xtec.cat\/ere\/bicentenari-josep-anselm-clave\/","title":{"rendered":"Bicentenari Josep Anselm Clav\u00e9"},"content":{"rendered":"<p><a href=\"https:\/\/projectes.xtec.cat\/ere\/wp-content\/uploads\/usu2534\/2024\/04\/CLAVE.jpg\"><img loading=\"lazy\" decoding=\"async\" class=\"wp-image-9952 alignleft\" src=\"https:\/\/projectes.xtec.cat\/ere\/wp-content\/uploads\/usu2534\/2024\/04\/CLAVE.jpg\" alt=\"Cartell Bicentenari Josep Anselm Clav\u00e9\" width=\"162\" height=\"225\" srcset=\"https:\/\/projectes.xtec.cat\/ere\/wp-content\/uploads\/usu2534\/2024\/04\/CLAVE.jpg 466w, https:\/\/projectes.xtec.cat\/ere\/wp-content\/uploads\/usu2534\/2024\/04\/CLAVE-216x300.jpg 216w\" sizes=\"auto, (max-width: 162px) 100vw, 162px\" \/><\/a>Dissabte, 20 d&#8217;abril de 2024, va tenir lloc a l&#8217;Auditori de Barcelona el concert commemoratiu del bicentenari del naixement del compositor Josep Anselm Clav\u00e9. \u00c9s una iniciativa conjunta del Departament d&#8217;Educaci\u00f3 i la Federaci\u00f3 dels Cors de Clav\u00e9, en col\u00b7laboraci\u00f3 amb el Moviment Coral Catal\u00e0 i les principals associacions de conservatoris i escoles de m\u00fasica de Catalunya.<\/p>\n<p>Hi van assistir unes 2000 persones entre autoritats, alumnat d\u2019escoles de m\u00fasica i conservatoris de Catalunya (800), orquestres de conservatoris municipals de m\u00fasica de Barcelona i Manresa (100), ballarins exalumnes del Centre Art\u00edstic Superior d\u2019Art Dram\u00e0tic E\u00f2lia i fam\u00edlies.<\/p>\n<p>El cartell i gr\u00e0fica del concert \u00e9s disseny de la Bruna Rusi\u00f1ol, guanyadora del Talent Creatiu i Empresa del curs passat. Actualment \u00e9s exalumna de disseny gr\u00e0fic de l&#8217;EA Illa, de Sabadell. Tamb\u00e9 ha col\u00b7laborat un equip d&#8217;alumnes d&#8217;Il\u00b7lustraci\u00f3 d&#8217;EA Massana, EA La Gaspar I Escola Groc en el muntatge de l&#8217;audiovisual que s&#8217;hi va projectar i que inclou v\u00eddeos fets en un Talent Creatiu i Empresa del curs 2022\/23.<\/p>\n\r\n\t<div class=\"slideshow_container slideshow_container_style-light\" style=\" \" data-slideshow-id=\"9948\" data-style-name=\"style-light\" data-style-version=\"2.3.1\" >\r\n\r\n\t\t\t\t\t<div class=\"slideshow_loading_icon\"><\/div>\r\n\t\t\r\n\t\t<div class=\"slideshow_content\" style=\"display: none;\">\r\n\r\n\t\t\t<div class=\"slideshow_view\">\r\n\t\t\t\t<div class=\"slideshow_slide slideshow_slide_image\">\r\n\t\t\t\t\t\t\t\t\t\t\t<img src=\"https:\/\/projectes.xtec.cat\/ere\/wp-content\/uploads\/usu2534\/2024\/04\/BicentenariClave_Auditori_26-scaled.jpg\" alt=\"Imatge del concert del Bicentenari  Josep Anselm Clav\u00e9\" width=\"2560\" height=\"1707\" \/>\r\n\t\t\t\t\t\t\t\t\t\t<div class=\"slideshow_description_box slideshow_transparent\">\r\n\t\t\t\t\t\t<div class=\"slideshow_title\">BicentenariClav\u00e9_Auditori_26<\/div>\t\t\t\t\t\t\t\t\t\t\t<\/div>\r\n\t\t\t\t<\/div>\r\n\r\n\t\t\t\t\t\t<div style=\"clear: both;\"><\/div><\/div><div class=\"slideshow_view\">\r\n\t\t\t\t<div class=\"slideshow_slide slideshow_slide_image\">\r\n\t\t\t\t\t\t\t\t\t\t\t<img src=\"https:\/\/projectes.xtec.cat\/ere\/wp-content\/uploads\/usu2534\/2024\/04\/BicentenariClave_Auditori_17-scaled.jpg\" alt=\"Imatge del concert del Bicentenari  Josep Anselm Clav\u00e9\" width=\"2560\" height=\"1707\" \/>\r\n\t\t\t\t\t\t\t\t\t\t<div class=\"slideshow_description_box slideshow_transparent\">\r\n\t\t\t\t\t\t<div class=\"slideshow_title\">BicentenariClav\u00e9_Auditori_17<\/div>\t\t\t\t\t\t\t\t\t\t\t<\/div>\r\n\t\t\t\t<\/div>\r\n\r\n\t\t\t\t\t\t<div style=\"clear: both;\"><\/div><\/div><div class=\"slideshow_view\">\r\n\t\t\t\t<div class=\"slideshow_slide slideshow_slide_image\">\r\n\t\t\t\t\t\t\t\t\t\t\t<img src=\"https:\/\/projectes.xtec.cat\/ere\/wp-content\/uploads\/usu2534\/2024\/04\/BicentenariClave_Auditori_8-scaled.jpg\" alt=\"Imatge del concert del Bicentenari  Josep Anselm Clav\u00e9\" width=\"2560\" height=\"1707\" \/>\r\n\t\t\t\t\t\t\t\t\t\t<div class=\"slideshow_description_box slideshow_transparent\">\r\n\t\t\t\t\t\t<div class=\"slideshow_title\">BicentenariClav\u00e9_Auditori_8<\/div>\t\t\t\t\t\t\t\t\t\t\t<\/div>\r\n\t\t\t\t<\/div>\r\n\r\n\t\t\t\t\t\t<div style=\"clear: both;\"><\/div><\/div><div class=\"slideshow_view\">\r\n\t\t\t\t<div class=\"slideshow_slide slideshow_slide_image\">\r\n\t\t\t\t\t\t\t\t\t\t\t<img src=\"https:\/\/projectes.xtec.cat\/ere\/wp-content\/uploads\/usu2534\/2024\/04\/BicentenariClave_Auditori_31-scaled.jpg\" alt=\"Imatge del concert del Bicentenari  Josep Anselm Clav\u00e9\" width=\"2560\" height=\"1707\" \/>\r\n\t\t\t\t\t\t\t\t\t\t<div class=\"slideshow_description_box slideshow_transparent\">\r\n\t\t\t\t\t\t<div class=\"slideshow_title\">BicentenariClav\u00e9_Auditori_31<\/div>\t\t\t\t\t\t\t\t\t\t\t<\/div>\r\n\t\t\t\t<\/div>\r\n\r\n\t\t\t\t\t\t<div style=\"clear: both;\"><\/div><\/div><div class=\"slideshow_view\">\r\n\t\t\t\t<div class=\"slideshow_slide slideshow_slide_image\">\r\n\t\t\t\t\t\t\t\t\t\t\t<img src=\"https:\/\/projectes.xtec.cat\/ere\/wp-content\/uploads\/usu2534\/2024\/04\/BicentenariClave_Auditori_22-scaled.jpg\" alt=\"Imatge del concert del Bicentenari  Josep Anselm Clav\u00e9\" width=\"2560\" height=\"1707\" \/>\r\n\t\t\t\t\t\t\t\t\t\t<div class=\"slideshow_description_box slideshow_transparent\">\r\n\t\t\t\t\t\t<div class=\"slideshow_title\">BicentenariClav\u00e9_Auditori_22<\/div>\t\t\t\t\t\t\t\t\t\t\t<\/div>\r\n\t\t\t\t<\/div>\r\n\r\n\t\t\t\t\t\t<div style=\"clear: both;\"><\/div><\/div><div class=\"slideshow_view\">\r\n\t\t\t\t<div class=\"slideshow_slide slideshow_slide_image\">\r\n\t\t\t\t\t\t\t\t\t\t\t<img src=\"https:\/\/projectes.xtec.cat\/ere\/wp-content\/uploads\/usu2534\/2024\/04\/BicentenariClave_Auditori_15-scaled.jpg\" alt=\"Imatge del concert del Bicentenari  Josep Anselm Clav\u00e9\" width=\"2560\" height=\"1707\" \/>\r\n\t\t\t\t\t\t\t\t\t\t<div class=\"slideshow_description_box slideshow_transparent\">\r\n\t\t\t\t\t\t<div class=\"slideshow_title\">BicentenariClav\u00e9_Auditori_15<\/div>\t\t\t\t\t\t\t\t\t\t\t<\/div>\r\n\t\t\t\t<\/div>\r\n\r\n\t\t\t\t\t\t<div style=\"clear: both;\"><\/div><\/div><div class=\"slideshow_view\">\r\n\t\t\t\t<div class=\"slideshow_slide slideshow_slide_image\">\r\n\t\t\t\t\t\t\t\t\t\t\t<img src=\"https:\/\/projectes.xtec.cat\/ere\/wp-content\/uploads\/usu2534\/2024\/04\/BicentenariClave_Auditori_29-scaled.jpg\" alt=\"Imatge del concert del Bicentenari  Josep Anselm Clav\u00e9\" width=\"2560\" height=\"1707\" \/>\r\n\t\t\t\t\t\t\t\t\t\t<div class=\"slideshow_description_box slideshow_transparent\">\r\n\t\t\t\t\t\t<div class=\"slideshow_title\">BicentenariClav\u00e9_Auditori_29<\/div>\t\t\t\t\t\t\t\t\t\t\t<\/div>\r\n\t\t\t\t<\/div>\r\n\r\n\t\t\t\t\t\t<div style=\"clear: both;\"><\/div><\/div><div class=\"slideshow_view\">\r\n\t\t\t\t<div class=\"slideshow_slide slideshow_slide_image\">\r\n\t\t\t\t\t\t\t\t\t\t\t<img src=\"https:\/\/projectes.xtec.cat\/ere\/wp-content\/uploads\/usu2534\/2024\/04\/BicentenariClave_Auditori_30-scaled.jpg\" alt=\"Imatge del concert del Bicentenari  Josep Anselm Clav\u00e9\" width=\"2560\" height=\"1707\" \/>\r\n\t\t\t\t\t\t\t\t\t\t<div class=\"slideshow_description_box slideshow_transparent\">\r\n\t\t\t\t\t\t<div class=\"slideshow_title\">BicentenariClav\u00e9_Auditori_30<\/div>\t\t\t\t\t\t\t\t\t\t\t<\/div>\r\n\t\t\t\t<\/div>\r\n\r\n\t\t\t\t\t\t<div style=\"clear: both;\"><\/div><\/div><div class=\"slideshow_view\">\r\n\t\t\t\t<div class=\"slideshow_slide slideshow_slide_image\">\r\n\t\t\t\t\t\t\t\t\t\t\t<img src=\"https:\/\/projectes.xtec.cat\/ere\/wp-content\/uploads\/usu2534\/2024\/04\/BicentenariClave_Auditori_4-scaled.jpg\" alt=\"Imatge del concert del Bicentenari  Josep Anselm Clav\u00e9\" width=\"2560\" height=\"1707\" \/>\r\n\t\t\t\t\t\t\t\t\t\t<div class=\"slideshow_description_box slideshow_transparent\">\r\n\t\t\t\t\t\t<div class=\"slideshow_title\">BicentenariClav\u00e9_Auditori_4<\/div>\t\t\t\t\t\t\t\t\t\t\t<\/div>\r\n\t\t\t\t<\/div>\r\n\r\n\t\t\t\t\t\t<div style=\"clear: both;\"><\/div><\/div><div class=\"slideshow_view\">\r\n\t\t\t\t<div class=\"slideshow_slide slideshow_slide_image\">\r\n\t\t\t\t\t\t\t\t\t\t\t<img src=\"https:\/\/projectes.xtec.cat\/ere\/wp-content\/uploads\/usu2534\/2024\/04\/BicentenariClave_Auditori_5-scaled.jpg\" alt=\"Imatge del concert del Bicentenari  Josep Anselm Clav\u00e9\" width=\"2560\" height=\"1707\" \/>\r\n\t\t\t\t\t\t\t\t\t\t<div class=\"slideshow_description_box slideshow_transparent\">\r\n\t\t\t\t\t\t<div class=\"slideshow_title\">BicentenariClav\u00e9_Auditori_5<\/div>\t\t\t\t\t\t\t\t\t\t\t<\/div>\r\n\t\t\t\t<\/div>\r\n\r\n\t\t\t\t\t\t<div style=\"clear: both;\"><\/div><\/div>\r\n\t\t<\/div>\r\n\r\n\t\t<div class=\"slideshow_controlPanel slideshow_transparent\" style=\"display: none;\"><ul><li class=\"slideshow_togglePlay\" data-play-text=\"Visualitza\" data-pause-text=\"Pausa\"><\/li><\/ul><\/div>\r\n\r\n\t\t<div class=\"slideshow_button slideshow_previous slideshow_transparent\" role=\"button\" data-previous-text=\"Anterior\" style=\"display: none;\"><\/div>\r\n\t\t<div class=\"slideshow_button slideshow_next slideshow_transparent\" role=\"button\" data-next-text=\"Seg\u00fcent\" style=\"display: none;\"><\/div>\r\n\r\n\t\t<div class=\"slideshow_pagination\" style=\"display: none;\" data-go-to-text=\"V\u00e9s a la diapositiva\"><div class=\"slideshow_pagination_center\"><\/div><\/div>\r\n\r\n\t\t<!-- WordPress Slideshow Version 2.3.1 -->\r\n\r\n\t\t\t<\/div>\r\n\r\n\n","protected":false},"excerpt":{"rendered":"<p><a href=\"https:\/\/projectes.xtec.cat\/ere\/wp-content\/uploads\/usu2534\/2024\/04\/CLAVE.jpg\"><\/a>Dissabte, 20 d&#8217;abril de 2024, va tenir lloc a l&#8217;Auditori de Barcelona el concert commemoratiu del bicentenari del naixement del compositor Josep Anselm Clav\u00e9. \u00c9s una iniciativa conjunta del Departament d&#8217;Educaci\u00f3 i la Federaci\u00f3 dels Cors de Clav\u00e9, en col\u00b7laboraci\u00f3 amb el Moviment Coral&hellip;  <a href=\"https:\/\/projectes.xtec.cat\/ere\/bicentenari-josep-anselm-clave\/\" title=\"Read Bicentenari Josep Anselm Clav\u00e9\">Llegeix m\u00e9s\u00bb<\/a><\/p>\n","protected":false},"author":1,"featured_media":0,"parent":0,"menu_order":0,"comment_status":"closed","ping_status":"closed","template":"","meta":{"_bbp_topic_count":0,"_bbp_reply_count":0,"_bbp_total_topic_count":0,"_bbp_total_reply_count":0,"_bbp_voice_count":0,"_bbp_anonymous_reply_count":0,"_bbp_topic_count_hidden":0,"_bbp_reply_count_hidden":0,"_bbp_forum_subforum_count":0,"footnotes":""},"class_list":["post-9927","page","type-page","status-publish","hentry"],"post_mailing_queue_ids":[],"_links":{"self":[{"href":"https:\/\/projectes.xtec.cat\/ere\/wp-json\/wp\/v2\/pages\/9927","targetHints":{"allow":["GET"]}}],"collection":[{"href":"https:\/\/projectes.xtec.cat\/ere\/wp-json\/wp\/v2\/pages"}],"about":[{"href":"https:\/\/projectes.xtec.cat\/ere\/wp-json\/wp\/v2\/types\/page"}],"author":[{"embeddable":true,"href":"https:\/\/projectes.xtec.cat\/ere\/wp-json\/wp\/v2\/users\/1"}],"replies":[{"embeddable":true,"href":"https:\/\/projectes.xtec.cat\/ere\/wp-json\/wp\/v2\/comments?post=9927"}],"version-history":[{"count":6,"href":"https:\/\/projectes.xtec.cat\/ere\/wp-json\/wp\/v2\/pages\/9927\/revisions"}],"predecessor-version":[{"id":9955,"href":"https:\/\/projectes.xtec.cat\/ere\/wp-json\/wp\/v2\/pages\/9927\/revisions\/9955"}],"wp:attachment":[{"href":"https:\/\/projectes.xtec.cat\/ere\/wp-json\/wp\/v2\/media?parent=9927"}],"curies":[{"name":"wp","href":"https:\/\/api.w.org\/{rel}","templated":true}]}}