{"id":806,"date":"2021-05-11T13:30:55","date_gmt":"2021-05-11T11:30:55","guid":{"rendered":"http:\/\/projectes.xtec.cat\/exelearning\/?page_id=806"},"modified":"2022-01-11T22:35:18","modified_gmt":"2022-01-11T21:35:18","slug":"formacio","status":"publish","type":"page","link":"https:\/\/projectes.xtec.cat\/exelearning\/formacio\/","title":{"rendered":"Formaci\u00f3"},"content":{"rendered":"<p><a href=\"https:\/\/projectes.xtec.cat\/exelearning\/wp-content\/uploads\/usu2529\/2021\/05\/ICONO_ODISSEA.png\"><img loading=\"lazy\" decoding=\"async\" class=\" wp-image-8405 alignleft\" src=\"https:\/\/projectes.xtec.cat\/exelearning\/wp-content\/uploads\/usu2529\/2021\/05\/ICONO_ODISSEA-300x280.png\" alt=\"\" width=\"109\" height=\"102\" srcset=\"https:\/\/projectes.xtec.cat\/exelearning\/wp-content\/uploads\/usu2529\/2021\/05\/ICONO_ODISSEA-300x280.png 300w, https:\/\/projectes.xtec.cat\/exelearning\/wp-content\/uploads\/usu2529\/2021\/05\/ICONO_ODISSEA.png 759w\" sizes=\"auto, (max-width: 109px) 100vw, 109px\" \/><\/a>Actualment, des del Departament d&#8217;Educaci\u00f3, dins de la formaci\u00f3 de l&#8217;\u00c0rea de Cultura Digital, s&#8217;ofereix formaci\u00f3 sobre <strong>eXeLearning<\/strong>.<\/p>\n<p>Es tracta de dues c\u00e0psules formatives i un nou curs telem\u00e0tic:<\/p>\n<p>&nbsp;<\/p>\n<ul>\n<li><a href=\"https:\/\/odissea.xtec.cat\/course\/view.php?id=101703\" target=\"_blank\" rel=\"noopener\">Kudi eXeLearning: Creaci\u00f3 i edici\u00f3 de materials educatius per a tothom<\/a><\/li>\n<li><a href=\"https:\/\/odissea.xtec.cat\/course\/view.php?id=101704\" target=\"_blank\" rel=\"noopener\">MacroKudi eXeLearning: Creaci\u00f3 i edici\u00f3 de materials educatius. A fons amb eXeLearning<\/a><\/li>\n<li class=\"coursename\"><span style=\"color: #0000ff;\"><span style=\"color: #000000;\"><strong>Creaci\u00f3 de Recursos Educatius Oberts amb eXeLearning <\/strong>(<a href=\"https:\/\/projectes.xtec.cat\/exelearning\/general\/nou-curs-telematic-de-45-hores-de-formacio\/\">informaci\u00f3 espec\u00edfica d&#8217;aquest nou curs<\/a>).<\/span><\/span><\/li>\n<\/ul>\n<p>La primera c\u00e0psula (KUDI) us permetr\u00e0 adquirir els coneixements b\u00e0sics per tal que pugueu realitzar els vostres recursos educatius digitals. Acreditareu 10 hores de formaci\u00f3.<\/p>\n<p>La segona (MACROKUDI) \u00e9s una mica m\u00e9s avan\u00e7ada i us permetr\u00e0 treure molt m\u00e9s profit dels recursos que ens proporciona eXeLearning. Acreditareu 15 hores. Els que ja conegueu l&#8217;eina podeu comen\u00e7ar per aquesta c\u00e0psula.<\/p>\n<p>Teniu la possibilitat de realitzar les dues c\u00e0psules com a participants d&#8217;un <strong>itinerari formatiu<\/strong> sobre eXeLearning. Aquesta modalitat us <strong>certificar\u00e0<\/strong> 25 hores de formaci\u00f3. Aquesta modalitat \u00e9s molt avantatjosa tant pel que fa a la visi\u00f3 completa de continguts com per la certificaci\u00f3 d&#8217;hores lectives.<\/p>\n<p>Aquestes c\u00e0psules estaran disponibles entre el 12 de gener i el 18 d&#8217;abril.<\/p>\n<p>Trobareu m\u00e9s informaci\u00f3 sobre els continguts o les modalitats formatives dintre de les c\u00e0psules.<\/p>\n<p><img loading=\"lazy\" decoding=\"async\" class=\"wp-image-8551 alignleft\" src=\"https:\/\/projectes.xtec.cat\/exelearning\/wp-content\/uploads\/usu2529\/2021\/10\/iconmonstr-warning-thin-240.png\" alt=\"\" width=\"37\" height=\"37\" srcset=\"https:\/\/projectes.xtec.cat\/exelearning\/wp-content\/uploads\/usu2529\/2021\/10\/iconmonstr-warning-thin-240.png 240w, https:\/\/projectes.xtec.cat\/exelearning\/wp-content\/uploads\/usu2529\/2021\/10\/iconmonstr-warning-thin-240-150x150.png 150w\" sizes=\"auto, (max-width: 37px) 100vw, 37px\" \/>Tota la formaci\u00f3 ha estat dissenyada i adaptada a la <a href=\"https:\/\/projectes.xtec.cat\/exelearning\/general\/ja-es-aqui-la-nova-versio-2-6-dexelearning\/\" target=\"_blank\" rel=\"noopener noreferrer\">nova versi\u00f3 d&#8217;eXeLearning 2.6<\/a><\/p>\n","protected":false},"excerpt":{"rendered":"<p><a href=\"https:\/\/projectes.xtec.cat\/exelearning\/wp-content\/uploads\/usu2529\/2021\/05\/ICONO_ODISSEA.png\"><\/a>Actualment, des del Departament d&#8217;Educaci\u00f3, dins de la formaci\u00f3 de l&#8217;\u00c0rea de Cultura Digital, s&#8217;ofereix formaci\u00f3 sobre eXeLearning.<br \/>\nEs tracta de dues c\u00e0psules formatives i un nou curs telem\u00e0tic:<br \/>\n&nbsp;<\/p>\n<ul>\n<li><a href=\"https:\/\/odissea.xtec.cat\/course\/view.php?id=101703\" target=\"_blank\" rel=\"noopener\">Kudi eXeLearning: Creaci\u00f3 i edici\u00f3 de materials educatius per a tothom<\/a><\/li>\n<li><a href=\"https:\/\/odissea.xtec.cat\/course\/view.php?id=101704\" target=\"_blank\" rel=\"noopener\">MacroKudi&hellip;  <a href=\"https:\/\/projectes.xtec.cat\/exelearning\/formacio\/\" title=\"Read Formaci\u00f3\">Llegeix m\u00e9s\u00bb<\/a><br \/>\n","protected":false},"author":1,"featured_media":0,"parent":0,"menu_order":0,"comment_status":"closed","ping_status":"closed","template":"","meta":{"_bbp_topic_count":0,"_bbp_reply_count":0,"_bbp_total_topic_count":0,"_bbp_total_reply_count":0,"_bbp_voice_count":0,"_bbp_anonymous_reply_count":0,"_bbp_topic_count_hidden":0,"_bbp_reply_count_hidden":0,"_bbp_forum_subforum_count":0,"footnotes":""},"class_list":["post-806","page","type-page","status-publish","hentry"],"post_mailing_queue_ids":[],"_links":{"self":[{"href":"https:\/\/projectes.xtec.cat\/exelearning\/wp-json\/wp\/v2\/pages\/806","targetHints":{"allow":["GET"]}}],"collection":[{"href":"https:\/\/projectes.xtec.cat\/exelearning\/wp-json\/wp\/v2\/pages"}],"about":[{"href":"https:\/\/projectes.xtec.cat\/exelearning\/wp-json\/wp\/v2\/types\/page"}],"author":[{"embeddable":true,"href":"https:\/\/projectes.xtec.cat\/exelearning\/wp-json\/wp\/v2\/users\/1"}],"replies":[{"embeddable":true,"href":"https:\/\/projectes.xtec.cat\/exelearning\/wp-json\/wp\/v2\/comments?post=806"}],"version-history":[{"count":4,"href":"https:\/\/projectes.xtec.cat\/exelearning\/wp-json\/wp\/v2\/pages\/806\/revisions"}],"predecessor-version":[{"id":8209,"href":"https:\/\/projectes.xtec.cat\/exelearning\/wp-json\/wp\/v2\/pages\/806\/revisions\/8209"}],"wp:attachment":[{"href":"https:\/\/projectes.xtec.cat\/exelearning\/wp-json\/wp\/v2\/media?parent=806"}],"curies":[{"name":"wp","href":"https:\/\/api.w.org\/{rel}","templated":true}]}}