{"id":8212,"date":"2021-03-22T09:00:58","date_gmt":"2021-03-22T08:00:58","guid":{"rendered":"https:\/\/projectes.xtec.cat\/families-digitals\/?page_id=8212"},"modified":"2021-03-26T03:11:03","modified_gmt":"2021-03-26T02:11:03","slug":"objectius","status":"publish","type":"page","link":"https:\/\/projectes.xtec.cat\/families-digitals\/objectius\/","title":{"rendered":"Presentaci\u00f3"},"content":{"rendered":"<p><img loading=\"lazy\" decoding=\"async\" class=\"alignright wp-image-8237\" src=\"https:\/\/projectes.xtec.cat\/families-digitals\/wp-content\/uploads\/usu2507\/2021\/03\/noves_realitats2.png\" alt=\"\" width=\"500\" height=\"332\" srcset=\"https:\/\/projectes.xtec.cat\/families-digitals\/wp-content\/uploads\/usu2507\/2021\/03\/noves_realitats2.png 900w, https:\/\/projectes.xtec.cat\/families-digitals\/wp-content\/uploads\/usu2507\/2021\/03\/noves_realitats2-300x199.png 300w, https:\/\/projectes.xtec.cat\/families-digitals\/wp-content\/uploads\/usu2507\/2021\/03\/noves_realitats2-768x510.png 768w\" sizes=\"auto, (max-width: 500px) 100vw, 500px\" \/>La pres\u00e8ncia de les tecnologies digitals a les nostres vides ha generat una <strong>nova realitat social i educativa<\/strong>, que ofereix a docents, alumnat i fam\u00edlies noves possibilitats de relacionar-se i aprendre.<\/p>\n<p>La <strong>compet\u00e8ncia digital<\/strong>, entesa com una compet\u00e8ncia clau del segle XXI, \u00e9s imprescindible i cal assegurar-ne la seva adquisici\u00f3 a tots els agents que confegeixen l\u2019ecosistema educatiu i comunitari.<\/p>\n<p>Cal que les fam\u00edlies, com a part important de la comunitat educativa, tinguin els <strong>recursos, les habilitats i compet\u00e8ncies<\/strong> necess\u00e0ries per garantir un <strong>acompanyament \u00f2ptim en el proc\u00e9s d\u2019aprenentatge d\u2019infants i joves.<\/strong><\/p>\n<p>Des del <strong>Pla d\u2019educaci\u00f3 digital de Catalunya 2020-23<\/strong> i el <strong>Pla de millora d\u2019oportunitats educatives<\/strong>, impulsats des del Departament d\u2019Educaci\u00f3, neix la iniciativa <strong>Fam\u00edlies digitals<\/strong> per facilitar l\u2019adquisici\u00f3 de la compet\u00e8ncia digital per part de les fam\u00edlies i donar resposta des de l\u2019acompanyament a les seves necessitats.<\/p>\n<p>&nbsp;<\/p>\n<p>&nbsp;<\/p>\n<p>&nbsp;<\/p>\n<p>&nbsp;<\/p>\n<p>&nbsp;<\/p>\n<hr \/>\n<p><span class=\"attribution\"><a href=\"https:\/\/storyset.com\">Illustration by Freepik Storyset<\/a><\/span><\/p>\n","protected":false},"excerpt":{"rendered":"<p>La pres\u00e8ncia de les tecnologies digitals a les nostres vides ha generat una nova realitat social i educativa, que ofereix a docents, alumnat i fam\u00edlies noves possibilitats de relacionar-se i aprendre.<br \/>\nLa compet\u00e8ncia digital, entesa com una compet\u00e8ncia clau del segle XXI, \u00e9s imprescindible i cal&hellip;  <a href=\"https:\/\/projectes.xtec.cat\/families-digitals\/objectius\/\" title=\"Read Presentaci\u00f3\">Llegeix m\u00e9s\u00bb<\/a><\/p>\n","protected":false},"author":2,"featured_media":0,"parent":0,"menu_order":0,"comment_status":"closed","ping_status":"closed","template":"","meta":{"footnotes":""},"class_list":["post-8212","page","type-page","status-publish","hentry"],"post_mailing_queue_ids":[],"_links":{"self":[{"href":"https:\/\/projectes.xtec.cat\/families-digitals\/wp-json\/wp\/v2\/pages\/8212","targetHints":{"allow":["GET"]}}],"collection":[{"href":"https:\/\/projectes.xtec.cat\/families-digitals\/wp-json\/wp\/v2\/pages"}],"about":[{"href":"https:\/\/projectes.xtec.cat\/families-digitals\/wp-json\/wp\/v2\/types\/page"}],"author":[{"embeddable":true,"href":"https:\/\/projectes.xtec.cat\/families-digitals\/wp-json\/wp\/v2\/users\/2"}],"replies":[{"embeddable":true,"href":"https:\/\/projectes.xtec.cat\/families-digitals\/wp-json\/wp\/v2\/comments?post=8212"}],"version-history":[{"count":4,"href":"https:\/\/projectes.xtec.cat\/families-digitals\/wp-json\/wp\/v2\/pages\/8212\/revisions"}],"predecessor-version":[{"id":8551,"href":"https:\/\/projectes.xtec.cat\/families-digitals\/wp-json\/wp\/v2\/pages\/8212\/revisions\/8551"}],"wp:attachment":[{"href":"https:\/\/projectes.xtec.cat\/families-digitals\/wp-json\/wp\/v2\/media?parent=8212"}],"curies":[{"name":"wp","href":"https:\/\/api.w.org\/{rel}","templated":true}]}}