{"id":8243,"date":"2021-03-22T13:18:09","date_gmt":"2021-03-22T12:18:09","guid":{"rendered":"https:\/\/projectes.xtec.cat\/families-digitals\/?page_id=8243"},"modified":"2021-07-16T07:15:35","modified_gmt":"2021-07-16T05:15:35","slug":"assessorar-i-capacitar-digitalment-a-les-families","status":"publish","type":"page","link":"https:\/\/projectes.xtec.cat\/families-digitals\/linies-dactuacio\/assessorar-i-capacitar-digitalment-a-les-families\/","title":{"rendered":"Assessorar i capacitar digitalment les fam\u00edlies"},"content":{"rendered":"\t\t\t\t\t\t<style>\r\n\t\t\t\t\r\n\t\t\t\t\t#tab_container_8312 {\r\n\toverflow:hidden;\r\n\tdisplay:block;\r\n\twidth:100%;\r\n\tborder:0px solid #ddd;\r\n\tmargin-bottom:30px;\r\n\t}\r\n\r\n#tab_container_8312 .tab-content{\r\n\tpadding:20px;\r\n\tborder: 1px solid #e6e6e6 !important;\r\n\tmargin-top: 0px;\r\n\tbackground-color:#ffffff !important;\r\n\tcolor: #000000 !important;\r\n\tfont-size:16px !important;\r\n\tfont-family: Arial !important;\r\n\t\r\n\t\tborder: 1px solid #e6e6e6 !important;\r\n\t}\r\n#tab_container_8312 .wpsm_nav-tabs {\r\n    border-bottom: 0px solid #ddd;\r\n}\r\n#tab_container_8312 .wpsm_nav-tabs > li.active > a, #tab_container_8312 .wpsm_nav-tabs > li.active > a:hover, #tab_container_8312 .wpsm_nav-tabs > li.active > a:focus {\r\n\tcolor: #000000 !important;\r\n\tcursor: default;\r\n\tbackground-color: #ffffff !important;\r\n\tborder: 1px solid #e6e6e6 !important;\r\n}\r\n\r\n#tab_container_8312 .wpsm_nav-tabs > li > a {\r\n    margin-right: 0px !important; \r\n    line-height: 1.42857143 !important;\r\n    border: 1px solid #d5d5d5 !important;\r\n    border-radius: 0px 0px 0 0 !important; \r\n\tbackground-color: #e8e8e8 !important;\r\n\tcolor: #bd0605 !important;\r\n\tpadding: 15px 18px 15px 18px !important;\r\n\ttext-decoration: none !important;\r\n\tfont-size: 18px !important;\r\n\ttext-align:center !important;\r\n\tfont-family: Arial !important;\r\n}\r\n#tab_container_8312 .wpsm_nav-tabs > li > a:focus {\r\noutline: 0px !important;\r\n}\r\n\r\n#tab_container_8312 .wpsm_nav-tabs > li > a:before {\r\n\tdisplay:none !important;\r\n}\r\n#tab_container_8312 .wpsm_nav-tabs > li > a:after {\r\n\tdisplay:none !important ;\r\n}\r\n#tab_container_8312 .wpsm_nav-tabs > li{\r\npadding:0px !important ;\r\nmargin:0px;\r\n}\r\n\r\n#tab_container_8312 .wpsm_nav-tabs > li > a:hover , #tab_container_8312 .wpsm_nav-tabs > li > a:focus {\r\n    color: #bd0605 !important;\r\n    background-color: #e8e8e8 !important;\r\n\tborder: 1px solid #d5d5d5 !important;\r\n\t\r\n}\r\n#tab_container_8312 .wpsm_nav-tabs > li > a .fa{\r\n\r\nmargin-right:5px !important;\r\n\r\nmargin-left:5px !important;\r\n\r\n\r\n}\r\n\r\n\t\t#tab_container_8312 .wpsm_nav-tabs a{\r\n\t\t\tbackground-image: none;\r\n\t\t\tbackground-position: 0 0;\r\n\t\t\tbackground-repeat: repeat-x;\r\n\t\t}\r\n\t\t\t\r\n\r\n\r\n#tab_container_8312 .wpsm_nav-tabs > li {\r\n    float: left;\r\n    margin-bottom: -1px !important;\r\n\tmargin-right:0px !important; \r\n}\r\n\r\n\r\n#tab_container_8312 .tab-content{\r\noverflow:hidden !important;\r\n}\r\n\r\n\r\n@media (min-width: 769px) {\r\n\r\n\t#tab_container_8312 .wpsm_nav-tabs > li{\r\n\t\tfloat:left !important ;\r\n\t\t\t\tmargin-right:-1px !important;\r\n\t\t\t\t\t}\r\n\t#tab_container_8312 .wpsm_nav-tabs{\r\n\t\tfloat:none !important;\r\n\t\tmargin:0px !important;\r\n\t}\r\n\r\n\t#tab_container_8312 .wpsm_nav-tabs > li {\r\n\t\t\t\t\r\n\t}\r\n\t#tab_container_8312 .wpsm_nav{\r\n\t\t\t}\r\n\r\n}\r\n\r\n\r\n\r\n@media (max-width: 768px) {\r\n\t#tab_container_8312 .wpsm_nav-tabs > li {\r\n\t\t\t\t\r\n\t}\r\n\t#tab_container_8312 .wpsm_nav{\r\n\t\t\t}\r\n}\r\n\r\n\r\n\t.wpsm_nav-tabs li:before{\r\n\t\tdisplay:none !important;\r\n\t}\r\n\r\n\t@media (max-width: 768px) {\r\n\t\t\t\t\r\n\t\t\t\t.wpsm_nav-tabs{\r\n\t\t\tmargin-left:0px !important;\r\n\t\t\tmargin-right:0px !important; \r\n\t\t\t\r\n\t\t}\r\n\t\t\t\t#tab_container_8312 .wpsm_nav-tabs > li{\r\n\t\t\tfloat:none !important;\r\n\t\t}\r\n\t\t\t\r\n\t}\t\t\t\t<\/style>\r\n\t\t\t\t<div id=\"tab_container_8312\" >\r\n\t \r\n\t\t\t\t\t<ul class=\"wpsm_nav wpsm_nav-tabs\" role=\"tablist\" id=\"myTab_8312\">\r\n\t\t\t\t\t\t\t\r\n\t\t\t\t\t\t\t<li role=\"presentation\"  class=\"active\"  onclick=\"do_resize()\">\r\n\r\n\t\t\t\t\t\t\t\t<!-- XTEC ************ MODIFICAT - Disable scrolling on tab change. Fixes error in option \"Tabs Description Animation\" -->\r\n\t\t\t\t\t\t\t\t<!-- 2021.12.01 @aginard -->\r\n\t\t\t\t\t\t\t\t<a href=\"javascript:void(0);\" aria-controls=\"tabs_desc_8312_1\" role=\"tab\" data-toggle=\"tab\" data-target=\"#tabs_desc_8312_1\">\r\n\t\t\t\t\t\t\t\t<!-- ORIGINAL\r\n\t\t\t\t\t\t\t\t<a href=\"#tabs_desc_8312_1\" aria-controls=\"tabs_desc_8312_1\" role=\"tab\" data-toggle=\"tab\">\r\n\t\t\t\t\t\t\t\t-->\r\n\t\t\t\t\t\t\t\t<!-- ************ FI -->\r\n\t\t\t\t\t\t\t\t\t\r\n\t\t\t\t\t\t\t\t\t\t\t\t\t\t\t\t\t\t\t\t\t\t\t\t\t\t\t\t\t\t\t\t\t\t\t\t\t\t\t\t\t\t\t\t\t\t\t\t\t\r\n\t\t\t\t\t\t\t\t\t\t\t\t\t\t\t\t\t\t\r\n\t\t\t\t\t\t\t\t\t<span>V\u00eddeos formatius<\/span>\r\n\t\t\t\t\t\t\t\t\t\r\n\t\t\t\t\t\t\t\t\t\t\t\t\t\t\t\t\t\t\r\n\t\t\t\t\t\t\t\t\t\t\t\t\t\t\t\t\t\t\t\t\r\n\t\t\t\t\t\t\t\t\t\r\n\t\t\t\t\t\t\t\t<\/a>\r\n\t\t\t\t\t\t\t<\/li>\r\n\t\t\t\t\t\t\t\r\n\t\t\t\t\t\t\t<li role=\"presentation\"  onclick=\"do_resize()\">\r\n\r\n\t\t\t\t\t\t\t\t<!-- XTEC ************ MODIFICAT - Disable scrolling on tab change. Fixes error in option \"Tabs Description Animation\" -->\r\n\t\t\t\t\t\t\t\t<!-- 2021.12.01 @aginard -->\r\n\t\t\t\t\t\t\t\t<a href=\"javascript:void(0);\" aria-controls=\"tabs_desc_8312_2\" role=\"tab\" data-toggle=\"tab\" data-target=\"#tabs_desc_8312_2\">\r\n\t\t\t\t\t\t\t\t<!-- ORIGINAL\r\n\t\t\t\t\t\t\t\t<a href=\"#tabs_desc_8312_2\" aria-controls=\"tabs_desc_8312_2\" role=\"tab\" data-toggle=\"tab\">\r\n\t\t\t\t\t\t\t\t-->\r\n\t\t\t\t\t\t\t\t<!-- ************ FI -->\r\n\t\t\t\t\t\t\t\t\t\r\n\t\t\t\t\t\t\t\t\t\t\t\t\t\t\t\t\t\t\t\t\t\t\t\t\t\t\t\t\t\t\t\t\t\t\t\t\t\t\t\t\t\t\t\t\t\t\t\t\t\r\n\t\t\t\t\t\t\t\t\t\t\t\t\t\t\t\t\t\t\r\n\t\t\t\t\t\t\t\t\t<span>Formaci\u00f3<\/span>\r\n\t\t\t\t\t\t\t\t\t\r\n\t\t\t\t\t\t\t\t\t\t\t\t\t\t\t\t\t\t\r\n\t\t\t\t\t\t\t\t\t\t\t\t\t\t\t\t\t\t\t\t\r\n\t\t\t\t\t\t\t\t\t\r\n\t\t\t\t\t\t\t\t<\/a>\r\n\t\t\t\t\t\t\t<\/li>\r\n\t\t\t\t\t\t\t\r\n\t\t\t\t\t\t\t<li role=\"presentation\"  onclick=\"do_resize()\">\r\n\r\n\t\t\t\t\t\t\t\t<!-- XTEC ************ MODIFICAT - Disable scrolling on tab change. Fixes error in option \"Tabs Description Animation\" -->\r\n\t\t\t\t\t\t\t\t<!-- 2021.12.01 @aginard -->\r\n\t\t\t\t\t\t\t\t<a href=\"javascript:void(0);\" aria-controls=\"tabs_desc_8312_3\" role=\"tab\" data-toggle=\"tab\" data-target=\"#tabs_desc_8312_3\">\r\n\t\t\t\t\t\t\t\t<!-- ORIGINAL\r\n\t\t\t\t\t\t\t\t<a href=\"#tabs_desc_8312_3\" aria-controls=\"tabs_desc_8312_3\" role=\"tab\" data-toggle=\"tab\">\r\n\t\t\t\t\t\t\t\t-->\r\n\t\t\t\t\t\t\t\t<!-- ************ FI -->\r\n\t\t\t\t\t\t\t\t\t\r\n\t\t\t\t\t\t\t\t\t\t\t\t\t\t\t\t\t\t\t\t\t\t\t\t\t\t\t\t\t\t\t\t\t\t\t\t\t\t\t\t\t\t\t\t\t\t\t\t\t\r\n\t\t\t\t\t\t\t\t\t\t\t\t\t\t\t\t\t\t\r\n\t\t\t\t\t\t\t\t\t<span>Acompanyament<\/span>\r\n\t\t\t\t\t\t\t\t\t\r\n\t\t\t\t\t\t\t\t\t\t\t\t\t\t\t\t\t\t\r\n\t\t\t\t\t\t\t\t\t\t\t\t\t\t\t\t\t\t\t\t\r\n\t\t\t\t\t\t\t\t\t\r\n\t\t\t\t\t\t\t\t<\/a>\r\n\t\t\t\t\t\t\t<\/li>\r\n\t\t\t\t\t\t\t\t\t\t\t <\/ul>\r\n\r\n\t\t\t\t\t  <!-- Tab panes -->\r\n\t\t\t\t\t  <div class=\"tab-content\" id=\"tab-content_8312\">\r\n\t\t\t\t\t\t\t\t\t\t\t\t <div role=\"tabpanel\" class=\"tab-pane  in active \" id=\"tabs_desc_8312_1\">\r\n\t\t\t\t\t\t\t\t<div class=\"row idiomes\" style=\"margin-bottom: 1em !important;\">\n<div class=\"small-12 large-3 text-center columns\"><div class=\"imatge_color\" style=border-top-color:#DF3133;height:50px>\r\n<div class='imatge_color_title'>\r\n<h3><a href='https:\/\/projectes.xtec.cat\/families-digitals\/linies-dactuacio\/assessorar-i-capacitar-digitalment-a-les-families\/videos-formatius\/catala\/'>Catal\u00e0<\/a><\/h3>\r\n<\/div><\/div><div class=\"imatge_color\" style=border-top-color:#68A225;height:50px>\r\n<div class='imatge_color_title'>\r\n<h3><a href='https:\/\/projectes.xtec.cat\/families-digitals\/linies-dactuacio\/assessorar-i-capacitar-digitalment-a-les-families\/videos-formatius\/castella-castellano\/'>Castellano<\/a><\/h3>\r\n<\/div><\/div><div class=\"imatge_color\" style=border-top-color:#005EB8;height:50px>\r\n<div class='imatge_color_title'>\r\n<h3><a href='https:\/\/projectes.xtec.cat\/families-digitals\/linies-dactuacio\/assessorar-i-capacitar-digitalment-a-les-families\/videos-formatius\/amazic\/'>Tamazight<\/a><\/h3>\r\n<\/div><\/div><div class=\"imatge_color\" style=border-top-color:#C651C7;height:50px>\r\n<div class='imatge_color_title'>\r\n<h3><a href='https:\/\/projectes.xtec.cat\/families-digitals\/linies-dactuacio\/assessorar-i-capacitar-digitalment-a-les-families\/videos-formatius\/arab\/'>\u0627\u0644\u0639\u0631\u0628\u064a\u0629 (\u00c0rab)<\/a><\/h3>\r\n<\/div><\/div><div class=\"imatge_color\" style=border-top-color:#FAD40F;height:50px>\r\n<div class='imatge_color_title'>\r\n<h3><a href='https:\/\/projectes.xtec.cat\/families-digitals\/linies-dactuacio\/assessorar-i-capacitar-digitalment-a-les-families\/videos-formatius\/angles-english\/'>English<\/a><\/h3>\r\n<\/div><\/div><div class=\"imatge_color\" style=border-top-color:#333;height:50px>\r\n<div class='imatge_color_title'>\r\n<h3><a href='https:\/\/projectes.xtec.cat\/families-digitals\/linies-dactuacio\/assessorar-i-capacitar-digitalment-a-les-families\/videos-formatius\/frances-francais\/'>Fran\u00e7ais<\/a><\/h3>\r\n<\/div><\/div><div class=\"imatge_color\" style=border-top-color:#EF6F25;height:50px>\r\n<div class='imatge_color_title'>\r\n<h3><a href='https:\/\/projectes.xtec.cat\/families-digitals\/linies-dactuacio\/assessorar-i-capacitar-digitalment-a-les-families\/videos-formatius\/italia-italiano\/'>Italiano<\/a><\/h3>\r\n<\/div><\/div><div class=\"imatge_color\" style=border-top-color:#68A225;height:50px>\r\n<div class='imatge_color_title'>\r\n<h3><a href='https:\/\/projectes.xtec.cat\/families-digitals\/linies-dactuacio\/assessorar-i-capacitar-digitalment-a-les-families\/videos-formatius\/panjabi'>\u0a2a\u0a70\u0a1c\u0a3e\u0a2c\u0a40 (Panjabi)<\/a><\/h3>\r\n<\/div><\/div><div class=\"imatge_color\" style=border-top-color:#C651C8;height:50px>\r\n<div class='imatge_color_title'>\r\n<h3><a href='https:\/\/projectes.xtec.cat\/families-digitals\/linies-dactuacio\/assessorar-i-capacitar-digitalment-a-les-families\/videos-formatius\/portugues-portugues\/'>Portugu\u00eas<\/a><\/h3>\r\n<\/div><\/div><div class=\"imatge_color\" style=border-top-color:#0494F7;height:50px>\r\n<div class='imatge_color_title'>\r\n<h3><a href='https:\/\/projectes.xtec.cat\/families-digitals\/linies-dactuacio\/assessorar-i-capacitar-digitalment-a-les-families\/videos-formatius\/romanes-romana\/'>Rom\u00e2ne\u015fte<\/a><\/h3>\r\n<\/div><\/div><div class=\"imatge_color\" style=border-top-color:#00A390;height:50px>\r\n<div class='imatge_color_title'>\r\n<h3><a href='https:\/\/projectes.xtec.cat\/families-digitals\/linies-dactuacio\/assessorar-i-capacitar-digitalment-a-les-families\/videos-formatius\/soninke\/'>Soninkan Xanne<\/a><\/h3>\r\n<\/div><\/div><div class=\"imatge_color\" style=border-top-color:#005EB8;height:50px>\r\n<div class='imatge_color_title'>\r\n<h3><a href='https:\/\/projectes.xtec.cat\/families-digitals\/linies-dactuacio\/assessorar-i-capacitar-digitalment-a-les-families\/videos-formatius\/urdu\/'>\u0627\u064f\u0631\u062f\u064f\u0648 (Urd\u00fa)<\/a><\/h3>\r\n<\/div><\/div><div class=\"imatge_color\" style=border-top-color:#DF3133;height:50px>\r\n<div class='imatge_color_title'>\r\n<h3><a href='https:\/\/projectes.xtec.cat\/families-digitals\/linies-dactuacio\/assessorar-i-capacitar-digitalment-a-les-families\/videos-formatius\/xines-mandari\/'>\u4e2d\u6587 (Xin\u00e8s Mandar\u00ed)<\/a><\/h3>\r\n<\/div><\/div><div class=\"imatge_color\" style=border-top-color:#C651C7;height:50px>\r\n<div class='imatge_color_title'>\r\n<h3><a href='https:\/\/projectes.xtec.cat\/families-digitals\/linies-dactuacio\/assessorar-i-capacitar-digitalment-a-les-families\/videos-formatius\/aranes-aranes\/'>Aran\u00e9s<\/a><\/h3>\r\n<\/div><\/div><\/div>\n<div><\/div>\n<div class=\"small-12 large-9 text-center columns\">\n<p><iframe loading=\"lazy\" src=\"https:\/\/www.youtube.com\/embed\/Cz3pG5RNQ_c\" width=\"560\" height=\"315\" frameborder=\"0\"><\/iframe><iframe loading=\"lazy\" src=\"https:\/\/www.youtube.com\/embed\/XLb1tL38AVM\" width=\"560\" height=\"315\" frameborder=\"0\"><\/iframe><\/p>\n<p><iframe loading=\"lazy\" src=\"https:\/\/www.youtube.com\/embed\/d45uGoAUdz8\" width=\"560\" height=\"315\" frameborder=\"0\"><\/iframe><\/p>\n<\/div>\n<\/div>\n\t\t\t\t\t\t <\/div>\r\n\t\t\t\t\t\t\t\t\t\t\t\t <div role=\"tabpanel\" class=\"tab-pane \" id=\"tabs_desc_8312_2\">\r\n\t\t\t\t\t\t\t\t<p><span style=\"font-weight: 400; color: #808080;\">La formaci\u00f3 per garantir un acompanyament \u00f2ptim de les fam\u00edlies als infants i joves ha de girar entorn dos eixos diferents: d\u2019una banda, major compet\u00e8ncia digital en relaci\u00f3 amb les plataformes d\u2019aprenentatge que fa servir l\u2019alumnat, que han pres una import\u00e0ncia fonamental en el proc\u00e9s d\u2019ensenyament-aprenentatge; i per altra banda, les eines de seguiment de l\u2019escolaritzaci\u00f3 a casa (motivaci\u00f3, planificaci\u00f3, estudi efica\u00e7\u2026).<\/span><\/p>\n<p><span style=\"font-weight: 400; color: #808080;\">En aquesta l\u00ednia, s\u2019estan elaborant uns itineraris formatius en relaci\u00f3 amb les habilitats parentals i la compet\u00e8ncia digital, aix\u00ed com accions de suport i orientaci\u00f3 a les fam\u00edlies.<\/span><\/p>\n<p><span style=\"color: #808080;\">Objectius generals de la formaci\u00f3:<\/span><\/p>\n<ul>\n<li style=\"list-style-type: none;\">\n<ul>\n<li style=\"list-style-type: none;\">\n<ul>\n<li style=\"list-style-type: none;\">\n<ul style=\"list-style-type: disc;\">\n<li><span style=\"color: #808080;\">Aprendre a acompanyar els fills i filles en el proc\u00e9s d\u2019aprenentatge en l\u00ednia.<\/span><\/li>\n<li><span style=\"color: #808080;\">Con\u00e8ixer i aprendre a fer servir eines per fer aquest acompanyament.<\/span><\/li>\n<li><span style=\"color: #808080;\">Con\u00e8ixer els canals de comunicaci\u00f3 amb l\u2019escola.<\/span><\/li>\n<\/ul>\n<\/li>\n<p><span style=\"color: #808080;\">Modalitats de formaci\u00f3:<\/span><\/p>\n<ul>\n<li style=\"list-style-type: none;\">\n<ul>\n<li style=\"list-style-type: none;\">\n<ul>\n<li style=\"list-style-type: none;\">\n<ul>\n<li style=\"list-style-type: none;\">\n<ul style=\"list-style-type: disc;\">\n<li><span style=\"color: #808080;\">Cursos en l\u00ednia autoformatius<\/span><\/li>\n<li><span style=\"color: #808080;\">Formacions presencials als centres educatius<\/span><\/li>\n<li><span style=\"color: #808080;\">C\u00e0psules formatives de curta durada<\/span><\/li>\n<\/ul>\n<\/li>\n<\/ul>\n<p><a href=\"https:\/\/projectes.xtec.cat\/families-digitals\/wp-content\/uploads\/usu2507\/2021\/03\/birret_2-1-e1616753311764.png\"><img loading=\"lazy\" decoding=\"async\" class=\"alignright wp-image-8590 size-medium\" src=\"https:\/\/projectes.xtec.cat\/families-digitals\/wp-content\/uploads\/usu2507\/2021\/03\/birret_2-1-300x189.png\" alt=\"\" width=\"300\" height=\"189\" \/><\/a><\/p>\n<hr \/>\n<p><span class=\"attribution\"><a href=\"https:\/\/storyset.com\">Illustration by Freepik Storyset (adaptaci\u00f3)<\/a><\/span><\/li>\n\t\t\t\t\t\t <\/div>\r\n\t\t\t\t\t\t\t\t\t\t\t\t <div role=\"tabpanel\" class=\"tab-pane \" id=\"tabs_desc_8312_3\">\r\n\t\t\t\t\t\t\t\t<p>La realitat de les fam\u00edlies \u00e9s diversa pel que fa a coneixements, habilitats i destreses a l'hora d'acompanyar als fills i filles al llarg de la seva escolaritzaci\u00f3. El grau de compet\u00e8ncia de les fam\u00edlies condiciona i t\u00e9 un gran impacte en el rendiment escolar dels infants i joves i, sobretot, en les seves expectatives de futur. Establir mecanismes per assessorar a les fam\u00edlies en l'ajuda a la planificaci\u00f3 de la feina, en la motivaci\u00f3 per fomentar la cultura de l'esfor\u00e7, en el seguiment de les seves tasques escolars, en promoure l'establiment d'una relaci\u00f3 constant i constructiva amb el tutor\/a, en el domini d\u2019habilitats digitals en el desenvolupament de tasques educatives... esdevenen clau per garantir l\u2019acompanyament \u00f2ptim als infants i joves i requereixen unes estrat\u00e8gies que les fam\u00edlies \u00e9s necessari que les coneguin.<\/p>\n<p>L'acompanyament a les fam\u00edlies \u00e9s un dels pilars b\u00e0sics d'aquest projecte. Per dur a terme les accions referents a la formaci\u00f3 i assessorament, \u00e9s imprescindible fer un acompanyament efectiu per garantir un proc\u00e9s d'adquisici\u00f3 d\u2019aquestes estrat\u00e8gies el m\u00e9s \u00f2ptim possible.<\/p>\n<p>D'aquesta manera, totes les accions i materials formatius comptaran amb la difusi\u00f3 necess\u00e0ria perqu\u00e8 aquelles institucions, entitats socials i associacions, amb les acreditacions corresponents, en puguin fer un \u00fas lliure adaptant tots els recursos a les seves necessitats i realitats.<\/p>\n<p><img loading=\"lazy\" decoding=\"async\" class=\"alignnone wp-image-8339 size-medium\" src=\"https:\/\/projectes.xtec.cat\/families-digitals\/wp-content\/uploads\/usu2507\/2021\/03\/Captura-de-Pantalla-2021-03-24-a-les-13.53.56-300x178.png\" alt=\"\" width=\"300\" height=\"178\" srcset=\"https:\/\/projectes.xtec.cat\/families-digitals\/wp-content\/uploads\/usu2507\/2021\/03\/Captura-de-Pantalla-2021-03-24-a-les-13.53.56-300x178.png 300w, https:\/\/projectes.xtec.cat\/families-digitals\/wp-content\/uploads\/usu2507\/2021\/03\/Captura-de-Pantalla-2021-03-24-a-les-13.53.56-768x457.png 768w, https:\/\/projectes.xtec.cat\/families-digitals\/wp-content\/uploads\/usu2507\/2021\/03\/Captura-de-Pantalla-2021-03-24-a-les-13.53.56-1024x609.png 1024w, https:\/\/projectes.xtec.cat\/families-digitals\/wp-content\/uploads\/usu2507\/2021\/03\/Captura-de-Pantalla-2021-03-24-a-les-13.53.56.png 1832w\" sizes=\"auto, (max-width: 300px) 100vw, 300px\" \/><\/p>\n\t\t\t\t\t\t <\/div>\r\n\t\t\t\t\t\t\t\r\n\t\t\t\t\t <\/div>\r\n\t\t\t\t\t \r\n\t\t\t\t <\/div>\r\n <script>\r\n\t\tjQuery(function () {\r\n\t\t\tjQuery('#myTab_8312 a:first').tab('show')\r\n\t\t});\r\n\t\t\r\n\t\t\t\tjQuery(function(){\r\n\t\t\tvar b=\"fadeIn\";\r\n\t\t\tvar c;\r\n\t\t\tvar a;\r\n\t\t\td(jQuery(\"#myTab_8312 a\"),jQuery(\"#tab-content_8312\"));function d(e,f,g){\r\n\t\t\t\te.click(function(i){\r\n\t\t\t\t\ti.preventDefault();\r\n\t\t\t\t\tjQuery(this).tab(\"show\");\r\n\t\t\t\t\tvar h=jQuery(this).data(\"easein\");\r\n\t\t\t\t\tif(c){c.removeClass(a);}\r\n\t\t\t\t\tif(h){f.find(\"div.active\").addClass(\"animated \"+h);a=h;}\r\n\t\t\t\t\telse{if(g){f.find(\"div.active\").addClass(\"animated \"+g);a=g;}else{f.find(\"div.active\").addClass(\"animated \"+b);a=b;}}c=f.find(\"div.active\");\r\n\t\t\t\t});\r\n\t\t\t}\r\n\t\t});\r\n\t\t\r\n\r\n\t\tfunction do_resize(){\r\n\r\n\t\t\tvar width=jQuery( '.tab-content .tab-pane iframe' ).width();\r\n\t\t\tvar height=jQuery( '.tab-content .tab-pane iframe' ).height();\r\n\r\n\t\t\tvar toggleSize = true;\r\n\t\t\tjQuery('iframe').animate({\r\n\t\t\t    width: toggleSize ? width : 640,\r\n\t\t\t    height: toggleSize ? height : 360\r\n\t\t\t  }, 250);\r\n\r\n\t\t\t  toggleSize = !toggleSize;\r\n\t\t}\r\n\r\n\r\n\t<\/script>\r\n\t\t\t\t\r\n\t\t\t\n","protected":false},"excerpt":{"rendered":"","protected":false},"author":2,"featured_media":0,"parent":8215,"menu_order":10,"comment_status":"closed","ping_status":"closed","template":"page-templates\/side-menu.php","meta":{"footnotes":""},"class_list":["post-8243","page","type-page","status-publish","hentry"],"post_mailing_queue_ids":[],"_links":{"self":[{"href":"https:\/\/projectes.xtec.cat\/families-digitals\/wp-json\/wp\/v2\/pages\/8243","targetHints":{"allow":["GET"]}}],"collection":[{"href":"https:\/\/projectes.xtec.cat\/families-digitals\/wp-json\/wp\/v2\/pages"}],"about":[{"href":"https:\/\/projectes.xtec.cat\/families-digitals\/wp-json\/wp\/v2\/types\/page"}],"author":[{"embeddable":true,"href":"https:\/\/projectes.xtec.cat\/families-digitals\/wp-json\/wp\/v2\/users\/2"}],"replies":[{"embeddable":true,"href":"https:\/\/projectes.xtec.cat\/families-digitals\/wp-json\/wp\/v2\/comments?post=8243"}],"version-history":[{"count":3,"href":"https:\/\/projectes.xtec.cat\/families-digitals\/wp-json\/wp\/v2\/pages\/8243\/revisions"}],"predecessor-version":[{"id":8729,"href":"https:\/\/projectes.xtec.cat\/families-digitals\/wp-json\/wp\/v2\/pages\/8243\/revisions\/8729"}],"up":[{"embeddable":true,"href":"https:\/\/projectes.xtec.cat\/families-digitals\/wp-json\/wp\/v2\/pages\/8215"}],"wp:attachment":[{"href":"https:\/\/projectes.xtec.cat\/families-digitals\/wp-json\/wp\/v2\/media?parent=8243"}],"curies":[{"name":"wp","href":"https:\/\/api.w.org\/{rel}","templated":true}]}}