{"id":8461,"date":"2021-03-26T01:26:00","date_gmt":"2021-03-26T00:26:00","guid":{"rendered":"https:\/\/projectes.xtec.cat\/families-digitals\/?page_id=8461"},"modified":"2021-03-26T01:26:37","modified_gmt":"2021-03-26T00:26:37","slug":"acompanyament","status":"publish","type":"page","link":"https:\/\/projectes.xtec.cat\/families-digitals\/linies-dactuacio\/assessorar-i-capacitar-digitalment-a-les-families\/acompanyament\/","title":{"rendered":"Acompanyament"},"content":{"rendered":"<p>La realitat de les fam\u00edlies \u00e9s diversa pel que fa a coneixements, habilitats i destreses a l&#8217;hora d&#8217;acompanyar als fills i filles al llarg de la seva escolaritzaci\u00f3. El grau de compet\u00e8ncia de les fam\u00edlies condiciona i t\u00e9 un gran impacte en el rendiment escolar dels infants i joves i, sobretot, en les seves expectatives de futur. Establir mecanismes per assessorar a les fam\u00edlies en l&#8217;ajuda a la planificaci\u00f3 de la feina, en la motivaci\u00f3 per fomentar la cultura de l&#8217;esfor\u00e7, en el seguiment de les seves tasques escolars, en promoure l&#8217;establiment d&#8217;una relaci\u00f3 constant i constructiva amb el tutor\/a, en el domini d\u2019habilitats digitals en el desenvolupament de tasques educatives&#8230; esdevenen clau per garantir l\u2019acompanyament \u00f2ptim als infants i joves i requereixen unes estrat\u00e8gies que les fam\u00edlies \u00e9s necessari que les coneguin.<\/p>\n<p>L&#8217;acompanyament a les fam\u00edlies \u00e9s un dels pilars b\u00e0sics d&#8217;aquest projecte. Per dur a terme les accions referents a la formaci\u00f3 i assessorament, \u00e9s imprescindible fer un acompanyament efectiu per garantir un proc\u00e9s d&#8217;adquisici\u00f3 d\u2019aquestes estrat\u00e8gies el m\u00e9s \u00f2ptim possible.<\/p>\n<p>D&#8217;aquesta manera, totes les accions i materials formatius comptaran amb la difusi\u00f3 necess\u00e0ria perqu\u00e8 aquelles institucions, entitats socials i associacions, amb les acreditacions corresponents, en puguin fer un \u00fas lliure adaptant tots els recursos a les seves necessitats i realitats.<\/p>\n<p><img loading=\"lazy\" decoding=\"async\" class=\"alignnone wp-image-8339 size-medium\" src=\"https:\/\/projectes.xtec.cat\/families-digitals\/wp-content\/uploads\/usu2507\/2021\/03\/Captura-de-Pantalla-2021-03-24-a-les-13.53.56-300x178.png\" alt=\"\" width=\"300\" height=\"178\" srcset=\"https:\/\/projectes.xtec.cat\/families-digitals\/wp-content\/uploads\/usu2507\/2021\/03\/Captura-de-Pantalla-2021-03-24-a-les-13.53.56-300x178.png 300w, https:\/\/projectes.xtec.cat\/families-digitals\/wp-content\/uploads\/usu2507\/2021\/03\/Captura-de-Pantalla-2021-03-24-a-les-13.53.56-768x457.png 768w, https:\/\/projectes.xtec.cat\/families-digitals\/wp-content\/uploads\/usu2507\/2021\/03\/Captura-de-Pantalla-2021-03-24-a-les-13.53.56-1024x609.png 1024w, https:\/\/projectes.xtec.cat\/families-digitals\/wp-content\/uploads\/usu2507\/2021\/03\/Captura-de-Pantalla-2021-03-24-a-les-13.53.56.png 1832w\" sizes=\"auto, (max-width: 300px) 100vw, 300px\" \/><\/p>\n","protected":false},"excerpt":{"rendered":"<p>La realitat de les fam\u00edlies \u00e9s diversa pel que fa a coneixements, habilitats i destreses a l&#8217;hora d&#8217;acompanyar als fills i filles al llarg de la seva escolaritzaci\u00f3. El grau de compet\u00e8ncia de les fam\u00edlies condiciona i t\u00e9 un gran impacte en el rendiment escolar&hellip;  <a href=\"https:\/\/projectes.xtec.cat\/families-digitals\/linies-dactuacio\/assessorar-i-capacitar-digitalment-a-les-families\/acompanyament\/\" title=\"Read Acompanyament\">Llegeix m\u00e9s\u00bb<\/a><\/p>\n","protected":false},"author":2,"featured_media":0,"parent":8243,"menu_order":30,"comment_status":"closed","ping_status":"closed","template":"page-templates\/side-menu.php","meta":{"footnotes":""},"class_list":["post-8461","page","type-page","status-publish","hentry"],"post_mailing_queue_ids":[],"_links":{"self":[{"href":"https:\/\/projectes.xtec.cat\/families-digitals\/wp-json\/wp\/v2\/pages\/8461","targetHints":{"allow":["GET"]}}],"collection":[{"href":"https:\/\/projectes.xtec.cat\/families-digitals\/wp-json\/wp\/v2\/pages"}],"about":[{"href":"https:\/\/projectes.xtec.cat\/families-digitals\/wp-json\/wp\/v2\/types\/page"}],"author":[{"embeddable":true,"href":"https:\/\/projectes.xtec.cat\/families-digitals\/wp-json\/wp\/v2\/users\/2"}],"replies":[{"embeddable":true,"href":"https:\/\/projectes.xtec.cat\/families-digitals\/wp-json\/wp\/v2\/comments?post=8461"}],"version-history":[{"count":2,"href":"https:\/\/projectes.xtec.cat\/families-digitals\/wp-json\/wp\/v2\/pages\/8461\/revisions"}],"predecessor-version":[{"id":8463,"href":"https:\/\/projectes.xtec.cat\/families-digitals\/wp-json\/wp\/v2\/pages\/8461\/revisions\/8463"}],"up":[{"embeddable":true,"href":"https:\/\/projectes.xtec.cat\/families-digitals\/wp-json\/wp\/v2\/pages\/8243"}],"wp:attachment":[{"href":"https:\/\/projectes.xtec.cat\/families-digitals\/wp-json\/wp\/v2\/media?parent=8461"}],"curies":[{"name":"wp","href":"https:\/\/api.w.org\/{rel}","templated":true}]}}