{"id":8503,"date":"2021-03-26T02:11:28","date_gmt":"2021-03-26T01:11:28","guid":{"rendered":"https:\/\/projectes.xtec.cat\/families-digitals\/?page_id=8503"},"modified":"2021-03-26T02:58:05","modified_gmt":"2021-03-26T01:58:05","slug":"web-de-centre","status":"publish","type":"page","link":"https:\/\/projectes.xtec.cat\/families-digitals\/linies-dactuacio\/millorar-la-comunicacio-i-participacio-digital-de-la-comunitat-educativa\/web-de-centre\/","title":{"rendered":"Web de centre"},"content":{"rendered":"<p><a href=\"https:\/\/agora.xtec.cat\/nodes\/\"><strong>NODES<\/strong><\/a> \u00e9s un servei del Departament d\u2019Educaci\u00f3 que proporciona un web amb funcionalitats avan\u00e7ades per als centres educatius de Catalunya. M\u00e9s de 2200 centres fan servir Nodes com a plataforma de difusi\u00f3, per\u00f2 es pret\u00e9n ampliar les funcionalitats per afavorir la comunicaci\u00f3 (bidireccional) entre l&#8217;escola i les fam\u00edlies.<\/p>\n<p><img loading=\"lazy\" decoding=\"async\" class=\"wp-image-8539 aligncenter\" src=\"https:\/\/projectes.xtec.cat\/families-digitals\/wp-content\/uploads\/usu2507\/2021\/03\/Mobile-UX-pana-1024x1024.png\" alt=\"\" width=\"483\" height=\"483\" srcset=\"https:\/\/projectes.xtec.cat\/families-digitals\/wp-content\/uploads\/usu2507\/2021\/03\/Mobile-UX-pana-1024x1024.png 1024w, https:\/\/projectes.xtec.cat\/families-digitals\/wp-content\/uploads\/usu2507\/2021\/03\/Mobile-UX-pana-150x150.png 150w, https:\/\/projectes.xtec.cat\/families-digitals\/wp-content\/uploads\/usu2507\/2021\/03\/Mobile-UX-pana-300x300.png 300w, https:\/\/projectes.xtec.cat\/families-digitals\/wp-content\/uploads\/usu2507\/2021\/03\/Mobile-UX-pana-768x768.png 768w, https:\/\/projectes.xtec.cat\/families-digitals\/wp-content\/uploads\/usu2507\/2021\/03\/Mobile-UX-pana.png 2000w\" sizes=\"auto, (max-width: 483px) 100vw, 483px\" \/><\/p>\n<hr>\n<p><span class=\"attribution\"><a href=\"https:\/\/storyset.com\/user\">Illustration by Freepik Storyset<\/a><\/span><\/p>\n","protected":false},"excerpt":{"rendered":"<p><a href=\"https:\/\/agora.xtec.cat\/nodes\/\">NODES<\/a> \u00e9s un servei del Departament d\u2019Educaci\u00f3 que proporciona un web amb funcionalitats avan\u00e7ades per als centres educatius de Catalunya. M\u00e9s de 2200 centres fan servir Nodes com a plataforma de difusi\u00f3, per\u00f2 es pret\u00e9n ampliar les funcionalitats per afavorir la comunicaci\u00f3 (bidireccional) entre&hellip;  <a href=\"https:\/\/projectes.xtec.cat\/families-digitals\/linies-dactuacio\/millorar-la-comunicacio-i-participacio-digital-de-la-comunitat-educativa\/web-de-centre\/\" title=\"Read Web de centre\">Llegeix m\u00e9s\u00bb<\/a><\/p>\n","protected":false},"author":2,"featured_media":0,"parent":8245,"menu_order":10,"comment_status":"closed","ping_status":"closed","template":"page-templates\/side-menu.php","meta":{"footnotes":""},"class_list":["post-8503","page","type-page","status-publish","hentry"],"post_mailing_queue_ids":[],"_links":{"self":[{"href":"https:\/\/projectes.xtec.cat\/families-digitals\/wp-json\/wp\/v2\/pages\/8503","targetHints":{"allow":["GET"]}}],"collection":[{"href":"https:\/\/projectes.xtec.cat\/families-digitals\/wp-json\/wp\/v2\/pages"}],"about":[{"href":"https:\/\/projectes.xtec.cat\/families-digitals\/wp-json\/wp\/v2\/types\/page"}],"author":[{"embeddable":true,"href":"https:\/\/projectes.xtec.cat\/families-digitals\/wp-json\/wp\/v2\/users\/2"}],"replies":[{"embeddable":true,"href":"https:\/\/projectes.xtec.cat\/families-digitals\/wp-json\/wp\/v2\/comments?post=8503"}],"version-history":[{"count":3,"href":"https:\/\/projectes.xtec.cat\/families-digitals\/wp-json\/wp\/v2\/pages\/8503\/revisions"}],"predecessor-version":[{"id":8541,"href":"https:\/\/projectes.xtec.cat\/families-digitals\/wp-json\/wp\/v2\/pages\/8503\/revisions\/8541"}],"up":[{"embeddable":true,"href":"https:\/\/projectes.xtec.cat\/families-digitals\/wp-json\/wp\/v2\/pages\/8245"}],"wp:attachment":[{"href":"https:\/\/projectes.xtec.cat\/families-digitals\/wp-json\/wp\/v2\/media?parent=8503"}],"curies":[{"name":"wp","href":"https:\/\/api.w.org\/{rel}","templated":true}]}}